{"id":275,"date":"2019-02-26T11:04:34","date_gmt":"2019-02-26T04:04:34","guid":{"rendered":"https:\/\/tppone.com\/demo\/dichvubaove\/?page_id=275"},"modified":"2019-02-26T12:58:32","modified_gmt":"2019-02-26T05:58:32","slug":"chinh-sach-chat-luong","status":"publish","type":"page","link":"https:\/\/themex.myonter.com\/dichvubaove\/chinh-sach-chat-luong\/","title":{"rendered":"Ch\u00ednh s\u00e1ch ch\u1ea5t l\u01b0\u1ee3ng"},"content":{"rendered":"<div class=\"page-header\">\n<h2>CH\u00cdNH S\u00c1CH CH\u1ea4T L\u01af\u1ee2NG D\u1ecaCH V\u1ee4<\/h2>\n<\/div>\n<div>\n<p>C\u00f4ng Ty D\u1ecbch V\u1ee5 B\u1ea3o V\u1ec7 Ng\u00e0y &amp; \u0110\u00eam cam k\u1ebft v\u1edbi kh\u00e1ch h\u00e0ng x\u00e2y d\u1ef1ng l\u1ef1c l\u01b0\u1ee3ng b\u1ea3o v\u1ec7:<\/p>\n<h3><strong>1. Chuy\u00ean Nghi\u1ec7p<\/strong><\/h3>\n<p>&#8211; \u0110\u00e0o t\u1ea1o l\u1ef1c l\u01b0\u1ee3ng b\u1ea3o v\u1ec7 chuy\u00ean nghi\u1ec7p c\u00f3 ph\u1ea9m ch\u1ea5t t\u1ed1t, nghi\u1ec7p v\u1ee5 gi\u1ecfi.<\/p>\n<p>&#8211; S\u1eed d\u1ee5ng c\u00e1c thi\u1ebft b\u1ecb an ninh hi\u1ec7n \u0111\u1ea1i ph\u00f9 h\u1ee3p trong th\u1ef1c thi cung c\u1ea5p d\u1ecbch v\u1ee5 b\u1ea3o v\u1ec7.<\/p>\n<p>&#8211; \u00c1p d\u1ee5ng v\u00e0 duy tr\u00ec h\u1ec7 th\u1ed1ng qu\u1ea3n l\u200e\u00ed ch\u1ea5t l\u01b0\u1ee3ng d\u1ecbch v\u1ee5 ph\u00f9 h\u1ee3p v\u1edbi ti\u00eau chu\u1ea9n\u00a0<strong>ISO 9001:2015<\/strong>\u00a0v\u00e0 tr\u00e1ch nhi\u1ec7m x\u00e3 h\u1ed9i ph\u00f9 h\u1ee3p v\u1edbi ti\u00eau chu\u1ea9n SA 8000.<\/p>\n<h3><strong>2. Hi\u1ec7u Qu\u1ea3<\/strong><\/h3>\n<p>&#8211; Cung c\u1ea5p c\u00e1c gi\u1ea3i ph\u00e1p t\u1ed1i \u01b0u, ph\u00f9 h\u1ee3p nh\u1ea5t \u0111\u1ec3 \u0111\u1ea3m b\u1ea3o an ninh, an to\u00e0n cho kh\u00e1ch h\u00e0ng.<\/p>\n<p>&#8211; C\u00f9ng t\u1ea1o ra gi\u00e1 tr\u1ecb gia t\u0103ng th\u1ef1c s\u1ef1 trong ho\u1ea1t \u0111\u1ed9ng kinh doanh c\u1ee7a kh\u00e1ch h\u00e0ng.<\/p>\n<p>&#8211; G\u00f3p ph\u1ea7n t\u1ea1o m\u00f4i tr\u01b0\u1eddng l\u00e0m vi\u1ec7c chuy\u00ean nghi\u1ec7p v\u00e0 v\u0103n h\u00f3a t\u1ed1t nh\u1ea5t cho kh\u00e1ch h\u00e0ng.<\/p>\n<h3><strong>3. T\u1eadn T\u1ee5y<\/strong><\/h3>\n<p>&#8211; Th\u1ecfa m\u00e3n m\u1ecdi y\u00eau c\u1ea7u h\u1ee3p l\u200e\u00fd c\u1ee7a kh\u00e1ch h\u00e0ng.<\/p>\n<p>&#8211; Gi\u1ea3i quy\u1ebft nhanh ch\u00f3ng nh\u1eefng s\u1ef1 vi\u1ec7c x\u1ea3y ra gi\u1ea3m t\u1ed1i \u0111a thi\u1ec7t h\u1ea1i cho kh\u00e1ch h\u00e0ng v\u00e0 x\u00e3 h\u1ed9i.<\/p>\n<p>&#8211; S\u1eb5n s\u00e0ng gi\u00fap \u0111\u1ee1 kh\u00e1ch h\u00e0ng khi c\u1ea7n thi\u1ebft ho\u1eb7c \u0111\u01b0\u1ee3c y\u00eau c\u1ea7u ph\u00f9 h\u1ee3p.<\/p>\n<\/div>\n\t<section class=\"section dich-vu\" id=\"section_1323115373\">\n\t\t<div class=\"bg section-bg fill bg-fill  \" >\n\n\t\t\t\n\t\t\t\n\t\t\t\n\n\t\t<\/div>\n\n\t\t<div class=\"section-content relative\">\n\t\t\t\n<div class=\"row\"  id=\"row-862956231\">\n\n\t<div id=\"col-12782994\" class=\"col small-12 large-12\"  >\n\t\t\t\t<div class=\"col-inner\"  >\n\t\t\t\n\t\t\t\n<div class=\"container section-title-container\" ><h2 class=\"section-title section-title-center\"><b><\/b><span class=\"section-title-main\" style=\"color:rgb(0, 0, 0);\">Ch\u00fang t\u00f4i cung c\u1ea5p c\u00e1c d\u1ecbch v\u1ee5<\/span><b><\/b><\/h2><\/div>\n\t\t<\/div>\n\t\t\t\t\t<\/div>\n\n\t\n\n\t<div id=\"col-467189918\" class=\"col medium-4 small-12 large-4\"  >\n\t\t\t\t<div class=\"col-inner text-center\"  >\n\t\t\t\n\t\t\t\n\n\t<a class=\"plain\" href=\"\/dich-vu-bao-ve-muc-tieu-co-dinh\/\" target=\"_blank\" rel=\"noopener noreferrer\" >\t<div class=\"icon-box featured-box icon-box-center text-center\"  >\n\t\t\t\t\t<div class=\"icon-box-img\" style=\"width: 265px\">\n\t\t\t\t<div class=\"icon\">\n\t\t\t\t\t<div class=\"icon-inner\" >\n\t\t\t\t\t\t<img width=\"300\" height=\"300\" src=\"https:\/\/themex.myonter.com\/dichvubaove\/wp-content\/uploads\/2019\/02\/codinh-300x300.jpg\" class=\"attachment-medium size-medium\" alt=\"\" loading=\"lazy\" srcset=\"https:\/\/themex.myonter.com\/dichvubaove\/wp-content\/uploads\/2019\/02\/codinh-300x300.jpg 300w, https:\/\/themex.myonter.com\/dichvubaove\/wp-content\/uploads\/2019\/02\/codinh-150x150.jpg 150w, https:\/\/themex.myonter.com\/dichvubaove\/wp-content\/uploads\/2019\/02\/codinh.jpg 768w\" sizes=\"(max-width: 300px) 100vw, 300px\" \/>\t\t\t\t\t<\/div>\n\t\t\t\t<\/div>\n\t\t\t<\/div>\n\t\t\t\t<div class=\"icon-box-text last-reset\">\n\t\t\t\t\t\t\t\t\t\n<h3 style=\"text-align: center;\">B\u1ea3o v\u1ec7 m\u1ee5c ti\u00eau c\u1ed1 \u0111\u1ecbnh<\/h3>\n\t\t<\/div>\n\t<\/div>\n\t<\/a>\n\t\n\t\t<\/div>\n\t\t\t\t\t<\/div>\n\n\t\n\n\t<div id=\"col-818944555\" class=\"col medium-4 small-12 large-4\"  >\n\t\t\t\t<div class=\"col-inner\"  >\n\t\t\t\n\t\t\t\n\n\t<a class=\"plain\" href=\"\/dich-vu-bao-ve-cac-su-kien-le-hoi\/\" target=\"_blank\" rel=\"noopener noreferrer\" >\t<div class=\"icon-box featured-box icon-box-center text-center\"  >\n\t\t\t\t\t<div class=\"icon-box-img\" style=\"width: 265px\">\n\t\t\t\t<div class=\"icon\">\n\t\t\t\t\t<div class=\"icon-inner\" >\n\t\t\t\t\t\t<img width=\"300\" height=\"300\" src=\"https:\/\/themex.myonter.com\/dichvubaove\/wp-content\/uploads\/2019\/02\/kcn-300x300.jpg\" class=\"attachment-medium size-medium\" alt=\"\" loading=\"lazy\" srcset=\"https:\/\/themex.myonter.com\/dichvubaove\/wp-content\/uploads\/2019\/02\/kcn-300x300.jpg 300w, https:\/\/themex.myonter.com\/dichvubaove\/wp-content\/uploads\/2019\/02\/kcn-150x150.jpg 150w, https:\/\/themex.myonter.com\/dichvubaove\/wp-content\/uploads\/2019\/02\/kcn-768x768.jpg 768w, https:\/\/themex.myonter.com\/dichvubaove\/wp-content\/uploads\/2019\/02\/kcn.jpg 800w\" sizes=\"(max-width: 300px) 100vw, 300px\" \/>\t\t\t\t\t<\/div>\n\t\t\t\t<\/div>\n\t\t\t<\/div>\n\t\t\t\t<div class=\"icon-box-text last-reset\">\n\t\t\t\t\t\t\t\t\t\n<h3 style=\"text-align: center;\">B\u1ea3o v\u1ec7 c\u00e1c s\u1ef1 ki\u1ec7n, l\u1ec5 h\u1ed9i<\/h3>\n\t\t<\/div>\n\t<\/div>\n\t<\/a>\n\t\n\t\t<\/div>\n\t\t\t\t\t<\/div>\n\n\t\n\n\t<div id=\"col-27620982\" class=\"col medium-4 small-12 large-4\"  >\n\t\t\t\t<div class=\"col-inner\"  >\n\t\t\t\n\t\t\t\n\n\t<a class=\"plain\" href=\"\/dich-vu-bao-ve-khu-cong-nghiep\/\" target=\"_blank\" rel=\"noopener noreferrer\" >\t<div class=\"icon-box featured-box icon-box-center text-center\"  >\n\t\t\t\t\t<div class=\"icon-box-img\" style=\"width: 265px\">\n\t\t\t\t<div class=\"icon\">\n\t\t\t\t\t<div class=\"icon-inner\" >\n\t\t\t\t\t\t<img width=\"300\" height=\"300\" src=\"https:\/\/themex.myonter.com\/dichvubaove\/wp-content\/uploads\/2019\/02\/kcn-300x300.jpg\" class=\"attachment-medium size-medium\" alt=\"\" loading=\"lazy\" srcset=\"https:\/\/themex.myonter.com\/dichvubaove\/wp-content\/uploads\/2019\/02\/kcn-300x300.jpg 300w, https:\/\/themex.myonter.com\/dichvubaove\/wp-content\/uploads\/2019\/02\/kcn-150x150.jpg 150w, https:\/\/themex.myonter.com\/dichvubaove\/wp-content\/uploads\/2019\/02\/kcn-768x768.jpg 768w, https:\/\/themex.myonter.com\/dichvubaove\/wp-content\/uploads\/2019\/02\/kcn.jpg 800w\" sizes=\"(max-width: 300px) 100vw, 300px\" \/>\t\t\t\t\t<\/div>\n\t\t\t\t<\/div>\n\t\t\t<\/div>\n\t\t\t\t<div class=\"icon-box-text last-reset\">\n\t\t\t\t\t\t\t\t\t\n<h3 style=\"text-align: center;\">B\u1ea3o v\u1ec7 khu c\u00f4ng nghi\u1ec7p<\/h3>\n\t\t<\/div>\n\t<\/div>\n\t<\/a>\n\t\n\t\t<\/div>\n\t\t\t\t\t<\/div>\n\n\t\n\n\t<div id=\"col-2138387899\" class=\"col medium-4 small-12 large-4\"  >\n\t\t\t\t<div class=\"col-inner\"  >\n\t\t\t\n\t\t\t\n\n\t<a class=\"plain\" href=\"\/dich-vu-bao-ve-yeu-nhan-vip\/\" target=\"_blank\" rel=\"noopener noreferrer\" >\t<div class=\"icon-box featured-box icon-box-center text-center\"  >\n\t\t\t\t\t<div class=\"icon-box-img\" style=\"width: 265px\">\n\t\t\t\t<div class=\"icon\">\n\t\t\t\t\t<div class=\"icon-inner\" >\n\t\t\t\t\t\t<img width=\"300\" height=\"300\" src=\"https:\/\/themex.myonter.com\/dichvubaove\/wp-content\/uploads\/2019\/02\/VIP-300x300.jpg\" class=\"attachment-medium size-medium\" alt=\"\" loading=\"lazy\" srcset=\"https:\/\/themex.myonter.com\/dichvubaove\/wp-content\/uploads\/2019\/02\/VIP-300x300.jpg 300w, https:\/\/themex.myonter.com\/dichvubaove\/wp-content\/uploads\/2019\/02\/VIP-150x150.jpg 150w, https:\/\/themex.myonter.com\/dichvubaove\/wp-content\/uploads\/2019\/02\/VIP.jpg 768w\" sizes=\"(max-width: 300px) 100vw, 300px\" \/>\t\t\t\t\t<\/div>\n\t\t\t\t<\/div>\n\t\t\t<\/div>\n\t\t\t\t<div class=\"icon-box-text last-reset\">\n\t\t\t\t\t\t\t\t\t\n<h3 style=\"text-align: center;\">B\u1ea3o v\u1ec7 y\u1ebfu nh\u00e2n, VIP<\/h3>\n\t\t<\/div>\n\t<\/div>\n\t<\/a>\n\t\n\t\t<\/div>\n\t\t\t\t\t<\/div>\n\n\t\n\n\t<div id=\"col-2058888721\" class=\"col medium-4 small-12 large-4\"  >\n\t\t\t\t<div class=\"col-inner\"  >\n\t\t\t\n\t\t\t\n\n\t<a class=\"plain\" href=\"\/dich-vu-bao-ve-muc-tieu-di-dong\/\" target=\"_blank\" rel=\"noopener noreferrer\" >\t<div class=\"icon-box featured-box icon-box-center text-center\"  >\n\t\t\t\t\t<div class=\"icon-box-img\" style=\"width: 265px\">\n\t\t\t\t<div class=\"icon\">\n\t\t\t\t\t<div class=\"icon-inner\" >\n\t\t\t\t\t\t<img width=\"300\" height=\"300\" src=\"https:\/\/themex.myonter.com\/dichvubaove\/wp-content\/uploads\/2019\/02\/ddong-300x300.jpg\" class=\"attachment-medium size-medium\" alt=\"\" loading=\"lazy\" srcset=\"https:\/\/themex.myonter.com\/dichvubaove\/wp-content\/uploads\/2019\/02\/ddong-300x300.jpg 300w, https:\/\/themex.myonter.com\/dichvubaove\/wp-content\/uploads\/2019\/02\/ddong-150x150.jpg 150w, https:\/\/themex.myonter.com\/dichvubaove\/wp-content\/uploads\/2019\/02\/ddong.jpg 521w\" sizes=\"(max-width: 300px) 100vw, 300px\" \/>\t\t\t\t\t<\/div>\n\t\t\t\t<\/div>\n\t\t\t<\/div>\n\t\t\t\t<div class=\"icon-box-text last-reset\">\n\t\t\t\t\t\t\t\t\t\n<h3 style=\"text-align: center;\">B\u1ea3o v\u1ec7 m\u1ee5c ti\u00eau di \u0111\u1ed9ng<\/h3>\n\t\t<\/div>\n\t<\/div>\n\t<\/a>\n\t\n\t\t<\/div>\n\t\t\t\t\t<\/div>\n\n\t\n\n\t<div id=\"col-128121515\" class=\"col medium-4 small-12 large-4\"  >\n\t\t\t\t<div class=\"col-inner\"  >\n\t\t\t\n\t\t\t\n\n\t<a class=\"plain\" href=\"\/dich-vu-bao-ve-chat-luong-cao\/\" target=\"_blank\" rel=\"noopener noreferrer\" >\t<div class=\"icon-box featured-box icon-box-center text-center\"  >\n\t\t\t\t\t<div class=\"icon-box-img\" style=\"width: 265px\">\n\t\t\t\t<div class=\"icon\">\n\t\t\t\t\t<div class=\"icon-inner\" >\n\t\t\t\t\t\t<img width=\"300\" height=\"300\" src=\"https:\/\/themex.myonter.com\/dichvubaove\/wp-content\/uploads\/2019\/02\/nds-300x300.png\" class=\"attachment-medium size-medium\" alt=\"\" loading=\"lazy\" srcset=\"https:\/\/themex.myonter.com\/dichvubaove\/wp-content\/uploads\/2019\/02\/nds-300x300.png 300w, https:\/\/themex.myonter.com\/dichvubaove\/wp-content\/uploads\/2019\/02\/nds-150x150.png 150w, https:\/\/themex.myonter.com\/dichvubaove\/wp-content\/uploads\/2019\/02\/nds.png 500w\" sizes=\"(max-width: 300px) 100vw, 300px\" \/>\t\t\t\t\t<\/div>\n\t\t\t\t<\/div>\n\t\t\t<\/div>\n\t\t\t\t<div class=\"icon-box-text last-reset\">\n\t\t\t\t\t\t\t\t\t\n<h3 style=\"text-align: center;\">D\u1ecbch v\u1ee5 b\u1ea3o v\u1ec7 ch\u1ea5t l\u01b0\u1ee3ng cao<\/h3>\n\t\t<\/div>\n\t<\/div>\n\t<\/a>\n\t\n\t\t<\/div>\n\t\t\t\t\t<\/div>\n\n\t\n<\/div>\n\t\t<\/div>\n\n\t\t\n<style>\n#section_1323115373 {\n  padding-top: 30px;\n  padding-bottom: 30px;\n}\n#section_1323115373 .section-bg.bg-loaded {\n  background-image: url(https:\/\/themex.myonter.com\/dichvubaove\/wp-content\/uploads\/2019\/02\/bg.jpg);\n}\n<\/style>\n\t<\/section>\n\t\n","protected":false},"excerpt":{"rendered":"<p>CH\u00cdNH S\u00c1CH CH\u1ea4T L\u01af\u1ee2NG D\u1ecaCH V\u1ee4 C\u00f4ng Ty D\u1ecbch V\u1ee5 B\u1ea3o V\u1ec7 Ng\u00e0y &amp; \u0110\u00eam cam k\u1ebft v\u1edbi kh\u00e1ch h\u00e0ng x\u00e2y d\u1ef1ng l\u1ef1c l\u01b0\u1ee3ng b\u1ea3o v\u1ec7: 1. Chuy\u00ean Nghi\u1ec7p &#8211; \u0110\u00e0o t\u1ea1o l\u1ef1c l\u01b0\u1ee3ng b\u1ea3o v\u1ec7 chuy\u00ean nghi\u1ec7p c\u00f3 ph\u1ea9m ch\u1ea5t t\u1ed1t, nghi\u1ec7p v\u1ee5 gi\u1ecfi. &#8211; S\u1eed d\u1ee5ng c\u00e1c thi\u1ebft b\u1ecb an ninh hi\u1ec7n \u0111\u1ea1i &#8230;<\/p>\n","protected":false},"author":1,"featured_media":0,"parent":0,"menu_order":0,"comment_status":"closed","ping_status":"closed","template":"page-right-sidebar.php","meta":[],"_links":{"self":[{"href":"https:\/\/themex.myonter.com\/dichvubaove\/wp-json\/wp\/v2\/pages\/275"}],"collection":[{"href":"https:\/\/themex.myonter.com\/dichvubaove\/wp-json\/wp\/v2\/pages"}],"about":[{"href":"https:\/\/themex.myonter.com\/dichvubaove\/wp-json\/wp\/v2\/types\/page"}],"author":[{"embeddable":true,"href":"https:\/\/themex.myonter.com\/dichvubaove\/wp-json\/wp\/v2\/users\/1"}],"replies":[{"embeddable":true,"href":"https:\/\/themex.myonter.com\/dichvubaove\/wp-json\/wp\/v2\/comments?post=275"}],"version-history":[{"count":1,"href":"https:\/\/themex.myonter.com\/dichvubaove\/wp-json\/wp\/v2\/pages\/275\/revisions"}],"predecessor-version":[{"id":487,"href":"https:\/\/themex.myonter.com\/dichvubaove\/wp-json\/wp\/v2\/pages\/275\/revisions\/487"}],"wp:attachment":[{"href":"https:\/\/themex.myonter.com\/dichvubaove\/wp-json\/wp\/v2\/media?parent=275"}],"curies":[{"name":"wp","href":"https:\/\/api.w.org\/{rel}","templated":true}]}}