{"id":402,"date":"2019-02-26T11:55:31","date_gmt":"2019-02-26T04:55:31","guid":{"rendered":"https:\/\/tppone.com\/demo\/dichvubaove\/?page_id=402"},"modified":"2019-02-26T11:56:19","modified_gmt":"2019-02-26T04:56:19","slug":"tuyen-dung","status":"publish","type":"page","link":"https:\/\/themex.myonter.com\/dichvubaove\/tuyen-dung\/","title":{"rendered":"Tuy\u1ec3n d\u1ee5ng"},"content":{"rendered":"<div class=\"page-header\">\n<h3><span style=\"font-size: 100%;\">C\u1ea7n Tuy\u1ec3n G\u1ea5p\u00a0 B\u1ea3o V\u1ec7 L\u01b0\u01a1ng Cao, Vi\u1ec7c L\u00e0m Ngay T\u1ea1i TPHCM<\/span><\/h3>\n<\/div>\n<div>\n<p>C\u00f4ng ty B\u1ea3o v\u1ec7 Ng\u00e0y v\u00e0 \u0110\u00eam c\u1ea7n tuy\u1ec3n vi\u1ec7c l\u00e0m b\u1ea3o v\u1ec7 l\u01b0\u01a1ng cao t\u1ea1i Tphcm cho c\u00e1c c\u00f4ng ty, nh\u00e0 m\u00e1y, ng\u00e2n h\u00e0ng, kho h\u00e0ng, si\u00eau th\u1ecb, b\u1ec7nh vi\u1ec7n, tr\u01b0\u1eddng h\u1ecdc,\u2026 v\u1edbi s\u1ed1 l\u01b0\u1ee3ng l\u1edbn \u0111\u1ec3 \u0111\u00e1p \u1ee9ng nhu c\u1ea7u b\u1ea3o v\u1ec7 cho h\u1ecd.<\/p>\n<p><img src=\"https:\/\/baovengayvadem.com\/images\/dich-vu\/tuyen-viec-lam-bao-ve-luong-cao-tai-tphcm-1.jpg\" alt=\"C\u00f4ng ty D\u1ecbch v\u1ee5 B\u1ea3o v\u1ec7 Ng\u00e0y v\u00e0 \u0110\u00eam\" \/><\/p>\n<p><em>C\u00f4ng ty D\u1ecbch v\u1ee5 B\u1ea3o v\u1ec7 Ng\u00e0y v\u00e0 \u0110\u00eam<\/em><\/p>\n<p>\u0110\u1ebfn v\u1edbi c\u00f4ng ty tuy\u1ec3n b\u1ea3o v\u1ec7 t\u1ea1i Tphcm ch\u00fang t\u00f4i, ng\u01b0\u1eddi lao \u0111\u1ed9ng s\u1ebd \u0111\u01b0\u1ee3c nh\u1eadn \u0111\u01b0\u1ee3c nh\u1eefng quy\u1ec1n l\u1ee3i, ch\u00ednh s\u00e1ch vi\u1ec7c l\u00e0m b\u1ea3o v\u1ec7 \u0111\u1ea7y \u0111\u1ee7, lu\u00f4n t\u1ea1o \u0111i\u1ec1u ki\u1ec7n h\u1ed7 tr\u1ee3 t\u1ed1t nh\u1ea5t cho ng\u01b0\u1eddi lao \u0111\u1ed9ng, \u0111\u1ec3 h\u1ecd ho\u00e0n th\u00e0nh t\u1ed1t c\u00f4ng vi\u1ec7c c\u1ee7a m\u00ecnh.<\/p>\n<p>D\u01b0\u1edbi \u0111\u00e2y l\u00e0 m\u1ed9t s\u1ed1 y\u00eau c\u1ea7u v\u1ec1 tuy\u1ec3n b\u1ea3o v\u1ec7 l\u01b0\u01a1ng cao t\u1ea1i Tphcm:<\/p>\n<h4><strong>TUY\u1ec2N G\u1ea4P NAM N\u1eee B\u1ea2O V\u1ec6 L\u01af\u01a0NG CAO<\/strong><\/h4>\n<ul>\n<li>&#8211; S\u1ed1 l\u01b0\u1ee3ng tuy\u1ec3n : 50 ng\u01b0\u1eddi<\/li>\n<li>&#8211; Th\u1eddi gian l\u00e0m vi\u1ec7c : 12h\/ng\u00e0y<\/li>\n<li>&#8211; M\u1ee9c l\u01b0\u01a1ng: T\u1eeb 7 \u0111\u1ebfn 10 tri\u1ec7u \u0111\u1ed3ng\/th\u00e1ng.<\/li>\n<li>&#8211; H\u00ecnh th\u1ee9c: Nh\u00e2n vi\u00ean b\u1ea3o v\u1ec7 ch\u00ednh<\/li>\n<\/ul>\n<h3><strong>D\u1ecaCH V\u1ee4 B\u1ea2O V\u1ec6<\/strong><\/h3>\n<p>C\u00f4ng ty DV B\u1ea3o v\u1ec7 Ng\u00e0y v\u00e0 \u0110\u00eam tuy\u1ec3n b\u1ea3o v\u1ec7 cho c\u00e1c d\u1ecbch v\u1ee5 b\u1ea3o v\u1ec7 t\u1ea1i c\u00e1c s\u1ef1 ki\u1ec7n, l\u1ec5 h\u1ed9i, b\u1ea3o v\u1ec7 m\u1ee5c ti\u00eau c\u1ed1 \u0111\u1ecbnh, m\u1ee5c ti\u00eau di \u0111\u1ed9ng v\u00e0 b\u1ea3o v\u1ec7 cho c\u00e1c khu c\u00f4ng nghi\u1ec7p.<\/p>\n<h4><strong>KHU V\u1ef0C L\u00c0M VI\u1ec6C<\/strong><\/h4>\n<p>C\u00f4ng ty B\u1ea3o v\u1ec7 Ng\u00e0y v\u00e0 \u0110\u00eam c\u1ea7n tuy\u1ec3n vi\u1ec7c l\u00e0m b\u1ea3o v\u1ec7 l\u01b0\u01a1ng cao t\u1ea1i Tphcm v\u1edbi s\u1ed1 l\u01b0\u1ee3ng l\u1edbn, ng\u01b0\u1eddi lao \u0111\u1ed9ng s\u1ebd \u0111\u01b0\u1ee3c v\u00e0o l\u00e0m vi\u1ec7c t\u1ea1i c\u00e1c nh\u00e0 m\u00e1y, x\u00ed nghi\u1ec7p, to\u00e0 nh\u00e0, ng\u00e2n h\u00e0ng, v\u0103n ph\u00f2ng, cao \u1ed1c, tr\u01b0\u1eddng h\u1ecdc, b\u1ec7nh vi\u1ec7n t\u1ea1i c\u00e1c qu\u1eadn huy\u1ec7n trong TP.HCM. S\u1ebd \u0111\u01b0\u1ee3c c\u00f4ng ty b\u1ed1 tr\u00ed \u0111\u1ecba \u0111i\u1ec3m l\u00e0m vi\u1ec7c thu\u1eadn ti\u1ec7n cho vi\u1ec7c \u0111i l\u1ea1i c\u1ee7a ng\u01b0\u1eddi lao \u0111\u1ed9ng.<\/p>\n<p>Ngo\u00e0i ra C\u00f4ng ty B\u1ea3o v\u1ec7 Ng\u00e0y v\u00e0 \u0110\u00eam c\u00f2n\u00a0<a href=\"https:\/\/baovengayvadem.com\/tuyen-dung\/tuyen-dung-bao-ve-tai-binh-duong\" rel=\"alternate\">tuy\u1ec3n b\u1ea3o v\u1ec7 B\u00ecnh D\u01b0\u01a1ng<\/a>,\u00a0H\u00e0 N\u1ed9i, Tp. Vinh, Hu\u1ebf, \u0110\u00e0 N\u1eb5ng, TP. H\u1ed3 Ch\u00ed Minh, \u0110\u1ed3ng Nai, B\u00ecnh Ph\u01b0\u1edbc, B\u00ecnh D\u01b0\u01a1ng, T\u00e2y Ninh, B\u00e0 R\u1ecba &#8211; V\u0169ng T\u00e0u, Long An, C\u1ea7n Th\u01a1,..<\/p>\n<p><img src=\"https:\/\/baovengayvadem.com\/images\/dich-vu\/tuyen-viec-lam-bao-ve-luong-cao-tai-tphcm-2.jpg\" alt=\"Nh\u00e2n vi\u00ean b\u1ea3o v\u1ec7 l\u00e0m vi\u1ec7c cho khu t\u00f2a nh\u00e0, cao \u1ed1c\" \/><\/p>\n<p><em>Nh\u00e2n vi\u00ean b\u1ea3o v\u1ec7 l\u00e0m vi\u1ec7c cho khu t\u00f2a nh\u00e0, cao \u1ed1c<\/em><\/p>\n<h3>QUY\u1ec0N L\u1ee2I \u0110\u01af\u1ee2C H\u01af\u1edeNG<\/h3>\n<p>C\u00f4ng vi\u1ec7c l\u00e0m b\u1ea3o v\u1ec7 l\u01b0\u01a1ng cao t\u1ea1i c\u00f4ng ty B\u1ea3o v\u1ec7 Ng\u00e0y v\u00e0 \u0110\u00eam, ng\u01b0\u1eddi lao \u0111\u1ed9ng s\u1ebd \u0111\u01b0\u1ee3c h\u01b0\u1edfng nh\u1eefng quy\u1ec1n l\u1ee3i, ch\u1ebf \u0111\u1ed9 do c\u00f4ng ty \u0111\u1ec1 ra:<\/p>\n<ul>\n<li>&#8211; \u0110\u1ea7y \u0111\u1ee7 c\u00e1c ch\u1ebf \u0111\u1ed9, \u0111\u00e3i ng\u1ed9 ch\u00ednh s\u00e1ch c\u1ee7a c\u00f4ng ty.<\/li>\n<li>&#8211; \u0110\u01b0\u1ee3c \u0111\u00e0o t\u1ea1o nghi\u1ec7p v\u1ee5 mi\u1ec5n ph\u00ed: nghi\u1ec7p v\u1ee5 \u0111\u1ed1i ph\u00f3 v\u1edbi t\u00ecnh hu\u1ed1ng kh\u1ea9n c\u1ea5p, nghi\u1ec7p v\u1ee5 ph\u00f2ng ch\u00e1y ch\u1eefa\u00a0 ch\u00e1y, nghi\u1ec7p v\u1ee5 giao ti\u1ebfp v\u1edbi kh\u00e1ch h\u00e0ng,\u2026<\/li>\n<li>&#8211; \u0110\u01b0\u1ee3c \u0111\u00f3ng b\u1ea3o hi\u1ec3m \u0111\u1ea7y \u0111\u1ee7 bao g\u1ed3m BHXH, BHTN, BHYT<\/li>\n<li>&#8211; B\u1ea3o hi\u1ec3m tai n\u1ea1n tr\u1ecb gi\u00e1 20.000.000\u0111 \u0111\u01b0\u1ee3c \u0111\u00f3ng mi\u1ec5n ph\u00ed cho NL\u0110.<\/li>\n<li>&#8211; L\u01b0\u01a1ng th\u00e1ng 13, th\u01b0\u1edfng th\u00e2m ni\u00ean.<\/li>\n<li>&#8211; Sau 02 th\u00e1ng l\u00e0m vi\u1ec7c \u0111\u01b0\u1ee3c t\u0103ng l\u01b0\u01a1ng th\u00eam 200.000\u0111<\/li>\n<li>&#8211; C\u00f3 ch\u1ed5 \u1edf l\u1ea1i mi\u1ec5n ph\u00ed, bao \u0103n u\u1ed1ng.<\/li>\n<li>&#8211; T\u0103ng l\u01b0\u01a1ng h\u00e0ng n\u0103m.<\/li>\n<li>&#8211; NL\u0110 kh\u00f3 kh\u0103n \u0111\u01b0\u1ee3c \u1ee9ng l\u01b0\u01a1ng h\u00e0ng ng\u00e0y 50.000\u0111\/ng\u00e0y<\/li>\n<li>&#8211; C\u00f4ng ty c\u00f3 chi b\u1ed9, C\u00f4ng \u0110o\u00e0n b\u1ea3o v\u1ec7 quy\u1ec1n l\u1ee3i NL\u0110<\/li>\n<li>&#8211; Nh\u1eadn l\u01b0\u01a1ng 02 l\u1ea7n \/th\u00e1ng v\u00e0o ng\u00e0y 15 v\u00e0 ng\u00e0y cu\u1ed1i c\u00f9ng c\u1ee7a th\u00e1ng.<\/li>\n<li>&#8211; Ng\u00e0y l\u1ec5 t\u1ebft l\u00e0m h\u01b0\u1edfng 200% l\u01b0\u01a1ng c\u01a1 b\u1ea3n.<\/li>\n<\/ul>\n<h3>M\u00d4 T\u1ea2 C\u00d4NG VI\u1ec6C<\/h3>\n<ul>\n<li>&#8211; Ki\u1ec3m so\u00e1t ng\u01b0\u1eddi &amp; ph\u01b0\u01a1ng ti\u1ec7n ra v\u00e0o m\u1ee5c ti\u00eau.<\/li>\n<li>&#8211; Tu\u1ea7n tra, canh g\u00e1c nghi\u00eam t\u00fac, \u0111\u1ea3m b\u1ea3o an to\u00e0n m\u1ee5c ti\u00eau.<\/li>\n<li>&#8211; Ghi ch\u00e9p, c\u1eadp nh\u1eadt t\u00ecnh h\u00ecnh an ninh, an to\u00e0n v\u00e0o s\u1ed5 tr\u1ef1c.<\/li>\n<li>&#8211; Ki\u1ec3m tra h\u00e0ng ho\u00e1 xu\u1ea5t nh\u1eadp ra v\u00e0o c\u00f4ng ty theo \u0111\u00fang quy \u0111\u1ecbnh.<\/li>\n<li>&#8211; Ki\u1ec3m tra ph\u00f2ng ch\u00e1y, ch\u1eefa ch\u00e1y, \u0111i\u1ec7n, n\u01b0\u1edbc, t\u01b0\u1eddng r\u00e0o.<\/li>\n<li>&#8211; B\u00e1o c\u00e1o c\u00f4ng vi\u1ec7c cho \u0111\u1ed9i tr\u01b0\u1edfng.<\/li>\n<li>&#8211; H\u01b0\u1edbng d\u1eabn kh\u00e1ch h\u00e0ng<\/li>\n<\/ul>\n<p><img src=\"https:\/\/baovengayvadem.com\/images\/dich-vu\/tuyen-viec-lam-bao-ve-luong-cao-tai-tphcm-3.jpg\" alt=\"Nh\u00e2n vi\u00ean b\u1ea3o v\u1ec7 \u0111ang gi\u00e1m s\u00e1t, b\u1ea3o v\u1ec7 m\u1ee5c ti\u00eau cho cu\u1ed9c thi N\u1eef Sinh Vi\u00ean Duy\u00ean D\u00e1ng\" \/><\/p>\n<p><em>Nh\u00e2n vi\u00ean b\u1ea3o v\u1ec7 \u0111ang gi\u00e1m s\u00e1t, b\u1ea3o v\u1ec7 m\u1ee5c ti\u00eau cho cu\u1ed9c thi N\u1eef Sinh Vi\u00ean Duy\u00ean D\u00e1ng<\/em><\/p>\n<h3>Y\u00caU C\u1ea6U<\/h3>\n<p>Vi\u1ec7c l\u00e0m b\u1ea3o v\u1ec7 tphcm t\u1ea1i c\u00f4ng ty B\u1ea3o v\u1ec7 Ng\u00e0y v\u00e0 \u0110\u00eam, ng\u01b0\u1eddi lao \u0111\u1ed9ng kh\u00f4ng c\u1ea7n c\u00f3 kinh nghi\u1ec7m c\u0169ng nh\u01b0 b\u1eb1ng c\u1ea5p, tr\u00ecnh \u0111\u1ed9. Ch\u1ec9 c\u1ea7n \u0111\u00e1p \u1ee9ng y\u00eau c\u1ea7u tuy\u1ec3n b\u1ea3o v\u1ec7 c\u00f4ng ty t\u1ea1i \u0111\u00e2y nh\u01b0 sau:<\/p>\n<ul>\n<li>&#8211; Nam cao 1m62 tr\u1edf l\u00ean, n\u1eb7ng 55 kg tr\u1edf l\u00ean, tu\u1ed5i 18 \u2013 50.<\/li>\n<li>&#8211; N\u1eef cao 1m52 tr\u1edf l\u00ean, n\u1eb7ng 45 kg tr\u1edf l\u00ean, tu\u1ed5i t\u1eeb 18 \u2013 40.<\/li>\n<li>&#8211; L\u00fd l\u1ecbch s\u1ea1ch s\u1ebd, ch\u01b0a c\u00f3 ti\u1ec1n \u00e1n, kh\u00f4ng m\u1eafc b\u1ec7nh truy\u1ec1n nhi\u1ec5m.<\/li>\n<li>&#8211; S\u1ee9c kh\u1ecfe t\u1ed1t, tinh th\u1ea7n tr\u00e1ch nhi\u1ec7m v\u1edbi c\u00f4ng vi\u1ec7c cao<\/li>\n<li>&#8211; Si\u00eang n\u0103ng, c\u1ea7n c\u00f9, ch\u1ecbu kh\u00f3, c\u1ea7u ti\u1ebfn<\/li>\n<\/ul>\n<h3>H\u1ed2 S\u01a0 XIN VI\u1ec6C<\/h3>\n<p>Khi \u0111i xin vi\u1ec7c l\u00e0m b\u1ea3o v\u1ec7, nh\u00e2n vi\u00ean \u1ee9ng tuy\u1ec3n c\u1ea7n \u0111\u00e1p \u1ee9ng \u0111\u1ea7y \u0111\u1ee7 gi\u1ea5y t\u1edd, h\u1ed3 s\u01a1 c\u1ee7a c\u00f4ng ty tuy\u1ec3n vi\u1ec7c l\u00e0m b\u1ea3o v\u1ec7 l\u01b0\u01a1ng cao t\u1ea1i Tphcm nh\u01b0 sau:<\/p>\n<ul>\n<li>&#8211; \u0110\u01a1n xin vi\u1ec7c<\/li>\n<li>&#8211; CMND photo c\u00f3 c\u00f4ng ch\u1ee9ng<\/li>\n<li>&#8211; S\u1ed5 h\u1ed9 kh\u1ea9u photo c\u00f3 c\u00f4ng ch\u1ee9ng<\/li>\n<li>&#8211; Gi\u1ea5y kh\u00e1m s\u1ee9c kh\u1ecfe<\/li>\n<li>&#8211; B\u1eb1ng c\u1ea5p ( n\u1ebfu c\u00f3)<\/li>\n<\/ul>\n<p>Ngo\u00e0i ra ch\u00fang t\u00f4i c\u00f2n tuy\u1ec3n d\u1ee5ng nhi\u1ec1u t\u1ec9nh th\u00e0nh kh\u00e1c: B\u00ecnh D\u01b0\u01a1ng, \u0110\u1ed3ng Nai &#8230;.<\/p>\n<h3>LI\u00caN H\u1ec6 C\u00d4NG TY<\/h3>\n<p>\u0110i\u1ec7n tho\u1ea1i: 0906.992.558 (Ms . Nh\u01b0 \u00dd \u2013 Ph\u00f2ng Tuy\u1ec3n D\u1ee5ng)<\/p>\n<p>Email: Y.tran@nightdaysecurity.com<\/p>\n<p>\u0110\u1ecba ch\u1ec9: S\u1ed1 7, \u0111\u01b0\u1eddng s\u1ed1 7, khu ph\u1ed1 5, ph\u01b0\u1eddng An Ph\u00fa, Qu\u1eadn 2, TP.HCM<\/p>\n<p>Ho\u1eb7c c\u00f3 th\u1ec3 tham kh\u1ea3o tr\u1ef1c ti\u1ebfp t\u1ea1i website c\u00f4ng ty :\u00a0<em>baovengayvadem.com ho\u1eb7c\u00a0timviectot.net<\/em><\/p>\n<\/div>\n","protected":false},"excerpt":{"rendered":"<p>C\u1ea7n Tuy\u1ec3n G\u1ea5p\u00a0 B\u1ea3o V\u1ec7 L\u01b0\u01a1ng Cao, Vi\u1ec7c L\u00e0m Ngay T\u1ea1i TPHCM C\u00f4ng ty B\u1ea3o v\u1ec7 Ng\u00e0y v\u00e0 \u0110\u00eam c\u1ea7n tuy\u1ec3n vi\u1ec7c l\u00e0m b\u1ea3o v\u1ec7 l\u01b0\u01a1ng cao t\u1ea1i Tphcm cho c\u00e1c c\u00f4ng ty, nh\u00e0 m\u00e1y, ng\u00e2n h\u00e0ng, kho h\u00e0ng, si\u00eau th\u1ecb, b\u1ec7nh vi\u1ec7n, tr\u01b0\u1eddng h\u1ecdc,\u2026 v\u1edbi s\u1ed1 l\u01b0\u1ee3ng l\u1edbn \u0111\u1ec3 \u0111\u00e1p \u1ee9ng nhu c\u1ea7u b\u1ea3o &#8230;<\/p>\n","protected":false},"author":1,"featured_media":0,"parent":0,"menu_order":0,"comment_status":"closed","ping_status":"closed","template":"page-right-sidebar.php","meta":[],"_links":{"self":[{"href":"https:\/\/themex.myonter.com\/dichvubaove\/wp-json\/wp\/v2\/pages\/402"}],"collection":[{"href":"https:\/\/themex.myonter.com\/dichvubaove\/wp-json\/wp\/v2\/pages"}],"about":[{"href":"https:\/\/themex.myonter.com\/dichvubaove\/wp-json\/wp\/v2\/types\/page"}],"author":[{"embeddable":true,"href":"https:\/\/themex.myonter.com\/dichvubaove\/wp-json\/wp\/v2\/users\/1"}],"replies":[{"embeddable":true,"href":"https:\/\/themex.myonter.com\/dichvubaove\/wp-json\/wp\/v2\/comments?post=402"}],"version-history":[{"count":0,"href":"https:\/\/themex.myonter.com\/dichvubaove\/wp-json\/wp\/v2\/pages\/402\/revisions"}],"wp:attachment":[{"href":"https:\/\/themex.myonter.com\/dichvubaove\/wp-json\/wp\/v2\/media?parent=402"}],"curies":[{"name":"wp","href":"https:\/\/api.w.org\/{rel}","templated":true}]}}