{"id":77,"date":"2017-06-23T13:53:10","date_gmt":"2017-06-23T06:53:10","guid":{"rendered":"http:\/\/giuseart.com\/demo\/event\/?page_id=77"},"modified":"2017-06-24T23:17:45","modified_gmt":"2017-06-24T16:17:45","slug":"to-chuc-su-kien-thieu-nhi","status":"publish","type":"page","link":"https:\/\/themex.myonter.com\/event3\/dich-vu-to-chuc-su-kien\/to-chuc-su-kien-thieu-nhi\/","title":{"rendered":"T\u1ed5 ch\u1ee9c s\u1ef1 ki\u1ec7n thi\u1ebfu nhi"},"content":{"rendered":"<h2 class=\"breadcrumb\">\u00a0T\u1ed5 ch\u1ee9c s\u1ef1 ki\u1ec7n thi\u1ebfu nhi<\/h2>\n<div class=\"post-content box mark-links entry-content\">\n<div id=\"attachment_7682\" class=\"wp-caption aligncenter\">Ng\u00e0y nay, x\u00e3 h\u1ed9i ng\u00e0y c\u00e0ng ph\u00e1t tri\u1ec3n,con ng\u01b0\u1eddi ta \u0111\u1ee7 \u0111\u1ea7y v\u1edbi nh\u1eefng v\u1eadt ch\u1ea5t,nh\u1eefng ti\u1ec7n nghi, b\u1ecf qu\u00ean nh\u1eefng n\u0103m th\u00e1ng \u0111\u1ea7y k\u1ef7 ni\u1ec7m,nh\u1eefng n\u0103m th\u00e1ng ch\u1ec9 c\u00f3 nh\u1eefng tr\u00f2 \u0111\u00e1 d\u1ebf, ch\u1ecdi tr\u00e2u,c\u01b0\u1edbp c\u1edd l\u00e0m ni\u1ec1m vui.<\/div>\n<p>Th\u1ebf h\u1ec7 10x chung ta sau n\u00e0y, c\u00e1c em c\u00f3 bi\u1ebft kh\u00f4ng c\u00e1i l\u1ed3ng \u0111\u00e8n l\u00e0m b\u1eb1ng lon s\u1eefa b\u00f2 g\u1eafn v\u1edbi tu\u1ed5i th\u01a1 bi\u1ebft bao ng\u01b0\u1eddi, \u0111\u00f3 l\u00e0 ni\u1ec1m vui, l\u00e0 ng\u1ecdn \u0111en th\u1eafp s\u00e1ng t\u01b0\u01a1ng lai. V\u00ec v\u1eady h\u00e3y \u0111\u1ec3 c\u00f4ng ty t\u1ed5 ch\u1ee9c s\u1ef1 ki\u1ec7n Tu\u1ea5n Vi\u1ec7t l\u00e0m s\u1ed1ng l\u1ea1i trong c\u00e1c em m\u1ed9t tu\u1ed5i th\u01a1 v\u1edbi <strong>d\u1ecbch v\u1ee5 t\u1ed5 ch\u1ee9c trung thu<\/strong>, t\u1ed5 ch\u1ee9c tr\u00f2 ch\u01a1i d\u00e2n gian, h\u01b0\u1edbng c\u00e1c em v\u1ec1 l\u1ea1i c\u1ed9i ngu\u1ed3n, n\u01a1i c\u00f3 ch\u00fa cu\u1ed9i, ch\u1ecb h\u1eb1ng, c\u00f3 b\u00e0 ti\u00ean, c\u00f3 \u00f4ng b\u1ee5t\u2026.<\/p>\n<p>V\u1edbi c\u00e1c thi\u1ebft b\u1ecb tr\u00f2 ch\u01a1i cho thi\u1ebfu nhi \u0111a d\u1ea1ng t\u1eeb truy\u1ec1n th\u1ed1ng cho t\u1edbi hi\u1ec7n \u0111\u1ea1i, s\u1ebd l\u00e0m h\u00e0i l\u00f2ng c\u00e1c b\u00e9.<\/p>\n<p>H\u00e3y li\u00ean h\u1ec7 ngay v\u1edbi <strong>C\u00f4ng Ty T\u1ed5 S\u1ef1 ki\u1ec7n Tu\u1ea5n Vi\u1ec7t<\/strong> \u0111\u1ec3 c\u00f3 1 bu\u1ed5i t\u1ed5 ch\u1ee9c s\u1ef1 ki\u1ec7n thi\u1ebfu nhi chuy\u00ean nghi\u1ec7p v\u00e0 tr\u00e0n \u0111\u1ea7y \u00fd ngh\u0129a v\u1edbi c\u00e1c b\u1ea1n nh\u1ecf<\/p>\n<p>Ch\u00fac qu\u00fd kh\u00e1ch c\u00f3 1 bu\u1ed5i l\u1ec5 \u00a0vui v\u1ebb v\u00e0 th\u00e0nh c\u00f4ng nh\u1ea5t.<\/p>\n<\/div>\n","protected":false},"excerpt":{"rendered":"<p>\u00a0T\u1ed5 ch\u1ee9c s\u1ef1 ki\u1ec7n thi\u1ebfu nhi Ng\u00e0y nay, x\u00e3 h\u1ed9i ng\u00e0y c\u00e0ng ph\u00e1t tri\u1ec3n,con ng\u01b0\u1eddi ta \u0111\u1ee7 \u0111\u1ea7y v\u1edbi nh\u1eefng v\u1eadt ch\u1ea5t,nh\u1eefng ti\u1ec7n nghi, b\u1ecf qu\u00ean nh\u1eefng n\u0103m th\u00e1ng \u0111\u1ea7y k\u1ef7 ni\u1ec7m,nh\u1eefng n\u0103m th\u00e1ng ch\u1ec9 c\u00f3 nh\u1eefng tr\u00f2 \u0111\u00e1 d\u1ebf, ch\u1ecdi tr\u00e2u,c\u01b0\u1edbp c\u1edd l\u00e0m ni\u1ec1m vui. Th\u1ebf h\u1ec7 10x chung ta sau n\u00e0y, c\u00e1c em [&#8230;]\n","protected":false},"author":1,"featured_media":0,"parent":67,"menu_order":0,"comment_status":"closed","ping_status":"closed","template":"page-right-sidebar.php","meta":[],"_links":{"self":[{"href":"https:\/\/themex.myonter.com\/event3\/wp-json\/wp\/v2\/pages\/77"}],"collection":[{"href":"https:\/\/themex.myonter.com\/event3\/wp-json\/wp\/v2\/pages"}],"about":[{"href":"https:\/\/themex.myonter.com\/event3\/wp-json\/wp\/v2\/types\/page"}],"author":[{"embeddable":true,"href":"https:\/\/themex.myonter.com\/event3\/wp-json\/wp\/v2\/users\/1"}],"replies":[{"embeddable":true,"href":"https:\/\/themex.myonter.com\/event3\/wp-json\/wp\/v2\/comments?post=77"}],"version-history":[{"count":4,"href":"https:\/\/themex.myonter.com\/event3\/wp-json\/wp\/v2\/pages\/77\/revisions"}],"predecessor-version":[{"id":545,"href":"https:\/\/themex.myonter.com\/event3\/wp-json\/wp\/v2\/pages\/77\/revisions\/545"}],"up":[{"embeddable":true,"href":"https:\/\/themex.myonter.com\/event3\/wp-json\/wp\/v2\/pages\/67"}],"wp:attachment":[{"href":"https:\/\/themex.myonter.com\/event3\/wp-json\/wp\/v2\/media?parent=77"}],"curies":[{"name":"wp","href":"https:\/\/api.w.org\/{rel}","templated":true}]}}