{"id":79,"date":"2017-06-23T13:53:26","date_gmt":"2017-06-23T06:53:26","guid":{"rendered":"http:\/\/giuseart.com\/demo\/event\/?page_id=79"},"modified":"2017-06-24T23:15:53","modified_gmt":"2017-06-24T16:15:53","slug":"to-chuc-su-kien-giang-sinh","status":"publish","type":"page","link":"https:\/\/themex.myonter.com\/event3\/dich-vu-to-chuc-su-kien\/to-chuc-su-kien-giang-sinh\/","title":{"rendered":"T\u1ed5 ch\u1ee9c S\u1ef1 ki\u1ec7n Gi\u00e1ng Sinh"},"content":{"rendered":"<div id=\"mo-ta\" class=\"hidden\">\n<h2>T\u1ed5 ch\u1ee9c s\u1ef1 ki\u1ec7n Gi\u00e1ng Sinh<\/h2>\n<div class=\"hidden mtop5 text-mota\">T\u1ed5 ch\u1ee9c s\u1ef1 ki\u1ec7n Gi\u00e1ng sinh l\u00e0 d\u1ecbp \u0111\u1ec3 c\u00e1c c\u00f4ng ty tri \u00e2n kh\u00e1ch h\u00e0ng &amp; tung ra c\u00e1c s\u1ea3n ph\u1ea9m v\u00e0o ng\u00e0y l\u1ec5 \u0111\u1ed9c \u0111\u00e1o n\u00e0y. Ch\u01b0\u01a1ng tr\u00ecnh ch\u1ea1y t\u1eeb \u0111\u1ea7u th\u00e1ng 12 t\u1edbi ng\u00e0y Noel \u0111\u00eam 24 th\u00e1ng 12 h\u1eb1ng n\u0103m<\/div>\n<\/div>\n<div class=\"hidden tinnoidung\">\n<p><strong>T\u1ed5 ch\u1ee9c s\u1ef1 ki\u1ec7n Gi\u00e1ng sinh<\/strong> l\u00e0 d\u1ecbp \u0111\u1ec3 c\u00e1c c\u00f4ng ty tri \u00e2n kh\u00e1ch h\u00e0ng &amp; tung ra c\u00e1c s\u1ea3n ph\u1ea9m v\u00e0o ng\u00e0y l\u1ec5 \u0111\u1ed9c \u0111\u00e1o n\u00e0y.\u00a0Th\u1eddi \u0111i\u1ec3m l\u00ean k\u1ebf ho\u1ea1ch t\u1ed5 ch\u1ee9c v\u00e0o kho\u1ea3ng th\u00e1ng 10 v\u00e0 th\u00e1ng 11.\u00a0Ch\u01b0\u01a1ng tr\u00ecnh ch\u1ea1y t\u1eeb \u0111\u1ea7u th\u00e1ng 12 t\u1edbi ng\u00e0y Noel \u0111\u00eam 24 th\u00e1ng 12 h\u1eb1ng n\u0103m.<\/p>\n<p>Th\u00f4ng th\u01b0\u1eddng ch\u01b0\u01a1ng tr\u00ecnh s\u1ebd li\u00ean \u0111\u1edbi qua c\u00e1c s\u1ef1 ki\u1ec7n ch\u00fac m\u1eebng n\u0103m m\u1edbi ngay sau \u0111\u00f3 v\u00e0i ng\u00e0y v\u00ec v\u1eady c\u00e1c s\u1ef1 ki\u1ec7n Noel, Happy New Year, Year End Party &#8211; T\u1ed5ng k\u1ebft cu\u1ed1i n\u0103m th\u01b0\u1eddng g\u1eafn li\u1ec1n v\u1edbi nhau th\u00e0nh m\u1ed9t chu\u1ed7i ho\u1ea1t \u0111\u1ed9ng l\u1edbn.<\/p>\n<p><strong>MTD VietNam<\/strong> v\u1edbi 8 n\u0103m kinh nghi\u1ec7m t\u1ed5 ch\u1ee9c s\u1ef1 ki\u1ec7n, chuy\u00ean t\u1ed5 ch\u1ee9c s\u1ef1 ki\u1ec7n Gi\u00e1ng sinh chuy\u00ean nghi\u1ec7p, tr\u1ecdn g\u00f3i. MTD cung c\u1ea5p ph\u01b0\u01a1ng \u00e1n, t\u01b0 v\u1ea5n chi ti\u1ebft cho s\u1ef1 ki\u1ec7n \u0111\u00f3n gi\u00e1ng sinh c\u1ee7a b\u1ea1n.<\/p>\n<p><strong>V\u1edbi h\u00ecnh th\u1ee9c tr\u1ecdn g\u00f3i, ch\u00fang t\u00f4i cung c\u1ea5p d\u1ecbch v\u1ee5:<\/strong><\/p>\n<p>&#8211; L\u00ean \u00fd t\u01b0\u1edfng, x\u00e2y d\u1ef1ng ch\u1ee7 \u0111\u1ec1 cho s\u1ef1 ki\u1ec7n gi\u00e1ng sinh<\/p>\n<p>&#8211; X\u00e2y d\u1ef1ng k\u1ecbch b\u1ea3n chi ti\u1ebft, l\u00ean k\u1ebf ho\u1ea1ch, c\u00e1c h\u1ea1ng m\u1ee5c s\u1ef1 ki\u1ec7n ph\u00f9 h\u1ee3p v\u1edbi quy m\u00f4 v\u00e0 ng\u00e2n s\u00e1ch c\u1ee7a kh\u00e1ch h\u00e0ng<\/p>\n<p>&#8211; Thi\u1ebft k\u1ebf, thi c\u00f4ng s\u00e2n kh\u1ea5u, th\u1ea3m tr\u1ea3i, \u00e2m thanh \u00e1nh s\u00e1ng, trang tr\u00ed kh\u00f4ng gian cho s\u1ef1 ki\u1ec7n&#8230;<\/p>\n<p>&#8211; Cung c\u1ea5p nh\u00e2n s\u1ef1: MC,\u00a0PG, PG,\u00a0di\u1ec5n vi\u00ean, ca s\u0129, nh\u00f3m m\u00faa, ngh\u1ec7 thu\u1eadt, bi\u1ec3u di\u1ec5n xi\u1ebfc, \u1ea3o thu\u1eadt, \u00f4ng gi\u00e0 Noel&#8230;<\/p>\n<p>&#8211; Cung c\u1ea5p cung c\u1ea5p tr\u00f2 ch\u01a1i, \u0111\u1ed3 ch\u01a1i, qu\u00e0 gi\u00e1ng sinh<\/p>\n<p>&#8211; Xin gi\u1ea5y ph\u00e9p v\u1edbi c\u00e1c c\u01a1 quan, ch\u00ednh quy\u1ec1n ch\u1ee9c n\u0103ng<\/p>\n<p>-Qu\u1ea3n l\u00fd, ph\u00f2ng r\u1ee7i ro, b\u00e1o c\u00e1o hi\u1ec7u qu\u1ea3 c\u1ee7a s\u1ef1 ki\u1ec7n theo cam k\u1ebft v\u1edbi kh\u00e1ch h\u00e0ng.<\/p>\n<\/div>\n","protected":false},"excerpt":{"rendered":"<p>T\u1ed5 ch\u1ee9c s\u1ef1 ki\u1ec7n Gi\u00e1ng Sinh T\u1ed5 ch\u1ee9c s\u1ef1 ki\u1ec7n Gi\u00e1ng sinh l\u00e0 d\u1ecbp \u0111\u1ec3 c\u00e1c c\u00f4ng ty tri \u00e2n kh\u00e1ch h\u00e0ng &amp; tung ra c\u00e1c s\u1ea3n ph\u1ea9m v\u00e0o ng\u00e0y l\u1ec5 \u0111\u1ed9c \u0111\u00e1o n\u00e0y. Ch\u01b0\u01a1ng tr\u00ecnh ch\u1ea1y t\u1eeb \u0111\u1ea7u th\u00e1ng 12 t\u1edbi ng\u00e0y Noel \u0111\u00eam 24 th\u00e1ng 12 h\u1eb1ng n\u0103m T\u1ed5 ch\u1ee9c s\u1ef1 ki\u1ec7n Gi\u00e1ng [&#8230;]\n","protected":false},"author":1,"featured_media":0,"parent":67,"menu_order":0,"comment_status":"closed","ping_status":"closed","template":"page-right-sidebar.php","meta":[],"_links":{"self":[{"href":"https:\/\/themex.myonter.com\/event3\/wp-json\/wp\/v2\/pages\/79"}],"collection":[{"href":"https:\/\/themex.myonter.com\/event3\/wp-json\/wp\/v2\/pages"}],"about":[{"href":"https:\/\/themex.myonter.com\/event3\/wp-json\/wp\/v2\/types\/page"}],"author":[{"embeddable":true,"href":"https:\/\/themex.myonter.com\/event3\/wp-json\/wp\/v2\/users\/1"}],"replies":[{"embeddable":true,"href":"https:\/\/themex.myonter.com\/event3\/wp-json\/wp\/v2\/comments?post=79"}],"version-history":[{"count":2,"href":"https:\/\/themex.myonter.com\/event3\/wp-json\/wp\/v2\/pages\/79\/revisions"}],"predecessor-version":[{"id":542,"href":"https:\/\/themex.myonter.com\/event3\/wp-json\/wp\/v2\/pages\/79\/revisions\/542"}],"up":[{"embeddable":true,"href":"https:\/\/themex.myonter.com\/event3\/wp-json\/wp\/v2\/pages\/67"}],"wp:attachment":[{"href":"https:\/\/themex.myonter.com\/event3\/wp-json\/wp\/v2\/media?parent=79"}],"curies":[{"name":"wp","href":"https:\/\/api.w.org\/{rel}","templated":true}]}}