{"id":551,"date":"2017-10-05T01:58:01","date_gmt":"2017-10-04T18:58:01","guid":{"rendered":"https:\/\/themex.myonter.com\/mevabe\/?page_id=551"},"modified":"2017-10-11T15:11:22","modified_gmt":"2017-10-11T08:11:22","slug":"tin-khuyen-mai","status":"publish","type":"page","link":"https:\/\/themex.myonter.com\/mevabe\/tin-khuyen-mai\/","title":{"rendered":"Tin khuy\u1ebfn m\u1ea1i"},"content":{"rendered":"\t<section class=\"section\" id=\"section_317462461\">\n\t\t<div class=\"bg section-bg fill bg-fill  bg-loaded\" >\n\n\t\t\t\n\t\t\t\n\t\t\t\n\n\t\t<\/div><!-- .section-bg -->\n\n\t\t<div class=\"section-content relative\">\n\t\t\t\n<div class=\"row row-small\"  id=\"row-1431659409\">\n<div class=\"col small-12 large-12\"  ><div class=\"col-inner\"  >\n<h3 style=\"text-align: center;\"><strong>TH\u00d4NG TIN KHUY\u1ebeN M\u1ea0I<\/strong><\/h3>\n<p style=\"text-align: center;\">T\u00ecm ki\u1ebfm nh\u1eefng s\u1ea3n ph\u1ea9m khuy\u1ebfn m\u1ea1i h\u1ea5p d\u1eabn nh\u1ea5t \u0111\u1ec3 ti\u1ebft ki\u1ec7m h\u1ea7u bao cho ch\u00ednh gia \u0111\u00ecnh m\u00ecnh!<\/p>\n<\/div><\/div>\n<div class=\"col medium-4 small-12 large-4\"  ><div class=\"col-inner\"  >\n\t<div class=\"img has-hover x md-x lg-x y md-y lg-y\" id=\"image_851878592\">\n\t\t\t\t\t\t\t\t<div class=\"img-inner dark\" >\n\t\t\t<img width=\"792\" height=\"792\" src=\"https:\/\/themex.myonter.com\/mevabe\/wp-content\/uploads\/2017\/10\/470be81ddd1d8864ee4e18de2fe372b7.jpg\" class=\"attachment-original size-original\" alt=\"\" loading=\"lazy\" srcset=\"https:\/\/themex.myonter.com\/mevabe\/wp-content\/uploads\/2017\/10\/470be81ddd1d8864ee4e18de2fe372b7.jpg 792w, https:\/\/themex.myonter.com\/mevabe\/wp-content\/uploads\/2017\/10\/470be81ddd1d8864ee4e18de2fe372b7-150x150.jpg 150w, https:\/\/themex.myonter.com\/mevabe\/wp-content\/uploads\/2017\/10\/470be81ddd1d8864ee4e18de2fe372b7-300x300.jpg 300w, https:\/\/themex.myonter.com\/mevabe\/wp-content\/uploads\/2017\/10\/470be81ddd1d8864ee4e18de2fe372b7-768x768.jpg 768w, https:\/\/themex.myonter.com\/mevabe\/wp-content\/uploads\/2017\/10\/470be81ddd1d8864ee4e18de2fe372b7-180x180.jpg 180w, https:\/\/themex.myonter.com\/mevabe\/wp-content\/uploads\/2017\/10\/470be81ddd1d8864ee4e18de2fe372b7-600x600.jpg 600w\" sizes=\"(max-width: 792px) 100vw, 792px\" \/>\t\t\t\t\t\t\n\t\t\t\t\t<\/div>\n\t\t\t\t\t\t\t\t\n<style scope=\"scope\">\n\n#image_851878592 {\n  width: 100%;\n}\n<\/style>\n\t<\/div>\n\t\n<\/div><\/div>\n<div class=\"col medium-4 small-12 large-4\"  ><div class=\"col-inner\"  >\n\t<div class=\"img has-hover x md-x lg-x y md-y lg-y\" id=\"image_1331210100\">\n\t\t\t\t\t\t\t\t<div class=\"img-inner dark\" >\n\t\t\t<img width=\"792\" height=\"390\" src=\"https:\/\/themex.myonter.com\/mevabe\/wp-content\/uploads\/2017\/10\/b2f0334dc14c585ff0f414d8c6cdc485.jpg\" class=\"attachment-original size-original\" alt=\"\" loading=\"lazy\" srcset=\"https:\/\/themex.myonter.com\/mevabe\/wp-content\/uploads\/2017\/10\/b2f0334dc14c585ff0f414d8c6cdc485.jpg 792w, https:\/\/themex.myonter.com\/mevabe\/wp-content\/uploads\/2017\/10\/b2f0334dc14c585ff0f414d8c6cdc485-300x148.jpg 300w, https:\/\/themex.myonter.com\/mevabe\/wp-content\/uploads\/2017\/10\/b2f0334dc14c585ff0f414d8c6cdc485-768x378.jpg 768w\" sizes=\"(max-width: 792px) 100vw, 792px\" \/>\t\t\t\t\t\t\n\t\t\t\t\t<\/div>\n\t\t\t\t\t\t\t\t\n<style scope=\"scope\">\n\n#image_1331210100 {\n  width: 100%;\n}\n<\/style>\n\t<\/div>\n\t\n\t<div class=\"img has-hover x md-x lg-x y md-y lg-y\" id=\"image_521030692\">\n\t\t\t\t\t\t\t\t<div class=\"img-inner dark\" >\n\t\t\t<img width=\"792\" height=\"390\" src=\"https:\/\/themex.myonter.com\/mevabe\/wp-content\/uploads\/2017\/10\/6abc6c46c38b07d5b83f060144dbf990.jpg\" class=\"attachment-original size-original\" alt=\"\" loading=\"lazy\" srcset=\"https:\/\/themex.myonter.com\/mevabe\/wp-content\/uploads\/2017\/10\/6abc6c46c38b07d5b83f060144dbf990.jpg 792w, https:\/\/themex.myonter.com\/mevabe\/wp-content\/uploads\/2017\/10\/6abc6c46c38b07d5b83f060144dbf990-300x148.jpg 300w, https:\/\/themex.myonter.com\/mevabe\/wp-content\/uploads\/2017\/10\/6abc6c46c38b07d5b83f060144dbf990-768x378.jpg 768w\" sizes=\"(max-width: 792px) 100vw, 792px\" \/>\t\t\t\t\t\t\n\t\t\t\t\t<\/div>\n\t\t\t\t\t\t\t\t\n<style scope=\"scope\">\n\n#image_521030692 {\n  width: 100%;\n}\n<\/style>\n\t<\/div>\n\t\n<\/div><\/div>\n<div class=\"col medium-4 small-12 large-4\"  ><div class=\"col-inner\"  >\n\t<div class=\"img has-hover x md-x lg-x y md-y lg-y\" id=\"image_559170436\">\n\t\t\t\t\t\t\t\t<div class=\"img-inner dark\" >\n\t\t\t<img width=\"792\" height=\"390\" src=\"https:\/\/themex.myonter.com\/mevabe\/wp-content\/uploads\/2017\/10\/567249fb43ed575d33d1577d393a2384.png\" class=\"attachment-original size-original\" alt=\"\" loading=\"lazy\" srcset=\"https:\/\/themex.myonter.com\/mevabe\/wp-content\/uploads\/2017\/10\/567249fb43ed575d33d1577d393a2384.png 792w, https:\/\/themex.myonter.com\/mevabe\/wp-content\/uploads\/2017\/10\/567249fb43ed575d33d1577d393a2384-300x148.png 300w, https:\/\/themex.myonter.com\/mevabe\/wp-content\/uploads\/2017\/10\/567249fb43ed575d33d1577d393a2384-768x378.png 768w\" sizes=\"(max-width: 792px) 100vw, 792px\" \/>\t\t\t\t\t\t\n\t\t\t\t\t<\/div>\n\t\t\t\t\t\t\t\t\n<style scope=\"scope\">\n\n#image_559170436 {\n  width: 100%;\n}\n<\/style>\n\t<\/div>\n\t\n\t<div class=\"img has-hover x md-x lg-x y md-y lg-y\" id=\"image_1115837289\">\n\t\t\t\t\t\t\t\t<div class=\"img-inner dark\" >\n\t\t\t<img width=\"792\" height=\"390\" src=\"https:\/\/themex.myonter.com\/mevabe\/wp-content\/uploads\/2017\/10\/ade92cc6d705fb91d6d139070d87d07b.jpg\" class=\"attachment-large size-large\" alt=\"\" loading=\"lazy\" srcset=\"https:\/\/themex.myonter.com\/mevabe\/wp-content\/uploads\/2017\/10\/ade92cc6d705fb91d6d139070d87d07b.jpg 792w, https:\/\/themex.myonter.com\/mevabe\/wp-content\/uploads\/2017\/10\/ade92cc6d705fb91d6d139070d87d07b-300x148.jpg 300w, https:\/\/themex.myonter.com\/mevabe\/wp-content\/uploads\/2017\/10\/ade92cc6d705fb91d6d139070d87d07b-768x378.jpg 768w\" sizes=\"(max-width: 792px) 100vw, 792px\" \/>\t\t\t\t\t\t\n\t\t\t\t\t<\/div>\n\t\t\t\t\t\t\t\t\n<style scope=\"scope\">\n\n#image_1115837289 {\n  width: 100%;\n}\n<\/style>\n\t<\/div>\n\t\n<\/div><\/div>\n\n<style scope=\"scope\">\n\n<\/style>\n<\/div>\n\t\t<\/div><!-- .section-content -->\n\n\t\t\n<style scope=\"scope\">\n\n#section_317462461 {\n  padding-top: 30px;\n  padding-bottom: 30px;\n}\n<\/style>\n\t<\/section>\n\t\n","protected":false},"excerpt":{"rendered":"","protected":false},"author":1,"featured_media":0,"parent":0,"menu_order":0,"comment_status":"closed","ping_status":"closed","template":"","meta":[],"_links":{"self":[{"href":"https:\/\/themex.myonter.com\/mevabe\/wp-json\/wp\/v2\/pages\/551"}],"collection":[{"href":"https:\/\/themex.myonter.com\/mevabe\/wp-json\/wp\/v2\/pages"}],"about":[{"href":"https:\/\/themex.myonter.com\/mevabe\/wp-json\/wp\/v2\/types\/page"}],"author":[{"embeddable":true,"href":"https:\/\/themex.myonter.com\/mevabe\/wp-json\/wp\/v2\/users\/1"}],"replies":[{"embeddable":true,"href":"https:\/\/themex.myonter.com\/mevabe\/wp-json\/wp\/v2\/comments?post=551"}],"version-history":[{"count":0,"href":"https:\/\/themex.myonter.com\/mevabe\/wp-json\/wp\/v2\/pages\/551\/revisions"}],"wp:attachment":[{"href":"https:\/\/themex.myonter.com\/mevabe\/wp-json\/wp\/v2\/media?parent=551"}],"curies":[{"name":"wp","href":"https:\/\/api.w.org\/{rel}","templated":true}]}}