{"id":15,"date":"2018-02-23T10:58:46","date_gmt":"2018-02-23T03:58:46","guid":{"rendered":"https:\/\/bizhostvn.com\/w\/noithat2\/?page_id=15"},"modified":"2018-03-03T09:49:30","modified_gmt":"2018-03-03T02:49:30","slug":"gioi-thieu","status":"publish","type":"page","link":"https:\/\/themex.myonter.com\/noithat2\/gioi-thieu\/","title":{"rendered":"Gi\u1edbi thi\u1ec7u"},"content":{"rendered":"\t<div class=\"img has-hover x md-x lg-x y md-y lg-y\" id=\"image_1434101658\">\n\t\t\t\t\t\t\t\t<div class=\"img-inner image-cover dark\" style=\"padding-top:25%;\">\n\t\t\t<img width=\"1920\" height=\"643\" src=\"https:\/\/themex.myonter.com\/noithat2\/wp-content\/uploads\/2018\/02\/bedroom-breathtaking-bedroom-furniture-modern-bedroom-furniture-within-measurements-2887-x-2024-1.jpg\" class=\"attachment-original size-original\" alt=\"\" loading=\"lazy\" srcset=\"https:\/\/themex.myonter.com\/noithat2\/wp-content\/uploads\/2018\/02\/bedroom-breathtaking-bedroom-furniture-modern-bedroom-furniture-within-measurements-2887-x-2024-1.jpg 1920w, https:\/\/themex.myonter.com\/noithat2\/wp-content\/uploads\/2018\/02\/bedroom-breathtaking-bedroom-furniture-modern-bedroom-furniture-within-measurements-2887-x-2024-1-300x100.jpg 300w, https:\/\/themex.myonter.com\/noithat2\/wp-content\/uploads\/2018\/02\/bedroom-breathtaking-bedroom-furniture-modern-bedroom-furniture-within-measurements-2887-x-2024-1-768x257.jpg 768w, https:\/\/themex.myonter.com\/noithat2\/wp-content\/uploads\/2018\/02\/bedroom-breathtaking-bedroom-furniture-modern-bedroom-furniture-within-measurements-2887-x-2024-1-1024x343.jpg 1024w, https:\/\/themex.myonter.com\/noithat2\/wp-content\/uploads\/2018\/02\/bedroom-breathtaking-bedroom-furniture-modern-bedroom-furniture-within-measurements-2887-x-2024-1-600x201.jpg 600w\" sizes=\"(max-width: 1920px) 100vw, 1920px\" \/>\t\t\t\t\t\t\n\t\t\t\t\t<\/div>\n\t\t\t\t\t\t\t\t\n<style scope=\"scope\">\n\n#image_1434101658 {\n  width: 100%;\n}\n<\/style>\n\t<\/div>\n\t\n\t<section class=\"section\" id=\"section_40148559\">\n\t\t<div class=\"bg section-bg fill bg-fill bg-loaded bg-loaded\" >\n\n\t\t\t\n\t\t\t\n\t\t\t\n\n\t\t<\/div><!-- .section-bg -->\n\n\t\t<div class=\"section-content relative\">\n\t\t\t\n<div class=\"row\"  id=\"row-102684761\">\n<div class=\"col medium-6 small-12 large-6\"  ><div class=\"col-inner\"  >\n<p>\u00a0<\/p>\n<p><strong>N\u1ed9i th\u1ea5t C&amp;C \u201cChi ph\u00ed t\u1ed1i gi\u1ea3n \u2013 \u0110\u1eb3ng c\u1ea5p sang tr\u1ecdng\u201d<\/strong><\/p>\n<p>V\u1edbi kinh nghi\u1ec7m 10 n\u0103m trong ngh\u1ec1, N\u1ed9i th\u1ea5t C&amp;C lu\u00f4n \u0111\u00e1p \u1ee9ng nhu c\u1ea7u c\u1ee7a m\u1ed7i c\u00f4ng tr\u00ecnh qua t\u1eebng s\u1ea3n ph\u1ea9m.<\/p>\n<p>C\u00e1c m\u1eabu gh\u1ebf sofa \u0111\u1eb9p c\u1ee7a c\u00f4ng ty N\u1ed9i th\u1ea5t C&amp;C \u0111\u01b0\u1ee3c thi\u1ebft k\u1ebf sang tr\u1ecdng v\u00e0 hi\u1ec7n \u0111\u1ea1i d\u1ef1a tr\u00ean c\u00e1c b\u1ed9 s\u01b0u t\u1eadp gh\u1ebf sofa n\u1ed5i ti\u1ebfng t\u1ea1i ch\u00e2u \u00c2u, ch\u00e2u \u00c1<\/p>\n<p>C\u00e1c s\u1ea3n ph\u1ea9m t\u1ea1i C&amp;C \u0111\u01b0\u1ee3c qu\u1ea3n l\u00fd ngay t\u1eeb c\u00e1c v\u1eadt li\u1ec7u \u0111\u1ea7u v\u00e0o. C\u00f4ng \u0111o\u1ea1n s\u1ea3n xu\u1ea5t v\u1edbi ph\u1ea7n khung ho\u00e0n to\u00e0n b\u1eb1ng g\u1ed7 t\u1ef1 nhi\u00ean; \u0111\u00e3 qua x\u1eed l\u00fd t\u1ea9m s\u1ea5y ch\u1ed1ng m\u1ed1i m\u1ecdt, cong v\u00eanh, b\u1ecdc b\u1eb1ng ch\u1ea5t li\u1ec7u da, n\u1ec9, v\u1ea3i cao c\u1ea5p c\u00f3 xu\u1ea5t x\u1ee9, ngu\u1ed3n g\u1ed1c r\u00f5 r\u00e0ng c\u1ee7a Indonesia, H\u00e0n Qu\u1ed1c, Nh\u1eadt B\u1ea3n&#8230; \u0111\u1ea3m b\u1ea3o c\u1ea3 v\u1ec1 th\u1ea9m m\u1ef9 v\u00e0 ch\u1ea5t l\u01b0\u1ee3ng.<\/p>\n<p>B\u1ea3o h\u00e0nh h\u00e0ng h\u00f3a trong v\u00f2ng 12 th\u00e1ng cho c\u00e1c tr\u01b0\u1eddng h\u1ee3p l\u1ed7i v\u1ec1 nguy\u00ean v\u1eadt li\u1ec7u ho\u1eb7c k\u1ef9 thu\u1eadt trong qu\u00e1 tr\u00ecnh s\u1ea3n xu\u1ea5t hay l\u1eafp \u0111\u1eb7t.<\/p>\n<div class=\"social-icons share-icons share-row relative icon-style-fill \" ><a href=\"\/\/www.facebook.com\/sharer.php?u=https:\/\/themex.myonter.com\/noithat2\/gioi-thieu\/\" data-label=\"Facebook\" onclick=\"window.open(this.href,this.title,'width=500,height=500,top=300px,left=300px');  return false;\" rel=\"noopener noreferrer nofollow\" target=\"_blank\" class=\"icon primary button circle tooltip facebook\" title=\"Share on Facebook\"><i class=\"icon-facebook\" ><\/i><\/a><a href=\"mailto:enteryour@addresshere.com?subject=Gi%E1%BB%9Bi%20thi%E1%BB%87u&amp;body=Check%20this%20out:%20https:\/\/themex.myonter.com\/noithat2\/gioi-thieu\/\" rel=\"nofollow\" class=\"icon primary button circle tooltip email\" title=\"Email to a Friend\"><i class=\"icon-envelop\" ><\/i><\/a><a href=\"\/\/pinterest.com\/pin\/create\/button\/?url=https:\/\/themex.myonter.com\/noithat2\/gioi-thieu\/&amp;media=&amp;description=Gi%E1%BB%9Bi%20thi%E1%BB%87u\" onclick=\"window.open(this.href,this.title,'width=500,height=500,top=300px,left=300px');  return false;\" rel=\"noopener noreferrer nofollow\" target=\"_blank\" class=\"icon primary button circle tooltip pinterest\" title=\"Pin on Pinterest\"><i class=\"icon-pinterest\" ><\/i><\/a><a href=\"\/\/plus.google.com\/share?url=https:\/\/themex.myonter.com\/noithat2\/gioi-thieu\/\" target=\"_blank\" class=\"icon primary button circle tooltip google-plus\" onclick=\"window.open(this.href,this.title,'width=500,height=500,top=300px,left=300px');  return false;\" rel=\"noopener noreferrer nofollow\" title=\"Share on Google+\"><i class=\"icon-google-plus\" ><\/i><\/a><\/div>\n<\/div><\/div>\n<div class=\"col medium-6 small-12 large-6\"  ><div class=\"col-inner\"  >\n\t<div class=\"img has-hover x md-x lg-x y md-y lg-y\" id=\"image_255513542\">\n\t\t\t\t\t\t\t\t<div class=\"img-inner dark\" >\n\t\t\t<img width=\"1512\" height=\"1007\" src=\"https:\/\/themex.myonter.com\/noithat2\/wp-content\/uploads\/2018\/02\/gi\u1edbi-thi\u1ec7u-onter.vn_.jpg\" class=\"attachment-original size-original\" alt=\"\" loading=\"lazy\" srcset=\"https:\/\/themex.myonter.com\/noithat2\/wp-content\/uploads\/2018\/02\/gi\u1edbi-thi\u1ec7u-onter.vn_.jpg 1512w, https:\/\/themex.myonter.com\/noithat2\/wp-content\/uploads\/2018\/02\/gi\u1edbi-thi\u1ec7u-onter.vn_-300x200.jpg 300w, https:\/\/themex.myonter.com\/noithat2\/wp-content\/uploads\/2018\/02\/gi\u1edbi-thi\u1ec7u-onter.vn_-768x511.jpg 768w, https:\/\/themex.myonter.com\/noithat2\/wp-content\/uploads\/2018\/02\/gi\u1edbi-thi\u1ec7u-onter.vn_-1024x682.jpg 1024w, https:\/\/themex.myonter.com\/noithat2\/wp-content\/uploads\/2018\/02\/gi\u1edbi-thi\u1ec7u-onter.vn_-600x400.jpg 600w\" sizes=\"(max-width: 1512px) 100vw, 1512px\" \/>\t\t\t\t\t\t\n\t\t\t\t\t<\/div>\n\t\t\t\t\t\t\t\t\n<style scope=\"scope\">\n\n#image_255513542 {\n  width: 100%;\n}\n<\/style>\n\t<\/div>\n\t\n<p><span style=\"font-size: 95%;\">Ch\u00fang t\u00f4i s\u1ea3n xu\u1ea5t theo \u0111\u01a1n \u0111\u1eb7t v\u00e0 t\u01b0 v\u1eabn mi\u1ec5n ph\u00ed c\u00e1c lo\u1ea1i v\u1eadt li\u1ec7u, m\u00e0u s\u1eafc, c\u00e1ch b\u1ea3o d\u01b0\u1ee1ng sao cho ph\u00f9 h\u1ee3p v\u1edbi kh\u00f4ng gian c\u0169ng nh\u01b0 \u0111\u1ed9 b\u1ec1n c\u1ee7a s\u1ea3n ph\u1ea9m.<\/span><\/p>\n<p><span style=\"font-size: 95%;\"><strong>C\u00f4ng Ty C\u1ed5 Ph\u1ea7n T\u01b0 V\u1ea5n V\u00e0 \u0110\u1ea7u T\u01b0 X\u00e2y D\u1ef1ng C&amp;C<br \/><\/strong><\/span><span style=\"font-size: 95%;\">&#8211; <strong>\u0110\u1ecba ch\u1ec9:<\/strong> 79 Hu\u1ef3nh Th\u00fac Kh\u00e1ng \u2013 Qu\u1eadn H\u00e0 \u0110\u00f4ng \u2013 H\u00e0 N\u1ed9i<br \/><\/span><span style=\"font-size: 95%;\">&#8211; <strong>VPGD:<\/strong> 38 Ho\u00e0ng Ng\u00e2n \u2013 C\u1ea7u Gi\u1ea5y \u2013 H\u00e0 N\u1ed9i<br \/><\/span><span style=\"font-size: 95%;\">&#8211; <strong>MST:\u00a0<\/strong> 0106603600<\/span><\/p>\n<\/div><\/div>\n<div class=\"col small-12 large-12\"  ><div class=\"col-inner\"  >\n\t<div class=\"img has-hover x md-x lg-x y md-y lg-y\" id=\"image_525521491\">\n\t\t\t\t\t\t\t\t<div class=\"img-inner image-cover dark\" style=\"padding-top:25%;\">\n\t\t\t<img width=\"1920\" height=\"739\" src=\"https:\/\/themex.myonter.com\/noithat2\/wp-content\/uploads\/2018\/02\/63852508-furniture-wallpapers.jpg\" class=\"attachment-original size-original\" alt=\"\" loading=\"lazy\" srcset=\"https:\/\/themex.myonter.com\/noithat2\/wp-content\/uploads\/2018\/02\/63852508-furniture-wallpapers.jpg 1920w, https:\/\/themex.myonter.com\/noithat2\/wp-content\/uploads\/2018\/02\/63852508-furniture-wallpapers-300x115.jpg 300w, https:\/\/themex.myonter.com\/noithat2\/wp-content\/uploads\/2018\/02\/63852508-furniture-wallpapers-768x296.jpg 768w, https:\/\/themex.myonter.com\/noithat2\/wp-content\/uploads\/2018\/02\/63852508-furniture-wallpapers-1024x394.jpg 1024w, https:\/\/themex.myonter.com\/noithat2\/wp-content\/uploads\/2018\/02\/63852508-furniture-wallpapers-600x231.jpg 600w\" sizes=\"(max-width: 1920px) 100vw, 1920px\" \/>\t\t\t\t\t\t\n\t\t\t\t\t<\/div>\n\t\t\t\t\t\t\t\t\n<style scope=\"scope\">\n\n#image_525521491 {\n  width: 100%;\n}\n<\/style>\n\t<\/div>\n\t\n<\/div><\/div>\n<div class=\"col medium-6 small-12 large-6\"  ><div class=\"col-inner\"  >\n<h3><strong>S\u1ea3n ph\u1ea9m n\u1ed9i th\u1ea5t<\/strong><\/h3>\n<p><span style=\"font-size: 95%;\">Ch\u00fang t\u00f4i nh\u1eadn thi\u1ebft k\u1ebf v\u00e0 s\u1ea3n xu\u1ea5t c\u00e1c s\u1ea3n ph\u1ea9m n\u1ed9i th\u1ea5t t\u1eeb b\u00ecnh d\u00e2n \u0111\u1ebfn cao c\u1ea5p, \u0111\u1ea3m b\u1ea3o ch\u1ea5t l\u01b0\u1ee3ng t\u1ed1t nh\u1ea5t m\u00e0 gi\u00e1 th\u00e0nh l\u1ea1i ph\u00f9 h\u1ee3p v\u1edbi \u0111\u00f4ng \u0111\u1ea3o ng\u01b0\u1eddi d\u00e2n.<\/span><\/p>\n<div class=\"row row-small\"  id=\"row-801763582\">\n<div class=\"col medium-3 small-6 large-3\"  ><div class=\"col-inner\"  >\n\n\t<a class=\"plain\" href=\"https:\/\/bizhostvn.com\/w\/noithat2\/danh-muc\/sofa\/\" target=\"_self\" >\t<div class=\"icon-box featured-box icon-box-center text-center\"  >\n\t\t\t\t\t<div class=\"icon-box-img\" style=\"width: 77px\">\n\t\t\t\t<div class=\"icon\">\n\t\t\t\t\t<div class=\"icon-inner\" >\n\t\t\t\t\t\t<img width=\"96\" height=\"58\" src=\"https:\/\/themex.myonter.com\/noithat2\/wp-content\/uploads\/2018\/02\/sofa-icon2.jpg\" class=\"attachment-medium size-medium\" alt=\"sofa-icon2\" loading=\"lazy\" \/>\t\t\t\t\t<\/div>\n\t\t\t\t<\/div>\n\t\t\t<\/div>\n\t\t\t\t<div class=\"icon-box-text last-reset\">\n\t\t\t\t\t\t\t\t\t\n<p style=\"text-align: center;\">sofa<\/p>\n\t\t<\/div>\n\t<\/div><!-- .icon-box -->\n\t<\/a>\n\t\n<\/div><\/div>\n<div class=\"col medium-3 small-6 large-3\"  ><div class=\"col-inner\"  >\n\n\t<a class=\"plain\" href=\"https:\/\/bizhostvn.com\/w\/noithat2\/danh-muc\/giuong-ngu\/\" target=\"_self\" >\t<div class=\"icon-box featured-box icon-box-center text-center\"  >\n\t\t\t\t\t<div class=\"icon-box-img\" style=\"width: 77px\">\n\t\t\t\t<div class=\"icon\">\n\t\t\t\t\t<div class=\"icon-inner\" >\n\t\t\t\t\t\t<img width=\"96\" height=\"58\" src=\"https:\/\/themex.myonter.com\/noithat2\/wp-content\/uploads\/2018\/02\/dau-giuong-icon.jpg\" class=\"attachment-medium size-medium\" alt=\"\" loading=\"lazy\" \/>\t\t\t\t\t<\/div>\n\t\t\t\t<\/div>\n\t\t\t<\/div>\n\t\t\t\t<div class=\"icon-box-text last-reset\">\n\t\t\t\t\t\t\t\t\t\n<p style=\"text-align: center;\">k\u1ec7 gi\u01b0\u1eddng<\/p>\n\t\t<\/div>\n\t<\/div><!-- .icon-box -->\n\t<\/a>\n\t\n<\/div><\/div>\n<div class=\"col medium-3 small-6 large-3\"  ><div class=\"col-inner\"  >\n\n\t<a class=\"plain\" href=\"https:\/\/bizhostvn.com\/w\/noithat2\/danh-muc\/ghe\/\" target=\"_self\" >\t<div class=\"icon-box featured-box icon-box-center text-center\"  >\n\t\t\t\t\t<div class=\"icon-box-img\" style=\"width: 77px\">\n\t\t\t\t<div class=\"icon\">\n\t\t\t\t\t<div class=\"icon-inner\" >\n\t\t\t\t\t\t<img width=\"96\" height=\"58\" src=\"https:\/\/themex.myonter.com\/noithat2\/wp-content\/uploads\/2018\/02\/chair-icon.jpg\" class=\"attachment-medium size-medium\" alt=\"\" loading=\"lazy\" \/>\t\t\t\t\t<\/div>\n\t\t\t\t<\/div>\n\t\t\t<\/div>\n\t\t\t\t<div class=\"icon-box-text last-reset\">\n\t\t\t\t\t\t\t\t\t\n<p style=\"text-align: center;\">gh\u1ebf cao c\u1ea5p<\/p>\n\t\t<\/div>\n\t<\/div><!-- .icon-box -->\n\t<\/a>\n\t\n<\/div><\/div>\n<div class=\"col medium-3 small-6 large-3\"  ><div class=\"col-inner\"  >\n\n\t<a class=\"plain\" href=\"https:\/\/bizhostvn.com\/w\/noithat2\/danh-muc\/ke-tivi\/\" target=\"_self\" >\t<div class=\"icon-box featured-box icon-box-center text-center\"  >\n\t\t\t\t\t<div class=\"icon-box-img\" style=\"width: 77px\">\n\t\t\t\t<div class=\"icon\">\n\t\t\t\t\t<div class=\"icon-inner\" >\n\t\t\t\t\t\t<img width=\"96\" height=\"58\" src=\"https:\/\/themex.myonter.com\/noithat2\/wp-content\/uploads\/2018\/02\/ketivi-icon.jpg\" class=\"attachment-medium size-medium\" alt=\"\" loading=\"lazy\" \/>\t\t\t\t\t<\/div>\n\t\t\t\t<\/div>\n\t\t\t<\/div>\n\t\t\t\t<div class=\"icon-box-text last-reset\">\n\t\t\t\t\t\t\t\t\t\n<p style=\"text-align: center;\">k\u1ec7 tivi<\/p>\n\t\t<\/div>\n\t<\/div><!-- .icon-box -->\n\t<\/a>\n\t\n<\/div><\/div>\n\n<style scope=\"scope\">\n\n<\/style>\n<\/div>\n<\/div><\/div>\n<div class=\"col medium-6 small-12 large-6\"  ><div class=\"col-inner\"  >\n\t<div class=\"img has-hover x md-x lg-x y md-y lg-y\" id=\"image_571383750\">\n\t\t\t\t\t\t\t\t<div class=\"img-inner image-cover dark\" style=\"padding-top:60%;\">\n\t\t\t<img width=\"900\" height=\"900\" src=\"https:\/\/themex.myonter.com\/noithat2\/wp-content\/uploads\/2018\/02\/cabinet-design-for-small-living-room-living-room-cabinets-india-living-room-interior-design-photo-gallery-furniture-catalog-pdf-wooden-sofa-designs-for-living-room.jpg\" class=\"attachment-original size-original\" alt=\"\" loading=\"lazy\" srcset=\"https:\/\/themex.myonter.com\/noithat2\/wp-content\/uploads\/2018\/02\/cabinet-design-for-small-living-room-living-room-cabinets-india-living-room-interior-design-photo-gallery-furniture-catalog-pdf-wooden-sofa-designs-for-living-room.jpg 900w, https:\/\/themex.myonter.com\/noithat2\/wp-content\/uploads\/2018\/02\/cabinet-design-for-small-living-room-living-room-cabinets-india-living-room-interior-design-photo-gallery-furniture-catalog-pdf-wooden-sofa-designs-for-living-room-150x150.jpg 150w, https:\/\/themex.myonter.com\/noithat2\/wp-content\/uploads\/2018\/02\/cabinet-design-for-small-living-room-living-room-cabinets-india-living-room-interior-design-photo-gallery-furniture-catalog-pdf-wooden-sofa-designs-for-living-room-300x300.jpg 300w, https:\/\/themex.myonter.com\/noithat2\/wp-content\/uploads\/2018\/02\/cabinet-design-for-small-living-room-living-room-cabinets-india-living-room-interior-design-photo-gallery-furniture-catalog-pdf-wooden-sofa-designs-for-living-room-768x768.jpg 768w, https:\/\/themex.myonter.com\/noithat2\/wp-content\/uploads\/2018\/02\/cabinet-design-for-small-living-room-living-room-cabinets-india-living-room-interior-design-photo-gallery-furniture-catalog-pdf-wooden-sofa-designs-for-living-room-600x600.jpg 600w, https:\/\/themex.myonter.com\/noithat2\/wp-content\/uploads\/2018\/02\/cabinet-design-for-small-living-room-living-room-cabinets-india-living-room-interior-design-photo-gallery-furniture-catalog-pdf-wooden-sofa-designs-for-living-room-100x100.jpg 100w\" sizes=\"(max-width: 900px) 100vw, 900px\" \/>\t\t\t\t\t\t\n\t\t\t\t\t<\/div>\n\t\t\t\t\t\t\t\t\n<style scope=\"scope\">\n\n#image_571383750 {\n  width: 100%;\n}\n<\/style>\n\t<\/div>\n\t\n<\/div><\/div>\n<div class=\"col medium-6 small-12 large-6\"  ><div class=\"col-inner\"  >\n\t<div class=\"img has-hover x md-x lg-x y md-y lg-y\" id=\"image_219350756\">\n\t\t\t\t\t\t\t\t<div class=\"img-inner image-cover dark\" style=\"padding-top:60%;\">\n\t\t\t<img width=\"3000\" height=\"2400\" src=\"https:\/\/themex.myonter.com\/noithat2\/wp-content\/uploads\/2018\/02\/slide1.jpg\" class=\"attachment-original size-original\" alt=\"\" loading=\"lazy\" srcset=\"https:\/\/themex.myonter.com\/noithat2\/wp-content\/uploads\/2018\/02\/slide1.jpg 3000w, https:\/\/themex.myonter.com\/noithat2\/wp-content\/uploads\/2018\/02\/slide1-300x240.jpg 300w, https:\/\/themex.myonter.com\/noithat2\/wp-content\/uploads\/2018\/02\/slide1-768x614.jpg 768w, https:\/\/themex.myonter.com\/noithat2\/wp-content\/uploads\/2018\/02\/slide1-1024x819.jpg 1024w, https:\/\/themex.myonter.com\/noithat2\/wp-content\/uploads\/2018\/02\/slide1-600x480.jpg 600w\" sizes=\"(max-width: 3000px) 100vw, 3000px\" \/>\t\t\t\t\t\t\n\t\t\t\t\t<\/div>\n\t\t\t\t\t\t\t\t\n<style scope=\"scope\">\n\n#image_219350756 {\n  width: 100%;\n}\n<\/style>\n\t<\/div>\n\t\n<\/div><\/div>\n<div class=\"col medium-6 small-12 large-6\"  ><div class=\"col-inner\"  >\n<h3><strong>D\u1ecbch v\u1ee5 x\u00e2y d\u1ef1ng<\/strong><\/h3>\n<p><span style=\"font-size: 95%;\">V\u1edbi \u0111\u1ed9i ng\u0169 k\u1ef9 thu\u1eadt l\u00e0nh ngh\u1ec1, ch\u00fang t\u00f4i nh\u1eadn thi c\u00f4ng c\u00e1c h\u1ea1ng m\u1ee5c x\u00e2y d\u1ef1ng \u0111\u1ea3m b\u1ea3o \u0111\u00fang thi\u1ebft k\u1ebf, \u0111\u00fang ti\u1ebfn \u0111\u1ed9 v\u00e0 y\u00eau c\u1ea7u c\u1ee7a kh\u00e1ch h\u00e0ng. Chi ph\u00ed x\u00e2y d\u1ef1ng h\u1ee3p l\u00fd.<\/span><\/p>\n<div class=\"row row-small\"  id=\"row-1863326977\">\n<div class=\"col medium-3 small-6 large-3\"  ><div class=\"col-inner\"  >\n\n\t<a class=\"plain\" href=\"https:\/\/bizhostvn.com\/w\/noithat2\/bai-viet\/lap-dat-dien-nuoc\/\" target=\"_self\" >\t<div class=\"icon-box featured-box icon-box-center text-center\"  >\n\t\t\t\t\t<div class=\"icon-box-img\" style=\"width: 77px\">\n\t\t\t\t<div class=\"icon\">\n\t\t\t\t\t<div class=\"icon-inner\" >\n\t\t\t\t\t\t<img width=\"96\" height=\"58\" src=\"https:\/\/themex.myonter.com\/noithat2\/wp-content\/uploads\/2018\/02\/sua-chua-dien-nuoc-icon.jpg\" class=\"attachment-medium size-medium\" alt=\"\" loading=\"lazy\" \/>\t\t\t\t\t<\/div>\n\t\t\t\t<\/div>\n\t\t\t<\/div>\n\t\t\t\t<div class=\"icon-box-text last-reset\">\n\t\t\t\t\t\t\t\t\t\n<p style=\"text-align: center;\">l\u1eafp \u0111\u1eb7t \u0111i\u1ec7n n\u01b0\u1edbc<\/p>\n\t\t<\/div>\n\t<\/div><!-- .icon-box -->\n\t<\/a>\n\t\n<\/div><\/div>\n<div class=\"col medium-3 small-6 large-3\"  ><div class=\"col-inner\"  >\n\n\t<a class=\"plain\" href=\"https:\/\/bizhostvn.com\/w\/noithat2\/bai-viet\/tran-thach-cao\/\" target=\"_self\" >\t<div class=\"icon-box featured-box icon-box-center text-center\"  >\n\t\t\t\t\t<div class=\"icon-box-img\" style=\"width: 77px\">\n\t\t\t\t<div class=\"icon\">\n\t\t\t\t\t<div class=\"icon-inner\" >\n\t\t\t\t\t\t<img width=\"96\" height=\"58\" src=\"https:\/\/themex.myonter.com\/noithat2\/wp-content\/uploads\/2018\/02\/tr\u1ea7n-th\u1ea1ch-cao-icon.jpg\" class=\"attachment-medium size-medium\" alt=\"\" loading=\"lazy\" \/>\t\t\t\t\t<\/div>\n\t\t\t\t<\/div>\n\t\t\t<\/div>\n\t\t\t\t<div class=\"icon-box-text last-reset\">\n\t\t\t\t\t\t\t\t\t\n<p style=\"text-align: center;\">tr\u1ea7n th\u1ea1ch cao<\/p>\n\t\t<\/div>\n\t<\/div><!-- .icon-box -->\n\t<\/a>\n\t\n<\/div><\/div>\n<div class=\"col medium-3 small-6 large-3\"  ><div class=\"col-inner\"  >\n\n\t<a class=\"plain\" href=\"https:\/\/bizhostvn.com\/w\/noithat2\/bai-viet\/lap-dat-san-go\/\" target=\"_self\" >\t<div class=\"icon-box featured-box icon-box-center text-center\"  >\n\t\t\t\t\t<div class=\"icon-box-img\" style=\"width: 77px\">\n\t\t\t\t<div class=\"icon\">\n\t\t\t\t\t<div class=\"icon-inner\" >\n\t\t\t\t\t\t<img width=\"96\" height=\"58\" src=\"https:\/\/themex.myonter.com\/noithat2\/wp-content\/uploads\/2018\/02\/wood-floor-icon.jpg\" class=\"attachment-medium size-medium\" alt=\"\" loading=\"lazy\" \/>\t\t\t\t\t<\/div>\n\t\t\t\t<\/div>\n\t\t\t<\/div>\n\t\t\t\t<div class=\"icon-box-text last-reset\">\n\t\t\t\t\t\t\t\t\t\n<p style=\"text-align: center;\">l\u1eafp \u0111\u1eb7t s\u00e0n g\u1ed7<\/p>\n\t\t<\/div>\n\t<\/div><!-- .icon-box -->\n\t<\/a>\n\t\n<\/div><\/div>\n<div class=\"col medium-3 small-6 large-3\"  ><div class=\"col-inner\"  >\n\n\t<a class=\"plain\" href=\"https:\/\/bizhostvn.com\/w\/noithat2\/danh-muc\/ke-tivi\/\" target=\"_self\" >\t<div class=\"icon-box featured-box icon-box-center text-center\"  >\n\t\t\t\t\t<div class=\"icon-box-img\" style=\"width: 77px\">\n\t\t\t\t<div class=\"icon\">\n\t\t\t\t\t<div class=\"icon-inner\" >\n\t\t\t\t\t\t<img width=\"96\" height=\"58\" src=\"https:\/\/themex.myonter.com\/noithat2\/wp-content\/uploads\/2018\/02\/dieuhoa-icon.jpg\" class=\"attachment-medium size-medium\" alt=\"\" loading=\"lazy\" \/>\t\t\t\t\t<\/div>\n\t\t\t\t<\/div>\n\t\t\t<\/div>\n\t\t\t\t<div class=\"icon-box-text last-reset\">\n\t\t\t\t\t\t\t\t\t\n<p style=\"text-align: center;\">l\u1eafp \u0111\u1eb7t \u0111i\u1ec1u h\u00f2a<\/p>\n\t\t<\/div>\n\t<\/div><!-- .icon-box -->\n\t<\/a>\n\t\n<\/div><\/div>\n\n<style scope=\"scope\">\n\n<\/style>\n<\/div>\n<\/div><\/div>\n<\/div>\n\t\t<\/div><!-- .section-content -->\n\n\t\t\n<style scope=\"scope\">\n\n#section_40148559 {\n  padding-top: 30px;\n  padding-bottom: 30px;\n}\n<\/style>\n\t<\/section>\n\t\n","protected":false},"excerpt":{"rendered":"","protected":false},"author":1,"featured_media":0,"parent":0,"menu_order":0,"comment_status":"closed","ping_status":"closed","template":"page-blank.php","meta":[],"_links":{"self":[{"href":"https:\/\/themex.myonter.com\/noithat2\/wp-json\/wp\/v2\/pages\/15"}],"collection":[{"href":"https:\/\/themex.myonter.com\/noithat2\/wp-json\/wp\/v2\/pages"}],"about":[{"href":"https:\/\/themex.myonter.com\/noithat2\/wp-json\/wp\/v2\/types\/page"}],"author":[{"embeddable":true,"href":"https:\/\/themex.myonter.com\/noithat2\/wp-json\/wp\/v2\/users\/1"}],"replies":[{"embeddable":true,"href":"https:\/\/themex.myonter.com\/noithat2\/wp-json\/wp\/v2\/comments?post=15"}],"version-history":[{"count":60,"href":"https:\/\/themex.myonter.com\/noithat2\/wp-json\/wp\/v2\/pages\/15\/revisions"}],"predecessor-version":[{"id":808,"href":"https:\/\/themex.myonter.com\/noithat2\/wp-json\/wp\/v2\/pages\/15\/revisions\/808"}],"wp:attachment":[{"href":"https:\/\/themex.myonter.com\/noithat2\/wp-json\/wp\/v2\/media?parent=15"}],"curies":[{"name":"wp","href":"https:\/\/api.w.org\/{rel}","templated":true}]}}