{"id":667,"date":"2018-02-26T10:08:16","date_gmt":"2018-02-26T03:08:16","guid":{"rendered":"https:\/\/bizhostvn.com\/w\/noithat2\/?post_type=product&#038;p=667"},"modified":"2018-02-26T10:08:16","modified_gmt":"2018-02-26T03:08:16","slug":"bo-ban-ghe-an-nho-dep-cho-gia-dinh-chat","status":"publish","type":"product","link":"https:\/\/themex.myonter.com\/noithat2\/san-pham\/bo-ban-ghe-an-nho-dep-cho-gia-dinh-chat\/","title":{"rendered":"B\u1ed9 b\u00e0n gh\u1ebf \u0103n nh\u1ecf \u0111\u1eb9p cho gia \u0111\u00ecnh ch\u1eadt"},"content":{"rendered":"<h2 class=\"detail-sp\" data-field=\"sapo\">5 m\u1eabu b\u00e0n gh\u1ebf cho nh\u00e0 ch\u1eadt d\u01b0\u1edbi \u0111\u00e2y kh\u00f4ng ch\u1ec9 ti\u1ec7n \u00edch, b\u1eaft m\u1eaft m\u00e0 c\u00f2n l\u00e0 c\u1ee9u c\u00e1nh cho nh\u1eefng c\u0103n ph\u00f2ng c\u00f3 di\u1ec7n t\u00edch khi\u00ean t\u1ed1n c\u1ee7a gia \u0111\u00ecnh b\u1ea1n.<\/h2>\n<div class=\"content-new clear\" data-field=\"body\">\n<p>Trong t\u00ecnh tr\u1ea1ng \u201c\u0111\u1ea5t ch\u1eadt ng\u01b0\u1eddi \u0111\u00f4ng\u201d c\u1ee7a cu\u1ed9c s\u1ed1ng hi\u1ec7n \u0111\u1ea1i, kh\u00f4ng ph\u1ea3i ai c\u0169ng may m\u1eafn s\u1edf h\u1eefu m\u1ed9t c\u0103n nh\u00e0 r\u1ed9ng r\u00e3i, sang tr\u1ecdng. Nh\u1eefng c\u0103n h\u1ed9 v\u1edbi di\u1ec7n t\u00edch v\u1eeba v\u00e0 nh\u1ecf \u0111ang l\u00e0 l\u1ef1a ch\u1ecdn c\u1ee7a r\u1ea5t nhi\u1ec1u gia \u0111\u00ecnh, \u0111\u1eb7c bi\u1ec7t l\u00e0 nh\u1eefng c\u1eb7p v\u1ee3 ch\u1ed3ng tr\u1ebb. V\u1edbi s\u1ef1 \u201ckhi\u00eam t\u1ed1n\u201d c\u1ee7a kh\u00f4ng gian, b\u1ea1n r\u1ea5t c\u1ea7n \u0111\u1ebfn nh\u1eefng thi\u1ebft k\u1ebf n\u1ed9i th\u1ea5t \u0111\u01a1n gi\u1ea3n, g\u1ecdn nh\u1eb9 m\u00e0 kh\u00f4ng k\u00e9m ph\u1ea7n thanh l\u1ecbch.<\/p>\n<p>D\u01b0\u1edbi \u0111\u00e2y l\u00e0 5 m\u1eabu b\u00e0n gh\u1ebf cho nh\u00e0 ch\u1eadt \u0111\u01b0\u1ee3c \u0111\u00e1nh gi\u00e1 l\u00e0 ph\u00f9 h\u1ee3p nh\u1ea5t cho nh\u1eefng c\u0103n h\u1ed9 nh\u1ecf, k\u1ec3 c\u1ea3 v\u1ec1 m\u1eb7t ti\u1ec7n \u00edch l\u1eabn t\u00ednh th\u1ea9m m\u1ef9. M\u1eddi b\u1ea1n c\u00f9ng ch\u00fang t\u00f4i tham kh\u1ea3o.<\/p>\n<div class=\"VCSortableInPreviewMode\">\n<div><img id=\"img_89093\" class=\"aligncenter\" title=\"b\u00e0n gh\u1ebf cho nh\u00e0 ch\u1eadt\" src=\"http:\/\/giadinh.vcmedia.vn\/2015\/1-ban-ghe-cho-nha-chat-1426652119569.jpg\" alt=\"b\u00e0n gh\u1ebf cho nh\u00e0 ch\u1eadt\" \/><\/div>\n<div class=\"PhotoCMS_Caption\"><\/div>\n<\/div>\n<div class=\"VCSortableInPreviewMode\">\n<div><img id=\"img_89092\" class=\"aligncenter\" title=\"b\u00e0n gh\u1ebf cho nh\u00e0 ch\u1eadt\" src=\"http:\/\/giadinh.vcmedia.vn\/2015\/2-ban-ghe-cho-nha-chat-1426652118953.jpg\" alt=\"b\u00e0n gh\u1ebf cho nh\u00e0 ch\u1eadt\" \/><\/div>\n<div class=\"PhotoCMS_Caption\"><\/div>\n<\/div>\n<p>1. \u0110\u01b0\u1ee3c l\u00e0m t\u1eeb g\u1ed7, cr\u00f4m, b\u1ec1 m\u1eb7t gh\u1ebf ng\u1ed3i gi\u1ea3 da &#8211; b\u1ed9 b\u00e0n gh\u1ebf n\u00e0y tr\u00f4ng r\u1ea5t thanh l\u1ecbch v\u1edbi thi\u1ebft k\u1ebf m\u1ea3nh mai, ho\u00e0n to\u00e0n ph\u00f9 h\u1ee3p v\u1edbi nh\u1eefng ph\u00f2ng \u0103n nh\u1ecf. B\u1ed9 s\u1ea3n ph\u1ea9m g\u1ed3m 1 b\u00e0n tr\u00f2n v\u00e0 4 gh\u1ebf \u0111\u01a1n. B\u1ec1 m\u1eb7t gh\u1ebf ng\u1ed3i c\u00f3 hai m\u00e0u tr\u1eafng ho\u1eb7c \u0111en. K\u00edch th\u01b0\u1edbc 75 x 75 x 90 cm, gi\u00e1 th\u00e0nh kho\u1ea3ng 5.600.000 \u0111\u1ed3ng.<\/p>\n<div class=\"VCSortableInPreviewMode\">\n<div><img id=\"img_89091\" class=\"aligncenter\" title=\"b\u00e0n gh\u1ebf cho nh\u00e0 ch\u1eadt\" src=\"http:\/\/giadinh.vcmedia.vn\/2015\/3-ban-ghe-cho-nha-chat-1426652118462.jpg\" alt=\"b\u00e0n gh\u1ebf cho nh\u00e0 ch\u1eadt\" \/><\/div>\n<div class=\"PhotoCMS_Caption\"><\/div>\n<\/div>\n<div class=\"VCSortableInPreviewMode\">\n<div><img id=\"img_89090\" class=\"aligncenter\" title=\"b\u00e0n gh\u1ebf cho nh\u00e0 ch\u1eadt\" src=\"http:\/\/giadinh.vcmedia.vn\/2015\/4-ban-ghe-cho-nha-chat-1426652112723.jpg\" alt=\"b\u00e0n gh\u1ebf cho nh\u00e0 ch\u1eadt\" \/><\/div>\n<div class=\"PhotoCMS_Caption\"><\/div>\n<\/div>\n<p>2. B\u1ed1n chi\u1ebfc gh\u1ebf h\u00ecnh tam gi\u00e1c \u0111\u01b0\u1ee3c thi\u1ebft k\u1ebf nh\u01b0 nh\u1eefng c\u00e1nh hoa x\u1ebfp xung quanh chi\u1ebfc b\u00e0n tr\u00f2n xinh x\u1eafn. S\u1ea3n ph\u1ea9m l\u00e0m b\u1eb1ng g\u1ed7 v\u1edbi l\u1edbp b\u1ecdc b\u00ean ngo\u00e0i gi\u1ea3 da \u00eam \u00e1i, mang \u0111\u1ebfn v\u1ebb \u0111\u1eb9p hi\u1ec7n \u0111\u1ea1i cho c\u0103n ph\u00f2ng. K\u00edch th\u01b0\u1edbc: \u0111\u01b0\u1eddng k\u00ednh 90 cm x chi\u1ec1u cao 75cm. B\u1ed9 b\u00e0n gh\u1ebf c\u00f3 2 m\u00e0u \u0111en v\u00e0 tr\u1eafng, gi\u00e1 th\u00e0nh kho\u1ea3ng 3.700.000 \u0111\u1ed3ng.<\/p>\n<\/div>\n","protected":false},"excerpt":{"rendered":"<ul class=\"info_more\">\n<li>Xem th\u00eam ch\u00ednh s\u00e1ch b\u1ea3o h\u00e0nh v\u00e0 \u0111\u1ed5i tr\u1ea3 s\u1ea3n ph\u1ea9m<\/li>\n<li>H\u1ec7 th\u1ed1ng trung t\u00e2m b\u1ea3o h\u00e0nh ( Xem chi ti\u1ebft)<\/li>\n<li>\u0110\u1ed5i tr\u1ea3 s\u1ea3n ph\u1ea9m trong v\u00f2ng 30 ng\u00e0y.<\/li>\n<li>Mi\u1ec3n ph\u00ed v\u1eadn chuy\u1ec3n to\u00e0n qu\u1ed1c * ( Xem chi ti\u1ebft)<\/li>\n<\/ul>\n","protected":false},"featured_media":668,"comment_status":"open","ping_status":"closed","template":"","meta":[],"_links":{"self":[{"href":"https:\/\/themex.myonter.com\/noithat2\/wp-json\/wp\/v2\/product\/667"}],"collection":[{"href":"https:\/\/themex.myonter.com\/noithat2\/wp-json\/wp\/v2\/product"}],"about":[{"href":"https:\/\/themex.myonter.com\/noithat2\/wp-json\/wp\/v2\/types\/product"}],"replies":[{"embeddable":true,"href":"https:\/\/themex.myonter.com\/noithat2\/wp-json\/wp\/v2\/comments?post=667"}],"wp:featuredmedia":[{"embeddable":true,"href":"https:\/\/themex.myonter.com\/noithat2\/wp-json\/wp\/v2\/media\/668"}],"wp:attachment":[{"href":"https:\/\/themex.myonter.com\/noithat2\/wp-json\/wp\/v2\/media?parent=667"}],"curies":[{"name":"wp","href":"https:\/\/api.w.org\/{rel}","templated":true}]}}