{"id":671,"date":"2018-02-26T10:21:23","date_gmt":"2018-02-26T03:21:23","guid":{"rendered":"https:\/\/bizhostvn.com\/w\/noithat2\/?post_type=product&#038;p=671"},"modified":"2018-02-26T10:22:28","modified_gmt":"2018-02-26T03:22:28","slug":"bo-3-chau-canh-dat-cua-so-hop-phong-thuy","status":"publish","type":"product","link":"https:\/\/themex.myonter.com\/noithat2\/san-pham\/bo-3-chau-canh-dat-cua-so-hop-phong-thuy\/","title":{"rendered":"B\u1ed9 3 ch\u1eadu c\u1ea3nh \u0111\u1eb7t c\u1eeda s\u1ed5 h\u1ee3p phong th\u1ee7y"},"content":{"rendered":"<p>S\u1ef1 hi\u1ec7n di\u1ec7n c\u1ee7a <strong>c\u00e2y xanh trong nh\u00e0 v\u00e0 phong th\u1ee7y<\/strong> lu\u00f4n mang \u0111\u1ebfn cho b\u1ea1n \u0111i\u1ec1u tuy\u1ec7t v\u1eddi, d\u00f9 cho s\u1eafc xanh \u1ea5y \u0111\u01b0\u1ee3c \u0111\u1eb7t b\u00ean trong hay b\u00ean ngo\u00e0i ng\u00f4i nh\u00e0 c\u1ee7a b\u1ea1n. B\u1edfi v\u1eady, ch\u00fang th\u01b0\u1eddng\u00a0\u0111\u01b0\u1ee3c s\u1eed d\u1ee5ng nh\u01b0 l\u00e0 m\u1ed9t c\u00f4ng c\u1ee5 phong th\u1ee7y c\u1ea7n thi\u1ebft, gi\u1eef vai tr\u00f2 nh\u01b0 b\u1ed9 l\u1ecdc n\u0103ng l\u01b0\u1ee3ng \u0111\u1ea9y l\u00f9i t\u1ea5t c\u1ea3 n\u0103ng l\u01b0\u1ee3ng ti\u00eau c\u1ef1c, \u0111\u1ed3ng th\u1eddi, thu h\u00fat n\u0103ng l\u01b0\u1ee3ng t\u00edch c\u1ef1c v\u00e0 \u0111i\u1ec1u h\u00f2a s\u1ef1 l\u01b0u th\u00f4ng c\u1ee7a n\u0103ng l\u01b0\u1ee3ng trong kh\u00f4ng gian s\u1ed1ng c\u1ee7a b\u1ea1n.<\/p>\n<figure id=\"attachment_749\" class=\"wp-caption aligncenter\"><img loading=\"lazy\" class=\"size-medium wp-image-749 td-animation-stack-type0-2\" src=\"http:\/\/cayxanhphongthuy.com.vn\/wp-content\/uploads\/2016\/11\/c%C3%A2y-xanh-trong-nh%C3%A0-v%C3%A0-phong-th%E1%BB%A7y-500x335.jpg\" sizes=\"(max-width: 500px) 100vw, 500px\" srcset=\"http:\/\/cayxanhphongthuy.com.vn\/wp-content\/uploads\/2016\/11\/c\u00e2y-xanh-trong-nh\u00e0-v\u00e0-phong-th\u1ee7y-500x335.jpg 500w, http:\/\/cayxanhphongthuy.com.vn\/wp-content\/uploads\/2016\/11\/c\u00e2y-xanh-trong-nh\u00e0-v\u00e0-phong-th\u1ee7y-627x420.jpg 627w, http:\/\/cayxanhphongthuy.com.vn\/wp-content\/uploads\/2016\/11\/c\u00e2y-xanh-trong-nh\u00e0-v\u00e0-phong-th\u1ee7y.jpg 670w\" alt=\"c\u00e2y xanh trong nh\u00e0 v\u00e0 phong th\u1ee7y\" width=\"500\" height=\"335\" \/><figcaption class=\"wp-caption-text\">c\u00e2y xanh trong nh\u00e0 v\u00e0 phong th\u1ee7y<\/figcaption><\/figure>\n<p>M\u1ed7i\u00a0lo\u1ea1i <strong>c\u00e2y xanh trong nh\u00e0 v\u00e0 phong th\u1ee7y<\/strong> \u0111\u1ec1u c\u00f3 t\u00e1c d\u1ee5ng ri\u00eang. N\u00f3i c\u00e1ch kh\u00e1c, m\u1ed7i lo\u1ea1i c\u00e2y xanh l\u1ea1i mang \u0111\u1ebfn m\u1ed9t \u00fd ngh\u0129a phong th\u1ee7y kh\u00e1c nhau. V\u00ec th\u1ebf, gia\u00a0ph\u1ea3i bi\u1ebft r\u00f5 m\u1ee5c ti\u00eau c\u1ee7a m\u00ecnh l\u00e0 g\u00ec, tr\u01b0\u1edbc khi \u0111\u1eb7t ch\u00fang \u1edf b\u1ea5t k\u1ef3 khu v\u1ef1c n\u00e0o c\u1ee7a ng\u00f4i nh\u00e0. Ngo\u00e0i ra, c\u00e2y c\u1ea3nh phong th\u1ee7y th\u1eadt lu\u00f4n l\u00e0 l\u1ef1a ch\u1ecdn t\u1ed1t nh\u1ea5t, ho\u00e0n h\u1ea3o nh\u1ea5t, b\u1edfi v\u00ec, \u00a0nh\u1eefng th\u1ee9 nh\u00e2n t\u1ea1o s\u1ebd ch\u1ec9 mang l\u1ea1i nh\u1eefng m\u1ed1i quan h\u1ec7 gi\u1ea3 t\u1ea1o, kh\u00f4ng b\u1ec1n v\u1eefng cho cu\u1ed9c s\u1ed1ng c\u1ee7a b\u1ea1n.<\/p>\n<figure id=\"attachment_750\" class=\"wp-caption aligncenter\"><img loading=\"lazy\" class=\"size-medium wp-image-750 td-animation-stack-type0-2\" src=\"http:\/\/cayxanhphongthuy.com.vn\/wp-content\/uploads\/2016\/11\/c%C3%A2y-xanh-trong-nh%C3%A0-v%C3%A0-phong-th%E1%BB%A7y4-500x375.jpg\" sizes=\"(max-width: 500px) 100vw, 500px\" srcset=\"http:\/\/cayxanhphongthuy.com.vn\/wp-content\/uploads\/2016\/11\/c\u00e2y-xanh-trong-nh\u00e0-v\u00e0-phong-th\u1ee7y4-500x375.jpg 500w, http:\/\/cayxanhphongthuy.com.vn\/wp-content\/uploads\/2016\/11\/c\u00e2y-xanh-trong-nh\u00e0-v\u00e0-phong-th\u1ee7y4.jpg 1024w, http:\/\/cayxanhphongthuy.com.vn\/wp-content\/uploads\/2016\/11\/c\u00e2y-xanh-trong-nh\u00e0-v\u00e0-phong-th\u1ee7y4-80x60.jpg 80w, http:\/\/cayxanhphongthuy.com.vn\/wp-content\/uploads\/2016\/11\/c\u00e2y-xanh-trong-nh\u00e0-v\u00e0-phong-th\u1ee7y4-265x198.jpg 265w, http:\/\/cayxanhphongthuy.com.vn\/wp-content\/uploads\/2016\/11\/c\u00e2y-xanh-trong-nh\u00e0-v\u00e0-phong-th\u1ee7y4-696x522.jpg 696w, http:\/\/cayxanhphongthuy.com.vn\/wp-content\/uploads\/2016\/11\/c\u00e2y-xanh-trong-nh\u00e0-v\u00e0-phong-th\u1ee7y4-560x420.jpg 560w\" alt=\"c\u00e2y xanh trong nh\u00e0 v\u00e0 phong th\u1ee7y\" width=\"500\" height=\"375\" \/><figcaption class=\"wp-caption-text\">c\u00e2y xanh trong nh\u00e0 v\u00e0 phong th\u1ee7y kh\u00f4ng n\u00ean d\u00f9ng c\u00e2y gi\u1ea3<\/figcaption><\/figure>\n<h2>V\u00ec sao <strong>c\u00e2y xanh trong nh\u00e0 v\u00e0 phong th\u1ee7y<\/strong> l\u1ea1i g\u1eafn li\u1ec1n v\u1edbi nhau?<\/h2>\n<h3><em>\u0110\u1ec3 trung h\u00f2a nh\u1eefng n\u0103ng l\u01b0\u1ee3ng ti\u00eau c\u1ef1c<\/em><\/h3>\n<p>B\u1ea1n c\u00f3 th\u1ec3 \u0111\u1eb7t 1 ch\u1eadu c\u00e2y trong v\u00f2ng b\u00e1n k\u00ednh 3 b\u01b0\u1edbc ch\u00e2n t\u00ednh t\u1eeb m\u00e1y t\u00ednh c\u1ee7a b\u1ea1n \u0111\u1ec3 lo\u1ea1i b\u1ecf n\u0103ng l\u01b0\u1ee3ng \u0111i\u1ec7n t\u1eeb ph\u00e1t ra trong qu\u00e1 tr\u00ecnh s\u1eed d\u1ee5ng.<\/p>\n<figure id=\"attachment_751\" class=\"wp-caption aligncenter\"><img loading=\"lazy\" class=\"size-medium wp-image-751 td-animation-stack-type0-2\" src=\"http:\/\/cayxanhphongthuy.com.vn\/wp-content\/uploads\/2016\/11\/c%C3%A2y-xanh-trong-nh%C3%A0-v%C3%A0-phong-th%E1%BB%A7y2-500x375.jpg\" sizes=\"(max-width: 500px) 100vw, 500px\" srcset=\"http:\/\/cayxanhphongthuy.com.vn\/wp-content\/uploads\/2016\/11\/c\u00e2y-xanh-trong-nh\u00e0-v\u00e0-phong-th\u1ee7y2-500x375.jpg 500w, http:\/\/cayxanhphongthuy.com.vn\/wp-content\/uploads\/2016\/11\/c\u00e2y-xanh-trong-nh\u00e0-v\u00e0-phong-th\u1ee7y2-80x60.jpg 80w, http:\/\/cayxanhphongthuy.com.vn\/wp-content\/uploads\/2016\/11\/c\u00e2y-xanh-trong-nh\u00e0-v\u00e0-phong-th\u1ee7y2-265x198.jpg 265w, http:\/\/cayxanhphongthuy.com.vn\/wp-content\/uploads\/2016\/11\/c\u00e2y-xanh-trong-nh\u00e0-v\u00e0-phong-th\u1ee7y2.jpg 540w\" alt=\"c\u00e2y xanh trong nh\u00e0 v\u00e0 phong th\u1ee7y\" width=\"500\" height=\"375\" \/><figcaption class=\"wp-caption-text\">c\u00e2y xanh trong nh\u00e0 v\u00e0 phong th\u1ee7y n\u00ean \u0111\u1eb7t g\u1ea7n b\u00e0n l\u00e0m vi\u1ec7c<\/figcaption><\/figure>\n<h3><em>Gi\u00fap tr\u1ea7n nh\u00e0 th\u1ea5p tr\u00f4ng c\u00f3 v\u1ebb cao h\u01a1n<\/em><\/h3>\n<p>Khi b\u1ea1n \u0111\u1eb7t nh\u1eefng ch\u1eadu c\u00e2y cao l\u1edbn \u1edf <a href=\"http:\/\/cayxanhphongthuy.com.vn\/danh-muc\/cay-theo-vi-tri\/cay-phong-thuy-van-phong\" data-wpel-link=\"internal\">g\u00f3c p\u00f2ng<\/a> c\u00f3 ph\u1ea7n tr\u1ea7n h\u01a1i d\u1ed1c ho\u1eb7c c\u00f3 c\u00e1c thanh x\u00e0 c\u1ee7a nh\u00e0 th\u00ec c\u00f3 th\u1ec3\u00a0gi\u00fap h\u1ee7y b\u1ecf \u00e1p l\u1ef1c n\u1eb7ng n\u1ec1 \u0111\u00e8 l\u00ean c\u0103n ph\u00f2ng \u0111\u00f3.<\/p>\n<h2>Nh\u1eefng lo\u1ea1i <strong>c\u00e2y xanh trong nh\u00e0 v\u00e0\u00a0phong th\u1ee7y<\/strong> th\u01b0\u1eddng \u0111\u1eb7t trong nh\u00e0<\/h2>\n<p>Theo\u00a0phong th\u1ee7y, th\u00ec c\u00f3 kh\u00e1 nhi\u1ec1u lo\u00e0i c\u00e2y \u0111\u01b0\u1ee3c \u0111\u00e1nh gi\u00e1 l\u00e0 mang l\u1ea1i nhi\u1ec1u may m\u1eafn, th\u1ecbnh v\u01b0\u1ee3ng cho gia ch\u1ee7. \u0110\u1eb7c bi\u1ec7t, l\u00e0 c\u00e1c c\u00e2y l\u00e1 tr\u00f2n, c\u00f3 t\u00e1m xum xu\u00ea v\u00e0 xanh t\u1ed1t. C\u00e1c lo\u1ea1i c\u00e2y \u0111\u00f3\u00a0l\u00e0 bi\u1ec3u t\u01b0\u1ee3ng c\u1ee7a v\u00e0ng v\u00e0 ti\u1ec1n b\u1ea1c.<\/p>\n<figure id=\"attachment_752\" class=\"wp-caption aligncenter\"><img loading=\"lazy\" class=\"size-medium wp-image-752 td-animation-stack-type0-2\" src=\"http:\/\/cayxanhphongthuy.com.vn\/wp-content\/uploads\/2016\/11\/c%C3%A2y-xanh-trong-nh%C3%A0-v%C3%A0-phong-th%E1%BB%A7y3-500x329.jpg\" alt=\"c\u00e2y xanh trong nh\u00e0 v\u00e0 phong th\u1ee7y\" width=\"500\" height=\"329\" \/><figcaption class=\"wp-caption-text\">c\u00e2y xanh trong nh\u00e0 v\u00e0 phong th\u1ee7y n\u00ean ch\u1ecdn c\u00e2y xum xu\u00ea<\/figcaption><\/figure>\n<p>M\u1ed9t s\u1ed1 c\u00e2y ph\u1ed5 bi\u1ebfn nh\u01b0: Ph\u1ea5t d\u1ee5, kim ng\u00e2n, hoa c\u00fac\u2026m\u00e0 b\u1ea1n c\u00f3 th\u1ec3 tham kh\u1ea3o \u0111\u1ec3 \u0111\u1eb7t trong ng\u00f4i nh\u00e0 c\u1ee7a m\u00ecnh, gi\u00fap trang tr\u00ed n\u1ed9i th\u1ea5t, l\u1ea1i v\u1eeba mang l\u1ea1i may m\u1eafn.<\/p>\n<figure id=\"attachment_753\" class=\"wp-caption aligncenter\"><img loading=\"lazy\" class=\"size-medium wp-image-753 td-animation-stack-type0-2\" src=\"http:\/\/cayxanhphongthuy.com.vn\/wp-content\/uploads\/2016\/11\/c%C3%A2y-xanh-trong-nh%C3%A0-v%C3%A0-phong-th%E1%BB%A7y5-500x500.jpg\" sizes=\"(max-width: 500px) 100vw, 500px\" srcset=\"http:\/\/cayxanhphongthuy.com.vn\/wp-content\/uploads\/2016\/11\/c\u00e2y-xanh-trong-nh\u00e0-v\u00e0-phong-th\u1ee7y5-500x500.jpg 500w, http:\/\/cayxanhphongthuy.com.vn\/wp-content\/uploads\/2016\/11\/c\u00e2y-xanh-trong-nh\u00e0-v\u00e0-phong-th\u1ee7y5-300x300.jpg 300w, http:\/\/cayxanhphongthuy.com.vn\/wp-content\/uploads\/2016\/11\/c\u00e2y-xanh-trong-nh\u00e0-v\u00e0-phong-th\u1ee7y5-420x420.jpg 420w, http:\/\/cayxanhphongthuy.com.vn\/wp-content\/uploads\/2016\/11\/c\u00e2y-xanh-trong-nh\u00e0-v\u00e0-phong-th\u1ee7y5-180x180.jpg 180w, http:\/\/cayxanhphongthuy.com.vn\/wp-content\/uploads\/2016\/11\/c\u00e2y-xanh-trong-nh\u00e0-v\u00e0-phong-th\u1ee7y5-600x600.jpg 600w, http:\/\/cayxanhphongthuy.com.vn\/wp-content\/uploads\/2016\/11\/c\u00e2y-xanh-trong-nh\u00e0-v\u00e0-phong-th\u1ee7y5.jpg 650w\" alt=\"c\u00e2y xanh trong nh\u00e0 v\u00e0 phong th\u1ee7y\" width=\"500\" height=\"500\" \/><\/figure>\n","protected":false},"excerpt":{"rendered":"<p>S\u1ef1 hi\u1ec7n di\u1ec7n c\u1ee7a <strong>c\u00e2y xanh trong nh\u00e0 n<\/strong>h\u01b0 l\u00e0 m\u1ed9t c\u00f4ng c\u1ee5 phong th\u1ee7y c\u1ea7n thi\u1ebft, gi\u1eef vai tr\u00f2 nh\u01b0 b\u1ed9 l\u1ecdc n\u0103ng l\u01b0\u1ee3ng \u0111\u1ea9y l\u00f9i t\u1ea5t c\u1ea3 n\u0103ng l\u01b0\u1ee3ng ti\u00eau c\u1ef1c, \u0111\u1ed3ng th\u1eddi, thu h\u00fat n\u0103ng l\u01b0\u1ee3ng t\u00edch c\u1ef1c v\u00e0 \u0111i\u1ec1u h\u00f2a s\u1ef1 l\u01b0u th\u00f4ng c\u1ee7a n\u0103ng l\u01b0\u1ee3ng trong kh\u00f4ng gian s\u1ed1ng c\u1ee7a b\u1ea1n.<\/p>\n","protected":false},"featured_media":672,"comment_status":"open","ping_status":"closed","template":"","meta":[],"_links":{"self":[{"href":"https:\/\/themex.myonter.com\/noithat2\/wp-json\/wp\/v2\/product\/671"}],"collection":[{"href":"https:\/\/themex.myonter.com\/noithat2\/wp-json\/wp\/v2\/product"}],"about":[{"href":"https:\/\/themex.myonter.com\/noithat2\/wp-json\/wp\/v2\/types\/product"}],"replies":[{"embeddable":true,"href":"https:\/\/themex.myonter.com\/noithat2\/wp-json\/wp\/v2\/comments?post=671"}],"wp:featuredmedia":[{"embeddable":true,"href":"https:\/\/themex.myonter.com\/noithat2\/wp-json\/wp\/v2\/media\/672"}],"wp:attachment":[{"href":"https:\/\/themex.myonter.com\/noithat2\/wp-json\/wp\/v2\/media?parent=671"}],"curies":[{"name":"wp","href":"https:\/\/api.w.org\/{rel}","templated":true}]}}