{"id":673,"date":"2018-02-26T10:24:01","date_gmt":"2018-02-26T03:24:01","guid":{"rendered":"https:\/\/bizhostvn.com\/w\/noithat2\/?post_type=product&#038;p=673"},"modified":"2018-02-26T10:24:37","modified_gmt":"2018-02-26T03:24:37","slug":"chau-cay-trang-tri-goc-lam-viec-nhap-khau","status":"publish","type":"product","link":"https:\/\/themex.myonter.com\/noithat2\/san-pham\/chau-cay-trang-tri-goc-lam-viec-nhap-khau\/","title":{"rendered":"Ch\u1eadu c\u00e2y trang tr\u00ed g\u00f3c l\u00e0m vi\u1ec7c nh\u1eadp kh\u1ea9u"},"content":{"rendered":"<p><strong>Trang tr\u00ed b\u00e0n l\u00e0m vi\u1ec7c b\u1eb1ng c\u00e2y xanh kh\u00f4ng ch\u1ec9 gi\u00fap n\u01a1i l\u00e0m vi\u1ec7c \u0111\u1eb9p v\u00e0 c\u00e1 t\u00ednh h\u01a1n m\u00e0 c\u00f2n c\u00f3 th\u1ec3 gi\u00fap b\u1ea1n gi\u1ea3m b\u1edbt c\u0103ng th\u1eb3ng hi\u1ec7u qu\u1ea3.<\/strong><\/p>\n<p>Trong cu\u1ed9c s\u1ed1ng hi\u1ec7n \u0111\u1ea1i, th\u1eddi gian b\u1ea1n s\u1ed1ng v\u00e0 l\u00e0m vi\u1ec7c t\u1ea1i c\u00f4ng s\u1edf c\u0169ng g\u1ea7n b\u1eb1ng th\u1eddi gian s\u1ed1ng t\u1ea1i nh\u00e0 ri\u00eang, v\u00ec th\u1ebf n\u01a1i l\u00e0m vi\u1ec7c c\u00f2n \u0111\u01b0\u1ee3c coi nh\u01b0 ng\u00f4i nh\u00e0 th\u1ee9 2 \u0111\u1ed1i v\u1edbi nhi\u1ec1u ng\u01b0\u1eddi. C\u0169ng nh\u01b0 ng\u00f4i nh\u00e0 ri\u00eang c\u1ee7a m\u00ecnh, \u0111\u1ec3 cho g\u00f3c ri\u00eang c\u1ee7a b\u1ea1n kh\u00f4ng nh\u00e0m ch\u00e1n v\u00e0 th\u1ec3 hi\u1ec7n \u0111\u01b0\u1ee3c c\u00e1 t\u00ednh th\u00ec ch\u1ee7 nh\u00e2n c\u1ea7n ph\u1ea3i c\u00f3 s\u1ef1 ch\u0103m ch\u00fat, t\u00f4 \u0111i\u1ec3m b\u1eb1ng nh\u1eefng \u0111\u1ed3 v\u1eadt trang tr\u00ed \u0111\u1eb9p m\u1eaft.<\/p>\n<p><img class=\"aligncenter\" src=\"http:\/\/tapchicongso.vn\/wp-content\/uploads\/2014\/09\/goc-lam-viec-thu-thai-hon-nho-nhung-chau-cay-dep-de-tim-mua-1.jpg\" alt=\"goc lam viec thu thai hon nho nhung chau cay dep de tim mua 1 G\u00f3c l\u00e0m vi\u1ec7c th\u01b0 th\u00e1i h\u01a1n nh\u1edd nh\u1eefng ch\u1eadu c\u00e2y \u0111\u1eb9p, d\u1ec5 t\u00ecm mua\" \/><\/p>\n<p><em>G\u00f3c b\u00e0n l\u00e0m vi\u1ec7c th\u00eam ph\u1ea7n lung linh nh\u1edd nh\u1eefng ch\u1eadu c\u00e2y xanh v\u00e0 nh\u1eefng m\u00f3n \u0111\u1ed3 decor \u0111\u1eb9p m\u1eaft.<\/em><\/p>\n<p>C\u00f3 nhi\u1ec1u c\u00e1ch \u0111\u1ec3 trang tr\u00ed b\u00e0n l\u00e0m vi\u1ec7c nh\u01b0 tr\u01b0ng b\u00e0y tranh \u1ea3nh, \u0111\u1ed3 ch\u01a1i, c\u00e1c v\u1eadt l\u01b0u ni\u1ec7m nh\u1ecf, nu\u00f4i c\u00e1 c\u1ea3nh, tr\u1ed3ng c\u00e2y xanh. Trong \u0111\u00f3, d\u00f9ng c\u00e2y xanh t\u00f4 \u0111i\u1ec3m cho b\u00e0n l\u00e0m vi\u1ec7c l\u00e0 m\u1ed9t trong nh\u1eefng c\u00e1ch gi\u1ea3m stress hi\u1ec7u qu\u1ea3 nh\u1ea5t. N\u1ebfu b\u1ea1n l\u00e0 ng\u01b0\u1eddi kh\u00f4ng c\u00f3 khi\u1ebfu ch\u0103m s\u00f3c c\u00e2y th\u1eadt th\u00ec c\u00e1c m\u1eabu c\u00e2y gi\u1ea3 xinh x\u1eafn l\u00e0 1 l\u1ef1a ch\u1ecdn kh\u00f4ng t\u1ed3i.<\/p>\n<p><img class=\"aligncenter\" src=\"http:\/\/tapchicongso.vn\/wp-content\/uploads\/2014\/09\/goc-lam-viec-thu-thai-hon-nho-nhung-chau-cay-dep-de-tim-mua-2.jpg\" alt=\"goc lam viec thu thai hon nho nhung chau cay dep de tim mua 2 G\u00f3c l\u00e0m vi\u1ec7c th\u01b0 th\u00e1i h\u01a1n nh\u1edd nh\u1eefng ch\u1eadu c\u00e2y \u0111\u1eb9p, d\u1ec5 t\u00ecm mua\" \/><\/p>\n<p><em>Nh\u1eefng m\u1eabu c\u00e2y gi\u1ea3 gi\u1ed1ng y nh\u01b0 th\u1eadt s\u1ebd khi\u1ebfn b\u00e0n l\u00e0m vi\u1ec7c c\u1ee7a b\u1ea1n th\u00eam ph\u1ea7n sinh \u0111\u1ed9ng v\u00e0 c\u00e1 t\u00ednh.<\/em><\/p>\n<p><img class=\"aligncenter\" src=\"http:\/\/tapchicongso.vn\/wp-content\/uploads\/2014\/09\/goc-lam-viec-thu-thai-hon-nho-nhung-chau-cay-dep-de-tim-mua-3.jpg\" alt=\"goc lam viec thu thai hon nho nhung chau cay dep de tim mua 3 G\u00f3c l\u00e0m vi\u1ec7c th\u01b0 th\u00e1i h\u01a1n nh\u1edd nh\u1eefng ch\u1eadu c\u00e2y \u0111\u1eb9p, d\u1ec5 t\u00ecm mua\" \/><\/p>\n<p><em>M\u1ed9t b\u1ed9 ch\u1eadu c\u00e2y k\u00edch th\u01b0\u1edbc t\u1eeb to \u0111\u1ebfn nh\u1ecf c\u1ef1c k\u1ef3 \u1ea5n t\u01b0\u1ee3ng.<\/em><\/p>\n<p><img class=\"aligncenter\" src=\"http:\/\/tapchicongso.vn\/wp-content\/uploads\/2014\/09\/goc-lam-viec-thu-thai-hon-nho-nhung-chau-cay-dep-de-tim-mua-4.jpg\" alt=\"goc lam viec thu thai hon nho nhung chau cay dep de tim mua 4 G\u00f3c l\u00e0m vi\u1ec7c th\u01b0 th\u00e1i h\u01a1n nh\u1edd nh\u1eefng ch\u1eadu c\u00e2y \u0111\u1eb9p, d\u1ec5 t\u00ecm mua\" \/><\/p>\n<p><em>V\u1edbi ki\u1ec3u d\u00e1ng l\u1ea1 m\u1eaft, ch\u1eafc ch\u1eafn b\u1ea1n s\u1ebd b\u1ecb nh\u1eefng m\u1eabu c\u00e2y n\u00e0y thu h\u00fat ngay t\u1eeb c\u00e1i nh\u00ecn \u0111\u1ea7u ti\u00ean.<\/em><\/p>\n<p><img class=\"aligncenter\" src=\"http:\/\/tapchicongso.vn\/wp-content\/uploads\/2014\/09\/goc-lam-viec-thu-thai-hon-nho-nhung-chau-cay-dep-de-tim-mua-5.jpg\" alt=\"goc lam viec thu thai hon nho nhung chau cay dep de tim mua 5 G\u00f3c l\u00e0m vi\u1ec7c th\u01b0 th\u00e1i h\u01a1n nh\u1edd nh\u1eefng ch\u1eadu c\u00e2y \u0111\u1eb9p, d\u1ec5 t\u00ecm mua\" \/><\/p>\n<p><em>Ngo\u00e0i nh\u1eefng ch\u1eadu c\u00e2y th\u00f4ng th\u01b0\u1eddng, b\u1ea1n c\u00f3 th\u1ec3 ch\u1ecdn nh\u1eefng m\u1eabu ch\u1eadu c\u00e2y \u0111\u1eb7c bi\u1ec7t c\u00f3 d\u00f2ng ch\u1eef \u00fd ngh\u0129a nh\u01b0: I LOVE YOU, LOVE,\u2026<\/em><\/p>\n<p><img class=\"aligncenter\" src=\"http:\/\/tapchicongso.vn\/wp-content\/uploads\/2014\/09\/goc-lam-viec-thu-thai-hon-nho-nhung-chau-cay-dep-de-tim-mua-6.jpg\" alt=\"goc lam viec thu thai hon nho nhung chau cay dep de tim mua 6 G\u00f3c l\u00e0m vi\u1ec7c th\u01b0 th\u00e1i h\u01a1n nh\u1edd nh\u1eefng ch\u1eadu c\u00e2y \u0111\u1eb9p, d\u1ec5 t\u00ecm mua\" \/><\/p>\n<p><em>Ho\u1eb7c h\u00ecnh tr\u00e1i tim nh\u01b0 th\u1ebf n\u00e0y.<\/em><\/p>\n<p><img class=\"aligncenter\" src=\"http:\/\/tapchicongso.vn\/wp-content\/uploads\/2014\/09\/goc-lam-viec-thu-thai-hon-nho-nhung-chau-cay-dep-de-tim-mua-7.jpg\" alt=\"goc lam viec thu thai hon nho nhung chau cay dep de tim mua 7 G\u00f3c l\u00e0m vi\u1ec7c th\u01b0 th\u00e1i h\u01a1n nh\u1edd nh\u1eefng ch\u1eadu c\u00e2y \u0111\u1eb9p, d\u1ec5 t\u00ecm mua\" \/><\/p>\n<p><em>Hay c\u00e1c ch\u1eadu c\u00e2y c\u00f3 h\u00ecnh d\u00e1ng \u0111\u00e1ng y\u00eau kh\u00e1c n\u1eefa\u2026<\/em><\/p>\n<p><img class=\"aligncenter\" src=\"http:\/\/tapchicongso.vn\/wp-content\/uploads\/2014\/09\/goc-lam-viec-thu-thai-hon-nho-nhung-chau-cay-dep-de-tim-mua-8.jpg\" alt=\"goc lam viec thu thai hon nho nhung chau cay dep de tim mua 8 G\u00f3c l\u00e0m vi\u1ec7c th\u01b0 th\u00e1i h\u01a1n nh\u1edd nh\u1eefng ch\u1eadu c\u00e2y \u0111\u1eb9p, d\u1ec5 t\u00ecm mua\" \/><\/p>\n<p><em>Ngo\u00e0i ra, \u0111\u1ec3 ti\u1ebft ki\u1ec7m v\u00e0 \u00fd ngh\u0129a h\u01a1n b\u1ea1n c\u0169ng c\u00f3 th\u1ec3 t\u1ef1 tay l\u00e0m c\u00e1c m\u1eabu c\u00e2y \u0111\u1ec3 b\u00e0n \u0111\u00e1ng y\u00eau b\u1eb1ng gi\u1ea5y nh\u01b0 th\u1ebf n\u00e0y.<\/em><\/p>\n<p><img class=\"aligncenter\" src=\"http:\/\/tapchicongso.vn\/wp-content\/uploads\/2014\/09\/goc-lam-viec-thu-thai-hon-nho-nhung-chau-cay-dep-de-tim-mua-9.jpg\" alt=\"goc lam viec thu thai hon nho nhung chau cay dep de tim mua 9 G\u00f3c l\u00e0m vi\u1ec7c th\u01b0 th\u00e1i h\u01a1n nh\u1edd nh\u1eefng ch\u1eadu c\u00e2y \u0111\u1eb9p, d\u1ec5 t\u00ecm mua\" \/><\/p>\n","protected":false},"excerpt":{"rendered":"<p>C\u00f3 nhi\u1ec1u c\u00e1ch \u0111\u1ec3 trang tr\u00ed b\u00e0n l\u00e0m vi\u1ec7c nh\u01b0 tr\u01b0ng b\u00e0y tranh \u1ea3nh, \u0111\u1ed3 ch\u01a1i, c\u00e1c v\u1eadt l\u01b0u ni\u1ec7m nh\u1ecf, nu\u00f4i c\u00e1 c\u1ea3nh, tr\u1ed3ng c\u00e2y xanh. Trong \u0111\u00f3, d\u00f9ng c\u00e2y xanh t\u00f4 \u0111i\u1ec3m cho b\u00e0n l\u00e0m vi\u1ec7c l\u00e0 m\u1ed9t trong nh\u1eefng c\u00e1ch gi\u1ea3m stress hi\u1ec7u qu\u1ea3 nh\u1ea5t. N\u1ebfu b\u1ea1n l\u00e0 ng\u01b0\u1eddi kh\u00f4ng c\u00f3 khi\u1ebfu ch\u0103m s\u00f3c c\u00e2y th\u1eadt th\u00ec c\u00e1c m\u1eabu c\u00e2y gi\u1ea3 xinh x\u1eafn l\u00e0 1 l\u1ef1a ch\u1ecdn kh\u00f4ng t\u1ed3i.<\/p>\n","protected":false},"featured_media":674,"comment_status":"open","ping_status":"closed","template":"","meta":[],"_links":{"self":[{"href":"https:\/\/themex.myonter.com\/noithat2\/wp-json\/wp\/v2\/product\/673"}],"collection":[{"href":"https:\/\/themex.myonter.com\/noithat2\/wp-json\/wp\/v2\/product"}],"about":[{"href":"https:\/\/themex.myonter.com\/noithat2\/wp-json\/wp\/v2\/types\/product"}],"replies":[{"embeddable":true,"href":"https:\/\/themex.myonter.com\/noithat2\/wp-json\/wp\/v2\/comments?post=673"}],"wp:featuredmedia":[{"embeddable":true,"href":"https:\/\/themex.myonter.com\/noithat2\/wp-json\/wp\/v2\/media\/674"}],"wp:attachment":[{"href":"https:\/\/themex.myonter.com\/noithat2\/wp-json\/wp\/v2\/media?parent=673"}],"curies":[{"name":"wp","href":"https:\/\/api.w.org\/{rel}","templated":true}]}}