{"id":625,"date":"2017-06-14T10:32:48","date_gmt":"2017-06-14T03:32:48","guid":{"rendered":"#\/w\/shopnoithat\/?post_type=product&#038;p=625"},"modified":"2017-06-14T10:33:34","modified_gmt":"2017-06-14T03:33:34","slug":"binh-hoa-trang-tri-phong-ngu","status":"publish","type":"product","link":"https:\/\/themex.myonter.com\/shopnoithat\/shop\/binh-hoa-trang-tri-phong-ngu","title":{"rendered":"B\u00ecnh hoa trang tr\u00ed ph\u00f2ng ng\u1ee7"},"content":{"rendered":"<div class=\"row row-small row-divided\"  id=\"row-1153475964\">\n<div class=\"col medium-8 small-12 large-8\"  ><div class=\"col-inner\"  >\n<p>Ch\u1ea5t li\u1ec7u: \u0110\u01b0\u1ee3c l\u00e0m t\u1eeb \u0111\u1ea5t s\u00e9t nung, d\u01b0\u1edbi b\u00e0n tay kh\u00e9o l\u00e9o c\u1ee7a c\u00e1c ngh\u1ec7 nh\u00e2n \u0111\u00e3 t\u1ea1o ra nh\u1eefng s\u1ea3n ph\u1ea9m v\u00f4 c\u00f9ng phong ph\u00fa \u0111a d\u1ea1ng. C\u00e1ch l\u00e0m: T\u1eeb kh\u00e2u l\u00e0m \u0111\u1ea5t \u0111\u1ebfn kh\u00e2u t\u1ea1o h\u00ecnh s\u1ea3n ph\u1ea9m&#8230;<\/p>\n<p><strong>Ch\u1ea5t li\u1ec7u:<\/strong> \u0110\u01b0\u1ee3c l\u00e0m t\u1eeb \u0111\u1ea5t s\u00e9t nung, d\u01b0\u1edbi b\u00e0n tay kh\u00e9o l\u00e9o c\u1ee7a c\u00e1c ngh\u1ec7 nh\u00e2n \u0111\u00e3 t\u1ea1o ra nh\u1eefng s\u1ea3n ph\u1ea9m v\u00f4 c\u00f9ng phong ph\u00fa \u0111a d\u1ea1ng.<\/p>\n<p><img src=\"https:\/\/bizweb.dktcdn.net\/100\/109\/381\/files\/lo-hoa-su-bat-trang-ve-tay-so-61.jpg?v=1469639557690\" \/><\/p>\n<p><strong>C\u00e1ch l\u00e0m: <\/strong>T\u1eeb kh\u00e2u l\u00e0m \u0111\u1ea5t \u0111\u1ebfn kh\u00e2u t\u1ea1o h\u00ecnh s\u1ea3n ph\u1ea9m \u0111\u1ec1u \u0111\u01b0\u1ee3c th\u1ef1c hi\u1ec7n ho\u00e0n to\u00e0n th\u1ee7 c\u00f4ng.<\/p>\n<p>Tr\u1ecdng l\u01b0\u1ee3ng v\u1eadn chuy\u1ec3n: 3500 gam (Xem b\u1ea3ng gi\u00e1 v\u00e0 ch\u00ednh s\u00e1ch v\u1eadn chuy\u1ec3n).<\/p>\n<p><strong>\u0110\u1eb7t h\u00e0ng:<\/strong> H\u00ecnh \u1ea3nh v\u00e0 k\u00edch th\u01b0\u1edbc c\u00f3 th\u1ec3 l\u00e0m theo y\u00eau c\u1ea7u c\u1ee7a qu\u00fd kh\u00e1ch.<br \/>\nX\u01b0\u01a1ng \u0111\u1ea5t s\u00e9t c\u00f3 m\u00e0u h\u1ed3ng nh\u1ea1t, khi nung \u1edf nhi\u1ec7t \u0111\u1ed9 cao, x\u01b0\u01a1ng g\u1ed1m chuy\u1ec3n m\u00e0u gan g\u00e0<\/p>\n<p>vv\u1edbi hai m\u00e0u men ch\u1ee7 \u0111\u1ea1o l\u00e0 n\u00e2u v\u00e0ng v\u00e0 n\u00e2u \u0111en (th\u01b0\u1eddng g\u1ecdi l\u00e0 men da l\u01b0\u01a1n).<\/p>\n<p>N\u1ebfu v\u1ebb \u0111\u1eb9p c\u1ee7a B\u00e1t Tr\u00e0ng l\u00e0 s\u1ef1 \u0111a d\u1ea1ng v\u1ec1 n\u01b0\u1edbc men, nh\u1eefng n\u00e9t v\u1ebd tinh t\u1ebf, th\u00ec h\u1ed3n c\u1ed1t c\u1ee7a Ph\u00f9 L\u00e3ng \u0111\u01b0\u1ee3c t\u1ea1o n\u00ean t\u1eeb s\u1ef1 d\u00e2n d\u00e3, m\u1ed9c m\u1ea1c c\u1ee7a n\u01b0\u1edbc men da l\u01b0\u01a1n n\u00e0y.<\/p>\n<p>K\u1ebft h\u1ee3p v\u1edbi b\u00e0n tay kh\u00e9o l\u00e9o c\u1ee7a ngh\u1ec7 nh\u00e2n c\u00f9ng kinh nghi\u1ec7m l\u00e2u n\u0103m trong ngh\u1ec1, gi\u1edd \u0111\u00e2y s\u1ea3n ph\u1ea9m Ph\u00f9 L\u00e3ng \u0111a d\u1ea1ng v\u1ec1 m\u00e1u s\u1eafc, t\u1ea1o n\u00ean s\u1ef1 \u0111a d\u1ea1ng v\u00e0 \u0111a chi\u1ec1u<\/p>\n<\/div><\/div>\n<div class=\"col medium-4 small-12 large-4\"  ><div class=\"col-inner\"  >\n<h3>S\u1ea3n ph\u1ea9m m\u1edbi c\u1eadp nh\u1eadt<\/h3>\n<div class=\"woocommerce columns-2\">\n\t\t\t\n\t\t\t\t<div class=\"products row row-small large-columns-2 medium-columns-3 small-columns-2 has-shadow row-box-shadow-2 row-box-shadow-1-hover\">\n\t\n\t\t\t\t\n\t\t\t\t\t\n<div class=\"product-small col has-hover post-899 product type-product status-publish has-post-thumbnail first instock shipping-taxable purchasable product-type-simple\">\n\t<div class=\"col-inner\">\n\t\n<div class=\"badge-container absolute left top z-1\">\n<\/div>\n\t<div class=\"product-small box \">\n\t\t<div class=\"box-image\">\n\t\t\t<div class=\"image-fade_in_back\">\n\t\t\t\t<a href=\"https:\/\/themex.myonter.com\/shopnoithat\/shop\/bo-dieu-khien-trung-tam-kg872344\">\n\t\t\t\t\t<img width=\"300\" height=\"277\" src=\"\/\/themex.myonter.com\/shopnoithat\/wp-content\/uploads\/2017\/06\/resizeimage-1-300x277.png\" class=\"attachment-shop_catalog size-shop_catalog wp-post-image\" alt=\"\" loading=\"lazy\" \/><img width=\"400\" height=\"277\" src=\"https:\/\/themex.myonter.com\/shopnoithat\/wp-content\/uploads\/2017\/06\/resizeimage-1.png\" class=\"show-on-hover absolute fill hide-for-small back-image\" alt=\"\" loading=\"lazy\" \/>\t\t\t\t<\/a>\n\t\t\t<\/div>\n\t\t\t<div class=\"image-tools is-small top right show-on-hover\">\n\t\t\t\t\t\t\t<\/div>\n\t\t\t<div class=\"image-tools is-small hide-for-small bottom left show-on-hover\">\n\t\t\t\t\t\t\t<\/div>\n\t\t\t<div class=\"image-tools grid-tools text-center hide-for-small bottom hover-slide-in show-on-hover\">\n\t\t\t\t\t\t\t<\/div>\n\t\t\t\t\t<\/div><!-- box-image -->\n\n\t\t<div class=\"box-text box-text-products text-center grid-style-2\">\n\t\t\t<div class=\"title-wrapper\"><p class=\"name product-title\"><a href=\"https:\/\/themex.myonter.com\/shopnoithat\/shop\/bo-dieu-khien-trung-tam-kg872344\">B\u1ed9 \u0111i\u1ec1u khi\u1ec3n trung t\u00e2m KG872344<\/a><\/p><\/div><div class=\"price-wrapper\">\n\t<span class=\"price\"><span class=\"woocommerce-Price-amount amount\">5,000,000<span class=\"woocommerce-Price-currencySymbol\">&#8363;<\/span><\/span><\/span>\n<\/div>\t\t<\/div><!-- box-text -->\n\t<\/div><!-- box -->\n\t\t<\/div><!-- .col-inner -->\n<\/div><!-- col -->\n\n\t\t\t\t\n\t\t\t\t\t\n<div class=\"product-small col has-hover post-712 product type-product status-publish has-post-thumbnail product_cat-phong-khach last instock shipping-taxable purchasable product-type-simple\">\n\t<div class=\"col-inner\">\n\t\n<div class=\"badge-container absolute left top z-1\">\n<\/div>\n\t<div class=\"product-small box \">\n\t\t<div class=\"box-image\">\n\t\t\t<div class=\"image-fade_in_back\">\n\t\t\t\t<a href=\"https:\/\/themex.myonter.com\/shopnoithat\/shop\/bo-dieu-khien-trung-tam\">\n\t\t\t\t\t<img width=\"300\" height=\"300\" src=\"\/\/themex.myonter.com\/shopnoithat\/wp-content\/uploads\/2017\/06\/shoe-rack-open-300x300.jpg\" class=\"attachment-shop_catalog size-shop_catalog wp-post-image\" alt=\"\" loading=\"lazy\" srcset=\"\/\/themex.myonter.com\/shopnoithat\/wp-content\/uploads\/2017\/06\/shoe-rack-open-300x300.jpg 300w, \/\/themex.myonter.com\/shopnoithat\/wp-content\/uploads\/2017\/06\/shoe-rack-open-280x280.jpg 280w, \/\/themex.myonter.com\/shopnoithat\/wp-content\/uploads\/2017\/06\/shoe-rack-open-400x400.jpg 400w, \/\/themex.myonter.com\/shopnoithat\/wp-content\/uploads\/2017\/06\/shoe-rack-open-180x180.jpg 180w, \/\/themex.myonter.com\/shopnoithat\/wp-content\/uploads\/2017\/06\/shoe-rack-open.jpg 420w\" sizes=\"(max-width: 300px) 100vw, 300px\" \/><img width=\"400\" height=\"277\" src=\"https:\/\/themex.myonter.com\/shopnoithat\/wp-content\/uploads\/2017\/06\/resizeimage-1.png\" class=\"show-on-hover absolute fill hide-for-small back-image\" alt=\"\" loading=\"lazy\" \/>\t\t\t\t<\/a>\n\t\t\t<\/div>\n\t\t\t<div class=\"image-tools is-small top right show-on-hover\">\n\t\t\t\t\t\t\t<\/div>\n\t\t\t<div class=\"image-tools is-small hide-for-small bottom left show-on-hover\">\n\t\t\t\t\t\t\t<\/div>\n\t\t\t<div class=\"image-tools grid-tools text-center hide-for-small bottom hover-slide-in show-on-hover\">\n\t\t\t\t\t\t\t<\/div>\n\t\t\t\t\t<\/div><!-- box-image -->\n\n\t\t<div class=\"box-text box-text-products text-center grid-style-2\">\n\t\t\t<div class=\"title-wrapper\"><p class=\"name product-title\"><a href=\"https:\/\/themex.myonter.com\/shopnoithat\/shop\/bo-dieu-khien-trung-tam\">B\u1ed9 \u0111i\u1ec1u khi\u1ec3n trung t\u00e2m KG872344<\/a><\/p><\/div><div class=\"price-wrapper\">\n\t<span class=\"price\"><span class=\"woocommerce-Price-amount amount\">5,000,000<span class=\"woocommerce-Price-currencySymbol\">&#8363;<\/span><\/span><\/span>\n<\/div>\t\t<\/div><!-- box-text -->\n\t<\/div><!-- box -->\n\t\t<\/div><!-- .col-inner -->\n<\/div><!-- col -->\n\n\t\t\t\t\n\t\t\t\t\t\n<div class=\"product-small col has-hover post-710 product type-product status-publish has-post-thumbnail product_cat-phong-khach first instock shipping-taxable purchasable product-type-simple\">\n\t<div class=\"col-inner\">\n\t\n<div class=\"badge-container absolute left top z-1\">\n<\/div>\n\t<div class=\"product-small box \">\n\t\t<div class=\"box-image\">\n\t\t\t<div class=\"image-fade_in_back\">\n\t\t\t\t<a href=\"https:\/\/themex.myonter.com\/shopnoithat\/shop\/thiet-bi-bat-tat-den-thong-minh-sh-d2\">\n\t\t\t\t\t<img width=\"300\" height=\"300\" src=\"\/\/themex.myonter.com\/shopnoithat\/wp-content\/uploads\/2017\/06\/127078484912161-300x300.jpg\" class=\"attachment-shop_catalog size-shop_catalog wp-post-image\" alt=\"\" loading=\"lazy\" srcset=\"\/\/themex.myonter.com\/shopnoithat\/wp-content\/uploads\/2017\/06\/127078484912161-300x300.jpg 300w, \/\/themex.myonter.com\/shopnoithat\/wp-content\/uploads\/2017\/06\/127078484912161-280x280.jpg 280w, \/\/themex.myonter.com\/shopnoithat\/wp-content\/uploads\/2017\/06\/127078484912161-400x400.jpg 400w, \/\/themex.myonter.com\/shopnoithat\/wp-content\/uploads\/2017\/06\/127078484912161-180x180.jpg 180w, \/\/themex.myonter.com\/shopnoithat\/wp-content\/uploads\/2017\/06\/127078484912161.jpg 446w\" sizes=\"(max-width: 300px) 100vw, 300px\" \/><img width=\"400\" height=\"250\" src=\"https:\/\/themex.myonter.com\/shopnoithat\/wp-content\/uploads\/2017\/06\/shd1d2d3.jpg\" class=\"show-on-hover absolute fill hide-for-small back-image\" alt=\"\" loading=\"lazy\" \/>\t\t\t\t<\/a>\n\t\t\t<\/div>\n\t\t\t<div class=\"image-tools is-small top right show-on-hover\">\n\t\t\t\t\t\t\t<\/div>\n\t\t\t<div class=\"image-tools is-small hide-for-small bottom left show-on-hover\">\n\t\t\t\t\t\t\t<\/div>\n\t\t\t<div class=\"image-tools grid-tools text-center hide-for-small bottom hover-slide-in show-on-hover\">\n\t\t\t\t\t\t\t<\/div>\n\t\t\t\t\t<\/div><!-- box-image -->\n\n\t\t<div class=\"box-text box-text-products text-center grid-style-2\">\n\t\t\t<div class=\"title-wrapper\"><p class=\"name product-title\"><a href=\"https:\/\/themex.myonter.com\/shopnoithat\/shop\/thiet-bi-bat-tat-den-thong-minh-sh-d2\">C\u00f4ng t\u1eafc \u0111\u00e8n th\u00f4ng minh GS3823<\/a><\/p><\/div><div class=\"price-wrapper\">\n\t<span class=\"price\"><span class=\"woocommerce-Price-amount amount\">2,300,000<span class=\"woocommerce-Price-currencySymbol\">&#8363;<\/span><\/span><\/span>\n<\/div>\t\t<\/div><!-- box-text -->\n\t<\/div><!-- box -->\n\t\t<\/div><!-- .col-inner -->\n<\/div><!-- col -->\n\n\t\t\t\t\n\t\t\t\t\t\n<div class=\"product-small col has-hover post-704 product type-product status-publish has-post-thumbnail product_cat-thiet-bi-bep last instock shipping-taxable purchasable product-type-simple\">\n\t<div class=\"col-inner\">\n\t\n<div class=\"badge-container absolute left top z-1\">\n<\/div>\n\t<div class=\"product-small box \">\n\t\t<div class=\"box-image\">\n\t\t\t<div class=\"image-fade_in_back\">\n\t\t\t\t<a href=\"https:\/\/themex.myonter.com\/shopnoithat\/shop\/may-hut-mui-canzy-cz-3388-7090\">\n\t\t\t\t\t<img width=\"300\" height=\"300\" src=\"\/\/themex.myonter.com\/shopnoithat\/wp-content\/uploads\/2017\/06\/may-khu-mui-nha-bep-sevilla-sv-3388-90-300x300.jpg\" class=\"attachment-shop_catalog size-shop_catalog wp-post-image\" alt=\"\" loading=\"lazy\" srcset=\"\/\/themex.myonter.com\/shopnoithat\/wp-content\/uploads\/2017\/06\/may-khu-mui-nha-bep-sevilla-sv-3388-90-300x300.jpg 300w, \/\/themex.myonter.com\/shopnoithat\/wp-content\/uploads\/2017\/06\/may-khu-mui-nha-bep-sevilla-sv-3388-90-280x280.jpg 280w, \/\/themex.myonter.com\/shopnoithat\/wp-content\/uploads\/2017\/06\/may-khu-mui-nha-bep-sevilla-sv-3388-90-180x180.jpg 180w, \/\/themex.myonter.com\/shopnoithat\/wp-content\/uploads\/2017\/06\/may-khu-mui-nha-bep-sevilla-sv-3388-90-600x600.jpg 600w\" sizes=\"(max-width: 300px) 100vw, 300px\" \/><img width=\"300\" height=\"300\" src=\"https:\/\/themex.myonter.com\/shopnoithat\/wp-content\/uploads\/2017\/06\/may-khu-mui-nha-bep-sevilla-sv-3388-90-300x300.jpg\" class=\"show-on-hover absolute fill hide-for-small back-image\" alt=\"\" loading=\"lazy\" srcset=\"https:\/\/themex.myonter.com\/shopnoithat\/wp-content\/uploads\/2017\/06\/may-khu-mui-nha-bep-sevilla-sv-3388-90-300x300.jpg 300w, https:\/\/themex.myonter.com\/shopnoithat\/wp-content\/uploads\/2017\/06\/may-khu-mui-nha-bep-sevilla-sv-3388-90-280x280.jpg 280w, https:\/\/themex.myonter.com\/shopnoithat\/wp-content\/uploads\/2017\/06\/may-khu-mui-nha-bep-sevilla-sv-3388-90-180x180.jpg 180w, https:\/\/themex.myonter.com\/shopnoithat\/wp-content\/uploads\/2017\/06\/may-khu-mui-nha-bep-sevilla-sv-3388-90-600x600.jpg 600w\" sizes=\"(max-width: 300px) 100vw, 300px\" \/>\t\t\t\t<\/a>\n\t\t\t<\/div>\n\t\t\t<div class=\"image-tools is-small top right show-on-hover\">\n\t\t\t\t\t\t\t<\/div>\n\t\t\t<div class=\"image-tools is-small hide-for-small bottom left show-on-hover\">\n\t\t\t\t\t\t\t<\/div>\n\t\t\t<div class=\"image-tools grid-tools text-center hide-for-small bottom hover-slide-in show-on-hover\">\n\t\t\t\t\t\t\t<\/div>\n\t\t\t\t\t<\/div><!-- box-image -->\n\n\t\t<div class=\"box-text box-text-products text-center grid-style-2\">\n\t\t\t<div class=\"title-wrapper\"><p class=\"name product-title\"><a href=\"https:\/\/themex.myonter.com\/shopnoithat\/shop\/may-hut-mui-canzy-cz-3388-7090\">M\u00e1y h\u00fat m\u00f9i Canzy CZ-3388-70\/90 098933<\/a><\/p><\/div><div class=\"price-wrapper\">\n\t<span class=\"price\"><span class=\"woocommerce-Price-amount amount\">6,200,000<span class=\"woocommerce-Price-currencySymbol\">&#8363;<\/span><\/span><\/span>\n<\/div>\t\t<\/div><!-- box-text -->\n\t<\/div><!-- box -->\n\t\t<\/div><!-- .col-inner -->\n<\/div><!-- col -->\n\n\t\t\t\t\n\t\t\t\t\t\n<div class=\"product-small col has-hover post-702 product type-product status-publish has-post-thumbnail product_cat-thiet-bi-bep first instock shipping-taxable purchasable product-type-simple\">\n\t<div class=\"col-inner\">\n\t\n<div class=\"badge-container absolute left top z-1\">\n<\/div>\n\t<div class=\"product-small box \">\n\t\t<div class=\"box-image\">\n\t\t\t<div class=\"image-fade_in_back\">\n\t\t\t\t<a href=\"https:\/\/themex.myonter.com\/shopnoithat\/shop\/may-hut-mui-giovani-g70-prs\">\n\t\t\t\t\t<img width=\"300\" height=\"300\" src=\"\/\/themex.myonter.com\/shopnoithat\/wp-content\/uploads\/2017\/06\/giovani-300x300.jpg\" class=\"attachment-shop_catalog size-shop_catalog wp-post-image\" alt=\"\" loading=\"lazy\" srcset=\"\/\/themex.myonter.com\/shopnoithat\/wp-content\/uploads\/2017\/06\/giovani-300x300.jpg 300w, \/\/themex.myonter.com\/shopnoithat\/wp-content\/uploads\/2017\/06\/giovani-280x280.jpg 280w, \/\/themex.myonter.com\/shopnoithat\/wp-content\/uploads\/2017\/06\/giovani-400x400.jpg 400w, \/\/themex.myonter.com\/shopnoithat\/wp-content\/uploads\/2017\/06\/giovani-180x180.jpg 180w, \/\/themex.myonter.com\/shopnoithat\/wp-content\/uploads\/2017\/06\/giovani.jpg 446w\" sizes=\"(max-width: 300px) 100vw, 300px\" \/><img width=\"446\" height=\"446\" src=\"https:\/\/themex.myonter.com\/shopnoithat\/wp-content\/uploads\/2017\/06\/giovani.jpg\" class=\"show-on-hover absolute fill hide-for-small back-image\" alt=\"\" loading=\"lazy\" srcset=\"https:\/\/themex.myonter.com\/shopnoithat\/wp-content\/uploads\/2017\/06\/giovani.jpg 446w, https:\/\/themex.myonter.com\/shopnoithat\/wp-content\/uploads\/2017\/06\/giovani-280x280.jpg 280w, https:\/\/themex.myonter.com\/shopnoithat\/wp-content\/uploads\/2017\/06\/giovani-400x400.jpg 400w, https:\/\/themex.myonter.com\/shopnoithat\/wp-content\/uploads\/2017\/06\/giovani-180x180.jpg 180w, https:\/\/themex.myonter.com\/shopnoithat\/wp-content\/uploads\/2017\/06\/giovani-300x300.jpg 300w\" sizes=\"(max-width: 446px) 100vw, 446px\" \/>\t\t\t\t<\/a>\n\t\t\t<\/div>\n\t\t\t<div class=\"image-tools is-small top right show-on-hover\">\n\t\t\t\t\t\t\t<\/div>\n\t\t\t<div class=\"image-tools is-small hide-for-small bottom left show-on-hover\">\n\t\t\t\t\t\t\t<\/div>\n\t\t\t<div class=\"image-tools grid-tools text-center hide-for-small bottom hover-slide-in show-on-hover\">\n\t\t\t\t\t\t\t<\/div>\n\t\t\t\t\t<\/div><!-- box-image -->\n\n\t\t<div class=\"box-text box-text-products text-center grid-style-2\">\n\t\t\t<div class=\"title-wrapper\"><p class=\"name product-title\"><a href=\"https:\/\/themex.myonter.com\/shopnoithat\/shop\/may-hut-mui-giovani-g70-prs\">M\u00e1y h\u00fat m\u00f9i Giovani G70 PRS FK37393<\/a><\/p><\/div><div class=\"price-wrapper\">\n\t<span class=\"price\"><span class=\"woocommerce-Price-amount amount\">5,600,000<span class=\"woocommerce-Price-currencySymbol\">&#8363;<\/span><\/span><\/span>\n<\/div>\t\t<\/div><!-- box-text -->\n\t<\/div><!-- box -->\n\t\t<\/div><!-- .col-inner -->\n<\/div><!-- col -->\n\n\t\t\t\t\n\t\t\t\t\t\n<div class=\"product-small col has-hover post-686 product type-product status-publish has-post-thumbnail product_cat-thiet-bi-bep last instock shipping-taxable purchasable product-type-simple\">\n\t<div class=\"col-inner\">\n\t\n<div class=\"badge-container absolute left top z-1\">\n<\/div>\n\t<div class=\"product-small box \">\n\t\t<div class=\"box-image\">\n\t\t\t<div class=\"image-fade_in_back\">\n\t\t\t\t<a href=\"https:\/\/themex.myonter.com\/shopnoithat\/shop\/bep-ga-am-kinh-kaff-kf-321\">\n\t\t\t\t\t<img width=\"300\" height=\"300\" src=\"\/\/themex.myonter.com\/shopnoithat\/wp-content\/uploads\/2017\/06\/bep01-300x300.jpg\" class=\"attachment-shop_catalog size-shop_catalog wp-post-image\" alt=\"\" loading=\"lazy\" srcset=\"\/\/themex.myonter.com\/shopnoithat\/wp-content\/uploads\/2017\/06\/bep01-300x300.jpg 300w, \/\/themex.myonter.com\/shopnoithat\/wp-content\/uploads\/2017\/06\/bep01-280x280.jpg 280w, \/\/themex.myonter.com\/shopnoithat\/wp-content\/uploads\/2017\/06\/bep01-400x400.jpg 400w, \/\/themex.myonter.com\/shopnoithat\/wp-content\/uploads\/2017\/06\/bep01-180x180.jpg 180w, \/\/themex.myonter.com\/shopnoithat\/wp-content\/uploads\/2017\/06\/bep01.jpg 446w\" sizes=\"(max-width: 300px) 100vw, 300px\" \/><img width=\"446\" height=\"446\" src=\"https:\/\/themex.myonter.com\/shopnoithat\/wp-content\/uploads\/2017\/06\/bep01.jpg\" class=\"show-on-hover absolute fill hide-for-small back-image\" alt=\"\" loading=\"lazy\" srcset=\"https:\/\/themex.myonter.com\/shopnoithat\/wp-content\/uploads\/2017\/06\/bep01.jpg 446w, https:\/\/themex.myonter.com\/shopnoithat\/wp-content\/uploads\/2017\/06\/bep01-280x280.jpg 280w, https:\/\/themex.myonter.com\/shopnoithat\/wp-content\/uploads\/2017\/06\/bep01-400x400.jpg 400w, https:\/\/themex.myonter.com\/shopnoithat\/wp-content\/uploads\/2017\/06\/bep01-180x180.jpg 180w, https:\/\/themex.myonter.com\/shopnoithat\/wp-content\/uploads\/2017\/06\/bep01-300x300.jpg 300w\" sizes=\"(max-width: 446px) 100vw, 446px\" \/>\t\t\t\t<\/a>\n\t\t\t<\/div>\n\t\t\t<div class=\"image-tools is-small top right show-on-hover\">\n\t\t\t\t\t\t\t<\/div>\n\t\t\t<div class=\"image-tools is-small hide-for-small bottom left show-on-hover\">\n\t\t\t\t\t\t\t<\/div>\n\t\t\t<div class=\"image-tools grid-tools text-center hide-for-small bottom hover-slide-in show-on-hover\">\n\t\t\t\t\t\t\t<\/div>\n\t\t\t\t\t<\/div><!-- box-image -->\n\n\t\t<div class=\"box-text box-text-products text-center grid-style-2\">\n\t\t\t<div class=\"title-wrapper\"><p class=\"name product-title\"><a href=\"https:\/\/themex.myonter.com\/shopnoithat\/shop\/bep-ga-am-kinh-kaff-kf-321\">B\u1ebfp ga \u00e2m k\u00ednh KAFF KF-321 ch\u1ea5t l\u01b0\u1ee3ng cao<\/a><\/p><\/div><div class=\"price-wrapper\">\n\t<span class=\"price\"><span class=\"woocommerce-Price-amount amount\">6,000,000<span class=\"woocommerce-Price-currencySymbol\">&#8363;<\/span><\/span><\/span>\n<\/div>\t\t<\/div><!-- box-text -->\n\t<\/div><!-- box -->\n\t\t<\/div><!-- .col-inner -->\n<\/div><!-- col -->\n\n\t\t\t\t\n\t\t\t<\/div><!-- row -->\n\t\t\t\n\t\t\t<\/div>\n<\/div><\/div>\n\n<style scope=\"scope\">\n\n<\/style>\n<\/div>\n","protected":false},"excerpt":{"rendered":"<p>Ch\u1ea5t li\u1ec7u: \u0110\u01b0\u1ee3c l\u00e0m t\u1eeb \u0111\u1ea5t s\u00e9t nung, d\u01b0\u1edbi b\u00e0n tay kh\u00e9o l\u00e9o c\u1ee7a c\u00e1c ngh\u1ec7 nh\u00e2n \u0111\u00e3 t\u1ea1o ra nh\u1eefng s\u1ea3n ph\u1ea9m v\u00f4 c\u00f9ng phong ph\u00fa \u0111a d\u1ea1ng. C\u00e1ch l\u00e0m: T\u1eeb kh\u00e2u l\u00e0m \u0111\u1ea5t \u0111\u1ebfn kh\u00e2u t\u1ea1o h\u00ecnh s\u1ea3n ph\u1ea9m&#8230;<\/p>\n","protected":false},"featured_media":630,"comment_status":"open","ping_status":"closed","template":"","meta":[],"_links":{"self":[{"href":"https:\/\/themex.myonter.com\/shopnoithat\/wp-json\/wp\/v2\/product\/625"}],"collection":[{"href":"https:\/\/themex.myonter.com\/shopnoithat\/wp-json\/wp\/v2\/product"}],"about":[{"href":"https:\/\/themex.myonter.com\/shopnoithat\/wp-json\/wp\/v2\/types\/product"}],"replies":[{"embeddable":true,"href":"https:\/\/themex.myonter.com\/shopnoithat\/wp-json\/wp\/v2\/comments?post=625"}],"wp:featuredmedia":[{"embeddable":true,"href":"https:\/\/themex.myonter.com\/shopnoithat\/wp-json\/wp\/v2\/media\/630"}],"wp:attachment":[{"href":"https:\/\/themex.myonter.com\/shopnoithat\/wp-json\/wp\/v2\/media?parent=625"}],"curies":[{"name":"wp","href":"https:\/\/api.w.org\/{rel}","templated":true}]}}