{"id":702,"date":"2017-06-14T14:28:09","date_gmt":"2017-06-14T07:28:09","guid":{"rendered":"#\/w\/shopnoithat\/?post_type=product&#038;p=702"},"modified":"2017-06-14T16:51:23","modified_gmt":"2017-06-14T09:51:23","slug":"may-hut-mui-giovani-g70-prs","status":"publish","type":"product","link":"https:\/\/themex.myonter.com\/shopnoithat\/shop\/may-hut-mui-giovani-g70-prs","title":{"rendered":"M\u00e1y h\u00fat m\u00f9i Giovani G70 PRS FK37393"},"content":{"rendered":"<div class=\"row row-large row-divided\"  id=\"row-767667670\">\n<div class=\"col medium-8 small-12 large-8\"  ><div class=\"col-inner\"  >\n<p><strong>M\u00e1y h\u00fat m\u00f9i Giovani G 70 PRS<\/strong><\/p>\n<p>&#8211; Th\u00e2n m\u00e1y: Inox 201 + k\u00ednh<\/p>\n<p>&#8211; S\u1ed1 l\u01b0\u1ee3ng m\u00f4 t\u01a1: 1<\/p>\n<p>&#8211; S\u1ed1 t\u1ed1c \u0111\u1ed9: 3<\/p>\n<p>&#8211; S\u1ed1 \u0111\u00e8n ( Hallogen ) 2 x 5W<\/p>\n<p>&#8211; M\u00e0ng l\u1ecdc: Nh\u00f4m + than<\/p>\n<p>&#8211; Chi\u1ec1u ngang m\u00e1y: 70 cm<\/p>\n<p>&#8211; Chi\u1ec1u ngang-d\u00e0i th\u00e2n m\u00e1y: 292\/495-990mm<\/p>\n<p>&#8211; C\u00f4ng xu\u1ea5t h\u00fat: 1000 m3\/h<\/p>\n<p>&#8211; \u0110\u1ed9 \u1ed3n t\u1ed1i \u0111a: 45 dB<\/p>\n<p>&#8211; C\u00f4ng xu\u1ea5t \u0111\u1ed9ng c\u01a1: 1 x 200 W<\/p>\n<\/div><\/div>\n<div class=\"col medium-4 small-12 large-4\"  ><div class=\"col-inner\"  >\n<h3>S\u1ea3n ph\u1ea9m m\u1edbi c\u1eadp nh\u1eadt<\/h3>\n<div class=\"woocommerce columns-2\">\n\t\t\t\n\t\t\t\t<div class=\"products row row-small large-columns-2 medium-columns-3 small-columns-2 has-shadow row-box-shadow-2 row-box-shadow-1-hover\">\n\t\n\t\t\t\t\n\t\t\t\t\t\n<div class=\"product-small col has-hover post-899 product type-product status-publish has-post-thumbnail first instock shipping-taxable purchasable product-type-simple\">\n\t<div class=\"col-inner\">\n\t\n<div class=\"badge-container absolute left top z-1\">\n<\/div>\n\t<div class=\"product-small box \">\n\t\t<div class=\"box-image\">\n\t\t\t<div class=\"image-fade_in_back\">\n\t\t\t\t<a href=\"https:\/\/themex.myonter.com\/shopnoithat\/shop\/bo-dieu-khien-trung-tam-kg872344\">\n\t\t\t\t\t<img width=\"300\" height=\"277\" src=\"\/\/themex.myonter.com\/shopnoithat\/wp-content\/uploads\/2017\/06\/resizeimage-1-300x277.png\" class=\"attachment-shop_catalog size-shop_catalog wp-post-image\" alt=\"\" loading=\"lazy\" \/><img width=\"400\" height=\"277\" src=\"https:\/\/themex.myonter.com\/shopnoithat\/wp-content\/uploads\/2017\/06\/resizeimage-1.png\" class=\"show-on-hover absolute fill hide-for-small back-image\" alt=\"\" loading=\"lazy\" \/>\t\t\t\t<\/a>\n\t\t\t<\/div>\n\t\t\t<div class=\"image-tools is-small top right show-on-hover\">\n\t\t\t\t\t\t\t<\/div>\n\t\t\t<div class=\"image-tools is-small hide-for-small bottom left show-on-hover\">\n\t\t\t\t\t\t\t<\/div>\n\t\t\t<div class=\"image-tools grid-tools text-center hide-for-small bottom hover-slide-in show-on-hover\">\n\t\t\t\t\t\t\t<\/div>\n\t\t\t\t\t<\/div><!-- box-image -->\n\n\t\t<div class=\"box-text box-text-products text-center grid-style-2\">\n\t\t\t<div class=\"title-wrapper\"><p class=\"name product-title\"><a href=\"https:\/\/themex.myonter.com\/shopnoithat\/shop\/bo-dieu-khien-trung-tam-kg872344\">B\u1ed9 \u0111i\u1ec1u khi\u1ec3n trung t\u00e2m KG872344<\/a><\/p><\/div><div class=\"price-wrapper\">\n\t<span class=\"price\"><span class=\"woocommerce-Price-amount amount\">5,000,000<span class=\"woocommerce-Price-currencySymbol\">&#8363;<\/span><\/span><\/span>\n<\/div>\t\t<\/div><!-- box-text -->\n\t<\/div><!-- box -->\n\t\t<\/div><!-- .col-inner -->\n<\/div><!-- col -->\n\n\t\t\t\t\n\t\t\t\t\t\n<div class=\"product-small col has-hover post-712 product type-product status-publish has-post-thumbnail product_cat-phong-khach last instock shipping-taxable purchasable product-type-simple\">\n\t<div class=\"col-inner\">\n\t\n<div class=\"badge-container absolute left top z-1\">\n<\/div>\n\t<div class=\"product-small box \">\n\t\t<div class=\"box-image\">\n\t\t\t<div class=\"image-fade_in_back\">\n\t\t\t\t<a href=\"https:\/\/themex.myonter.com\/shopnoithat\/shop\/bo-dieu-khien-trung-tam\">\n\t\t\t\t\t<img width=\"300\" height=\"300\" src=\"\/\/themex.myonter.com\/shopnoithat\/wp-content\/uploads\/2017\/06\/shoe-rack-open-300x300.jpg\" class=\"attachment-shop_catalog size-shop_catalog wp-post-image\" alt=\"\" loading=\"lazy\" srcset=\"\/\/themex.myonter.com\/shopnoithat\/wp-content\/uploads\/2017\/06\/shoe-rack-open-300x300.jpg 300w, \/\/themex.myonter.com\/shopnoithat\/wp-content\/uploads\/2017\/06\/shoe-rack-open-280x280.jpg 280w, \/\/themex.myonter.com\/shopnoithat\/wp-content\/uploads\/2017\/06\/shoe-rack-open-400x400.jpg 400w, \/\/themex.myonter.com\/shopnoithat\/wp-content\/uploads\/2017\/06\/shoe-rack-open-180x180.jpg 180w, \/\/themex.myonter.com\/shopnoithat\/wp-content\/uploads\/2017\/06\/shoe-rack-open.jpg 420w\" sizes=\"(max-width: 300px) 100vw, 300px\" \/><img width=\"400\" height=\"277\" src=\"https:\/\/themex.myonter.com\/shopnoithat\/wp-content\/uploads\/2017\/06\/resizeimage-1.png\" class=\"show-on-hover absolute fill hide-for-small back-image\" alt=\"\" loading=\"lazy\" \/>\t\t\t\t<\/a>\n\t\t\t<\/div>\n\t\t\t<div class=\"image-tools is-small top right show-on-hover\">\n\t\t\t\t\t\t\t<\/div>\n\t\t\t<div class=\"image-tools is-small hide-for-small bottom left show-on-hover\">\n\t\t\t\t\t\t\t<\/div>\n\t\t\t<div class=\"image-tools grid-tools text-center hide-for-small bottom hover-slide-in show-on-hover\">\n\t\t\t\t\t\t\t<\/div>\n\t\t\t\t\t<\/div><!-- box-image -->\n\n\t\t<div class=\"box-text box-text-products text-center grid-style-2\">\n\t\t\t<div class=\"title-wrapper\"><p class=\"name product-title\"><a href=\"https:\/\/themex.myonter.com\/shopnoithat\/shop\/bo-dieu-khien-trung-tam\">B\u1ed9 \u0111i\u1ec1u khi\u1ec3n trung t\u00e2m KG872344<\/a><\/p><\/div><div class=\"price-wrapper\">\n\t<span class=\"price\"><span class=\"woocommerce-Price-amount amount\">5,000,000<span class=\"woocommerce-Price-currencySymbol\">&#8363;<\/span><\/span><\/span>\n<\/div>\t\t<\/div><!-- box-text -->\n\t<\/div><!-- box -->\n\t\t<\/div><!-- .col-inner -->\n<\/div><!-- col -->\n\n\t\t\t\t\n\t\t\t\t\t\n<div class=\"product-small col has-hover post-710 product type-product status-publish has-post-thumbnail product_cat-phong-khach first instock shipping-taxable purchasable product-type-simple\">\n\t<div class=\"col-inner\">\n\t\n<div class=\"badge-container absolute left top z-1\">\n<\/div>\n\t<div class=\"product-small box \">\n\t\t<div class=\"box-image\">\n\t\t\t<div class=\"image-fade_in_back\">\n\t\t\t\t<a href=\"https:\/\/themex.myonter.com\/shopnoithat\/shop\/thiet-bi-bat-tat-den-thong-minh-sh-d2\">\n\t\t\t\t\t<img width=\"300\" height=\"300\" src=\"\/\/themex.myonter.com\/shopnoithat\/wp-content\/uploads\/2017\/06\/127078484912161-300x300.jpg\" class=\"attachment-shop_catalog size-shop_catalog wp-post-image\" alt=\"\" loading=\"lazy\" srcset=\"\/\/themex.myonter.com\/shopnoithat\/wp-content\/uploads\/2017\/06\/127078484912161-300x300.jpg 300w, \/\/themex.myonter.com\/shopnoithat\/wp-content\/uploads\/2017\/06\/127078484912161-280x280.jpg 280w, \/\/themex.myonter.com\/shopnoithat\/wp-content\/uploads\/2017\/06\/127078484912161-400x400.jpg 400w, \/\/themex.myonter.com\/shopnoithat\/wp-content\/uploads\/2017\/06\/127078484912161-180x180.jpg 180w, \/\/themex.myonter.com\/shopnoithat\/wp-content\/uploads\/2017\/06\/127078484912161.jpg 446w\" sizes=\"(max-width: 300px) 100vw, 300px\" \/><img width=\"400\" height=\"250\" src=\"https:\/\/themex.myonter.com\/shopnoithat\/wp-content\/uploads\/2017\/06\/shd1d2d3.jpg\" class=\"show-on-hover absolute fill hide-for-small back-image\" alt=\"\" loading=\"lazy\" \/>\t\t\t\t<\/a>\n\t\t\t<\/div>\n\t\t\t<div class=\"image-tools is-small top right show-on-hover\">\n\t\t\t\t\t\t\t<\/div>\n\t\t\t<div class=\"image-tools is-small hide-for-small bottom left show-on-hover\">\n\t\t\t\t\t\t\t<\/div>\n\t\t\t<div class=\"image-tools grid-tools text-center hide-for-small bottom hover-slide-in show-on-hover\">\n\t\t\t\t\t\t\t<\/div>\n\t\t\t\t\t<\/div><!-- box-image -->\n\n\t\t<div class=\"box-text box-text-products text-center grid-style-2\">\n\t\t\t<div class=\"title-wrapper\"><p class=\"name product-title\"><a href=\"https:\/\/themex.myonter.com\/shopnoithat\/shop\/thiet-bi-bat-tat-den-thong-minh-sh-d2\">C\u00f4ng t\u1eafc \u0111\u00e8n th\u00f4ng minh GS3823<\/a><\/p><\/div><div class=\"price-wrapper\">\n\t<span class=\"price\"><span class=\"woocommerce-Price-amount amount\">2,300,000<span class=\"woocommerce-Price-currencySymbol\">&#8363;<\/span><\/span><\/span>\n<\/div>\t\t<\/div><!-- box-text -->\n\t<\/div><!-- box -->\n\t\t<\/div><!-- .col-inner -->\n<\/div><!-- col -->\n\n\t\t\t\t\n\t\t\t\t\t\n<div class=\"product-small col has-hover post-704 product type-product status-publish has-post-thumbnail product_cat-thiet-bi-bep last instock shipping-taxable purchasable product-type-simple\">\n\t<div class=\"col-inner\">\n\t\n<div class=\"badge-container absolute left top z-1\">\n<\/div>\n\t<div class=\"product-small box \">\n\t\t<div class=\"box-image\">\n\t\t\t<div class=\"image-fade_in_back\">\n\t\t\t\t<a href=\"https:\/\/themex.myonter.com\/shopnoithat\/shop\/may-hut-mui-canzy-cz-3388-7090\">\n\t\t\t\t\t<img width=\"300\" height=\"300\" src=\"\/\/themex.myonter.com\/shopnoithat\/wp-content\/uploads\/2017\/06\/may-khu-mui-nha-bep-sevilla-sv-3388-90-300x300.jpg\" class=\"attachment-shop_catalog size-shop_catalog wp-post-image\" alt=\"\" loading=\"lazy\" srcset=\"\/\/themex.myonter.com\/shopnoithat\/wp-content\/uploads\/2017\/06\/may-khu-mui-nha-bep-sevilla-sv-3388-90-300x300.jpg 300w, \/\/themex.myonter.com\/shopnoithat\/wp-content\/uploads\/2017\/06\/may-khu-mui-nha-bep-sevilla-sv-3388-90-280x280.jpg 280w, \/\/themex.myonter.com\/shopnoithat\/wp-content\/uploads\/2017\/06\/may-khu-mui-nha-bep-sevilla-sv-3388-90-180x180.jpg 180w, \/\/themex.myonter.com\/shopnoithat\/wp-content\/uploads\/2017\/06\/may-khu-mui-nha-bep-sevilla-sv-3388-90-600x600.jpg 600w\" sizes=\"(max-width: 300px) 100vw, 300px\" \/><img width=\"300\" height=\"300\" src=\"https:\/\/themex.myonter.com\/shopnoithat\/wp-content\/uploads\/2017\/06\/may-khu-mui-nha-bep-sevilla-sv-3388-90-300x300.jpg\" class=\"show-on-hover absolute fill hide-for-small back-image\" alt=\"\" loading=\"lazy\" srcset=\"https:\/\/themex.myonter.com\/shopnoithat\/wp-content\/uploads\/2017\/06\/may-khu-mui-nha-bep-sevilla-sv-3388-90-300x300.jpg 300w, https:\/\/themex.myonter.com\/shopnoithat\/wp-content\/uploads\/2017\/06\/may-khu-mui-nha-bep-sevilla-sv-3388-90-280x280.jpg 280w, https:\/\/themex.myonter.com\/shopnoithat\/wp-content\/uploads\/2017\/06\/may-khu-mui-nha-bep-sevilla-sv-3388-90-180x180.jpg 180w, https:\/\/themex.myonter.com\/shopnoithat\/wp-content\/uploads\/2017\/06\/may-khu-mui-nha-bep-sevilla-sv-3388-90-600x600.jpg 600w\" sizes=\"(max-width: 300px) 100vw, 300px\" \/>\t\t\t\t<\/a>\n\t\t\t<\/div>\n\t\t\t<div class=\"image-tools is-small top right show-on-hover\">\n\t\t\t\t\t\t\t<\/div>\n\t\t\t<div class=\"image-tools is-small hide-for-small bottom left show-on-hover\">\n\t\t\t\t\t\t\t<\/div>\n\t\t\t<div class=\"image-tools grid-tools text-center hide-for-small bottom hover-slide-in show-on-hover\">\n\t\t\t\t\t\t\t<\/div>\n\t\t\t\t\t<\/div><!-- box-image -->\n\n\t\t<div class=\"box-text box-text-products text-center grid-style-2\">\n\t\t\t<div class=\"title-wrapper\"><p class=\"name product-title\"><a href=\"https:\/\/themex.myonter.com\/shopnoithat\/shop\/may-hut-mui-canzy-cz-3388-7090\">M\u00e1y h\u00fat m\u00f9i Canzy CZ-3388-70\/90 098933<\/a><\/p><\/div><div class=\"price-wrapper\">\n\t<span class=\"price\"><span class=\"woocommerce-Price-amount amount\">6,200,000<span class=\"woocommerce-Price-currencySymbol\">&#8363;<\/span><\/span><\/span>\n<\/div>\t\t<\/div><!-- box-text -->\n\t<\/div><!-- box -->\n\t\t<\/div><!-- .col-inner -->\n<\/div><!-- col -->\n\n\t\t\t\t\n\t\t\t\t\t\n<div class=\"product-small col has-hover post-702 product type-product status-publish has-post-thumbnail product_cat-thiet-bi-bep first instock shipping-taxable purchasable product-type-simple\">\n\t<div class=\"col-inner\">\n\t\n<div class=\"badge-container absolute left top z-1\">\n<\/div>\n\t<div class=\"product-small box \">\n\t\t<div class=\"box-image\">\n\t\t\t<div class=\"image-fade_in_back\">\n\t\t\t\t<a href=\"https:\/\/themex.myonter.com\/shopnoithat\/shop\/may-hut-mui-giovani-g70-prs\">\n\t\t\t\t\t<img width=\"300\" height=\"300\" src=\"\/\/themex.myonter.com\/shopnoithat\/wp-content\/uploads\/2017\/06\/giovani-300x300.jpg\" class=\"attachment-shop_catalog size-shop_catalog wp-post-image\" alt=\"\" loading=\"lazy\" srcset=\"\/\/themex.myonter.com\/shopnoithat\/wp-content\/uploads\/2017\/06\/giovani-300x300.jpg 300w, \/\/themex.myonter.com\/shopnoithat\/wp-content\/uploads\/2017\/06\/giovani-280x280.jpg 280w, \/\/themex.myonter.com\/shopnoithat\/wp-content\/uploads\/2017\/06\/giovani-400x400.jpg 400w, \/\/themex.myonter.com\/shopnoithat\/wp-content\/uploads\/2017\/06\/giovani-180x180.jpg 180w, \/\/themex.myonter.com\/shopnoithat\/wp-content\/uploads\/2017\/06\/giovani.jpg 446w\" sizes=\"(max-width: 300px) 100vw, 300px\" \/><img width=\"446\" height=\"446\" src=\"https:\/\/themex.myonter.com\/shopnoithat\/wp-content\/uploads\/2017\/06\/giovani.jpg\" class=\"show-on-hover absolute fill hide-for-small back-image\" alt=\"\" loading=\"lazy\" srcset=\"https:\/\/themex.myonter.com\/shopnoithat\/wp-content\/uploads\/2017\/06\/giovani.jpg 446w, https:\/\/themex.myonter.com\/shopnoithat\/wp-content\/uploads\/2017\/06\/giovani-280x280.jpg 280w, https:\/\/themex.myonter.com\/shopnoithat\/wp-content\/uploads\/2017\/06\/giovani-400x400.jpg 400w, https:\/\/themex.myonter.com\/shopnoithat\/wp-content\/uploads\/2017\/06\/giovani-180x180.jpg 180w, https:\/\/themex.myonter.com\/shopnoithat\/wp-content\/uploads\/2017\/06\/giovani-300x300.jpg 300w\" sizes=\"(max-width: 446px) 100vw, 446px\" \/>\t\t\t\t<\/a>\n\t\t\t<\/div>\n\t\t\t<div class=\"image-tools is-small top right show-on-hover\">\n\t\t\t\t\t\t\t<\/div>\n\t\t\t<div class=\"image-tools is-small hide-for-small bottom left show-on-hover\">\n\t\t\t\t\t\t\t<\/div>\n\t\t\t<div class=\"image-tools grid-tools text-center hide-for-small bottom hover-slide-in show-on-hover\">\n\t\t\t\t\t\t\t<\/div>\n\t\t\t\t\t<\/div><!-- box-image -->\n\n\t\t<div class=\"box-text box-text-products text-center grid-style-2\">\n\t\t\t<div class=\"title-wrapper\"><p class=\"name product-title\"><a href=\"https:\/\/themex.myonter.com\/shopnoithat\/shop\/may-hut-mui-giovani-g70-prs\">M\u00e1y h\u00fat m\u00f9i Giovani G70 PRS FK37393<\/a><\/p><\/div><div class=\"price-wrapper\">\n\t<span class=\"price\"><span class=\"woocommerce-Price-amount amount\">5,600,000<span class=\"woocommerce-Price-currencySymbol\">&#8363;<\/span><\/span><\/span>\n<\/div>\t\t<\/div><!-- box-text -->\n\t<\/div><!-- box -->\n\t\t<\/div><!-- .col-inner -->\n<\/div><!-- col -->\n\n\t\t\t\t\n\t\t\t\t\t\n<div class=\"product-small col has-hover post-686 product type-product status-publish has-post-thumbnail product_cat-thiet-bi-bep last instock shipping-taxable purchasable product-type-simple\">\n\t<div class=\"col-inner\">\n\t\n<div class=\"badge-container absolute left top z-1\">\n<\/div>\n\t<div class=\"product-small box \">\n\t\t<div class=\"box-image\">\n\t\t\t<div class=\"image-fade_in_back\">\n\t\t\t\t<a href=\"https:\/\/themex.myonter.com\/shopnoithat\/shop\/bep-ga-am-kinh-kaff-kf-321\">\n\t\t\t\t\t<img width=\"300\" height=\"300\" src=\"\/\/themex.myonter.com\/shopnoithat\/wp-content\/uploads\/2017\/06\/bep01-300x300.jpg\" class=\"attachment-shop_catalog size-shop_catalog wp-post-image\" alt=\"\" loading=\"lazy\" srcset=\"\/\/themex.myonter.com\/shopnoithat\/wp-content\/uploads\/2017\/06\/bep01-300x300.jpg 300w, \/\/themex.myonter.com\/shopnoithat\/wp-content\/uploads\/2017\/06\/bep01-280x280.jpg 280w, \/\/themex.myonter.com\/shopnoithat\/wp-content\/uploads\/2017\/06\/bep01-400x400.jpg 400w, \/\/themex.myonter.com\/shopnoithat\/wp-content\/uploads\/2017\/06\/bep01-180x180.jpg 180w, \/\/themex.myonter.com\/shopnoithat\/wp-content\/uploads\/2017\/06\/bep01.jpg 446w\" sizes=\"(max-width: 300px) 100vw, 300px\" \/><img width=\"446\" height=\"446\" src=\"https:\/\/themex.myonter.com\/shopnoithat\/wp-content\/uploads\/2017\/06\/bep01.jpg\" class=\"show-on-hover absolute fill hide-for-small back-image\" alt=\"\" loading=\"lazy\" srcset=\"https:\/\/themex.myonter.com\/shopnoithat\/wp-content\/uploads\/2017\/06\/bep01.jpg 446w, https:\/\/themex.myonter.com\/shopnoithat\/wp-content\/uploads\/2017\/06\/bep01-280x280.jpg 280w, https:\/\/themex.myonter.com\/shopnoithat\/wp-content\/uploads\/2017\/06\/bep01-400x400.jpg 400w, https:\/\/themex.myonter.com\/shopnoithat\/wp-content\/uploads\/2017\/06\/bep01-180x180.jpg 180w, https:\/\/themex.myonter.com\/shopnoithat\/wp-content\/uploads\/2017\/06\/bep01-300x300.jpg 300w\" sizes=\"(max-width: 446px) 100vw, 446px\" \/>\t\t\t\t<\/a>\n\t\t\t<\/div>\n\t\t\t<div class=\"image-tools is-small top right show-on-hover\">\n\t\t\t\t\t\t\t<\/div>\n\t\t\t<div class=\"image-tools is-small hide-for-small bottom left show-on-hover\">\n\t\t\t\t\t\t\t<\/div>\n\t\t\t<div class=\"image-tools grid-tools text-center hide-for-small bottom hover-slide-in show-on-hover\">\n\t\t\t\t\t\t\t<\/div>\n\t\t\t\t\t<\/div><!-- box-image -->\n\n\t\t<div class=\"box-text box-text-products text-center grid-style-2\">\n\t\t\t<div class=\"title-wrapper\"><p class=\"name product-title\"><a href=\"https:\/\/themex.myonter.com\/shopnoithat\/shop\/bep-ga-am-kinh-kaff-kf-321\">B\u1ebfp ga \u00e2m k\u00ednh KAFF KF-321 ch\u1ea5t l\u01b0\u1ee3ng cao<\/a><\/p><\/div><div class=\"price-wrapper\">\n\t<span class=\"price\"><span class=\"woocommerce-Price-amount amount\">6,000,000<span class=\"woocommerce-Price-currencySymbol\">&#8363;<\/span><\/span><\/span>\n<\/div>\t\t<\/div><!-- box-text -->\n\t<\/div><!-- box -->\n\t\t<\/div><!-- .col-inner -->\n<\/div><!-- col -->\n\n\t\t\t\t\n\t\t\t<\/div><!-- row -->\n\t\t\t\n\t\t\t<\/div>\n<\/div><\/div>\n\n<style scope=\"scope\">\n\n<\/style>\n<\/div>\n","protected":false},"excerpt":{"rendered":"<p>M\u00e1y h\u00fat m\u00f9i Giovani G 70 PRS &#8211; Th\u00e2n m\u00e1y: Inox 201 + k\u00ednh &#8211; S\u1ed1 l\u01b0\u1ee3ng m\u00f4 t\u01a1: 1 &#8211; S\u1ed1 t\u1ed1c \u0111\u1ed9: 3 &#8211; S\u1ed1 \u0111\u00e8n ( Hallogen ) 2 x 5W &#8211; M\u00e0ng l\u1ecdc: Nh\u00f4m + than &#8211; Chi\u1ec1u ngang m\u00e1y: 70 cm&#8230;<\/p>\n","protected":false},"featured_media":703,"comment_status":"open","ping_status":"closed","template":"","meta":[],"_links":{"self":[{"href":"https:\/\/themex.myonter.com\/shopnoithat\/wp-json\/wp\/v2\/product\/702"}],"collection":[{"href":"https:\/\/themex.myonter.com\/shopnoithat\/wp-json\/wp\/v2\/product"}],"about":[{"href":"https:\/\/themex.myonter.com\/shopnoithat\/wp-json\/wp\/v2\/types\/product"}],"replies":[{"embeddable":true,"href":"https:\/\/themex.myonter.com\/shopnoithat\/wp-json\/wp\/v2\/comments?post=702"}],"wp:featuredmedia":[{"embeddable":true,"href":"https:\/\/themex.myonter.com\/shopnoithat\/wp-json\/wp\/v2\/media\/703"}],"wp:attachment":[{"href":"https:\/\/themex.myonter.com\/shopnoithat\/wp-json\/wp\/v2\/media?parent=702"}],"curies":[{"name":"wp","href":"https:\/\/api.w.org\/{rel}","templated":true}]}}